{"id":3775,"date":"2026-02-04T10:31:23","date_gmt":"2026-02-04T09:31:23","guid":{"rendered":"https:\/\/www.septembremusical.ch\/programme\/gautier-capucon-jerome-ducros\/"},"modified":"2026-02-17T15:01:41","modified_gmt":"2026-02-17T14:01:41","slug":"gautier-capucon-jerome-ducros","status":"publish","type":"concert","link":"https:\/\/www.septembremusical.ch\/en\/program\/gautier-capucon-jerome-ducros\/","title":{"rendered":"GAUTIER CAPU\u00c7ON &#038; J\u00c9R\u00d4ME DUCROS"},"content":{"rendered":"<div class=\"the-content\"><p>Gautier Capu\u00e7on, superstar cellist, joins the talented J\u00e9r\u00f4me Ducros for an exceptional performance. Their close partnership breathes life into Rachmaninoff\u2019s\u00a0<em>Sonata for cello and piano<\/em>, a brilliant masterpiece showcasing the instruments\u2019 beauty and expression. Then, Piazzolla\u2019s\u00a0<em>Grand Tango<\/em>\u00a0takes centre stage, where the cello transforms into a dancer. Between spellbinding lyricism and frenetic rhythms, two artists at the height of their craft deliver an evening of intense emotion.<\/p>\n<p>Evening ticket sales and accreditations: 1 hour before the concert begins.<br>\nDuration of the concert: approx. 1h30.<br>\nNo intermission.<\/p>\n<p><strong>PRICES (CHF)<\/strong><br>\nCat. A: 69.\u2013 | Cat. B: 59.\u2013 | Cat. C: 49.\u2013<br>\nYoung audience\/Students\/Apprentices: 10.\u2013<\/p>\n<\/div>","protected":false},"template":"","edition":[85],"class_list":["post-3775","concert","type-concert","status-publish","hentry","edition-85"],"acf":[],"yoast_head":"<!-- This site is optimized with the Yoast SEO Premium plugin v28.4 (Yoast SEO v28.4) - https:\/\/yoast.com\/product\/yoast-seo-premium-wordpress\/ -->\n<title>Gautier Capu\u00e7on &amp; J\u00e9r\u00f4me Ducros Concert - Septembre Musical<\/title>\n<meta name=\"description\" content=\"Superstar cellist Gautier Capu\u00e7on and pianist J\u00e9r\u00f4me Ducros perform Rachmaninoff and Piazzolla in an exceptional evening of music.\" \/>\n<meta name=\"robots\" content=\"index, follow, max-snippet:-1, max-image-preview:large, max-video-preview:-1\" \/>\n<link rel=\"canonical\" href=\"https:\/\/www.septembremusical.ch\/en\/program\/gautier-capucon-jerome-ducros\/\" \/>\n<meta property=\"og:locale\" content=\"en_CH\" \/>\n<meta property=\"og:type\" content=\"article\" \/>\n<meta property=\"og:title\" content=\"Gautier Capu\u00e7on &amp; J\u00e9r\u00f4me Ducros - Exceptional Cello &amp; Piano Performance\" \/>\n<meta property=\"og:description\" content=\"Don&#039;t miss superstar cellist Gautier Capu\u00e7on with pianist J\u00e9r\u00f4me Ducros performing Rachmaninoff&#039;s Sonata and Piazzolla&#039;s Grand Tango. An evening of intense emotion awaits!\" \/>\n<meta property=\"og:url\" content=\"https:\/\/www.septembremusical.ch\/en\/program\/gautier-capucon-jerome-ducros\/\" \/>\n<meta property=\"og:site_name\" content=\"Septembre Musical\" \/>\n<meta property=\"article:publisher\" content=\"https:\/\/www.facebook.com\/septmus\/\" \/>\n<meta property=\"article:modified_time\" content=\"2026-02-17T14:01:41+00:00\" \/>\n<meta name=\"twitter:card\" content=\"summary_large_image\" \/>\n<meta name=\"twitter:title\" content=\"GAUTIER CAPU\u00c7ON &amp; J\u00c9R\u00d4ME DUCROS\" \/>\n<script type=\"application\/ld+json\" class=\"yoast-schema-graph\">{\"@context\":\"https:\\\/\\\/schema.org\",\"@graph\":[{\"@type\":\"WebPage\",\"@id\":\"https:\\\/\\\/www.septembremusical.ch\\\/en\\\/program\\\/gautier-capucon-jerome-ducros\\\/\",\"url\":\"https:\\\/\\\/www.septembremusical.ch\\\/en\\\/program\\\/gautier-capucon-jerome-ducros\\\/\",\"name\":\"Gautier Capu\u00e7on & J\u00e9r\u00f4me Ducros Concert - Septembre Musical\",\"isPartOf\":{\"@id\":\"https:\\\/\\\/www.septembremusical.ch\\\/en\\\/#website\"},\"datePublished\":\"2026-02-04T09:31:23+00:00\",\"dateModified\":\"2026-02-17T14:01:41+00:00\",\"description\":\"Superstar cellist Gautier Capu\u00e7on and pianist J\u00e9r\u00f4me Ducros perform Rachmaninoff and Piazzolla in an exceptional evening of music.\",\"breadcrumb\":{\"@id\":\"https:\\\/\\\/www.septembremusical.ch\\\/en\\\/program\\\/gautier-capucon-jerome-ducros\\\/#breadcrumb\"},\"inLanguage\":\"en-US\",\"potentialAction\":[{\"@type\":\"ReadAction\",\"target\":[\"https:\\\/\\\/www.septembremusical.ch\\\/en\\\/program\\\/gautier-capucon-jerome-ducros\\\/\"]}]},{\"@type\":\"BreadcrumbList\",\"@id\":\"https:\\\/\\\/www.septembremusical.ch\\\/en\\\/program\\\/gautier-capucon-jerome-ducros\\\/#breadcrumb\",\"itemListElement\":[{\"@type\":\"ListItem\",\"position\":1,\"name\":\"Accueil\",\"item\":\"https:\\\/\\\/www.septembremusical.ch\\\/en\\\/\"},{\"@type\":\"ListItem\",\"position\":2,\"name\":\"GAUTIER CAPU\u00c7ON &#038; J\u00c9R\u00d4ME DUCROS\"}]},{\"@type\":\"WebSite\",\"@id\":\"https:\\\/\\\/www.septembremusical.ch\\\/en\\\/#website\",\"url\":\"https:\\\/\\\/www.septembremusical.ch\\\/en\\\/\",\"name\":\"Septembre Musical - Festival de musique classique en Suisse\",\"description\":\"\",\"publisher\":{\"@id\":\"https:\\\/\\\/www.septembremusical.ch\\\/en\\\/#organization\"},\"potentialAction\":[{\"@type\":\"SearchAction\",\"target\":{\"@type\":\"EntryPoint\",\"urlTemplate\":\"https:\\\/\\\/www.septembremusical.ch\\\/en\\\/?s={search_term_string}\"},\"query-input\":{\"@type\":\"PropertyValueSpecification\",\"valueRequired\":true,\"valueName\":\"search_term_string\"}}],\"inLanguage\":\"en-US\"},{\"@type\":\"Organization\",\"@id\":\"https:\\\/\\\/www.septembremusical.ch\\\/en\\\/#organization\",\"name\":\"Septembre Musical\",\"url\":\"https:\\\/\\\/www.septembremusical.ch\\\/en\\\/\",\"logo\":{\"@type\":\"ImageObject\",\"inLanguage\":\"en-US\",\"@id\":\"https:\\\/\\\/www.septembremusical.ch\\\/en\\\/#\\\/schema\\\/logo\\\/image\\\/\",\"url\":\"https:\\\/\\\/www.septembremusical.ch\\\/wp-content\\\/uploads\\\/2025\\\/12\\\/logo.svg\",\"contentUrl\":\"https:\\\/\\\/www.septembremusical.ch\\\/wp-content\\\/uploads\\\/2025\\\/12\\\/logo.svg\",\"caption\":\"Septembre Musical\"},\"image\":{\"@id\":\"https:\\\/\\\/www.septembremusical.ch\\\/en\\\/#\\\/schema\\\/logo\\\/image\\\/\"},\"sameAs\":[\"https:\\\/\\\/www.facebook.com\\\/septmus\\\/\",\"https:\\\/\\\/www.instagram.com\\\/septembremusical\\\/\",\"https:\\\/\\\/www.linkedin.com\\\/company\\\/septembre-musical\\\/\",\"https:\\\/\\\/www.youtube.com\\\/channel\\\/UCIMYgBp7KIFi-6TytkeiLEg\"],\"legalName\":\"Fondation Septembre Musical Montreux-Vevey\",\"contactPoint\":[{\"@type\":\"ContactPoint\",\"contactType\":\"customer service\",\"telephone\":\"+41 21 962 80 00\",\"email\":\"info@septembremusical.ch\",\"availableLanguage\":[\"French\",\"English\",\"German\"]},{\"@type\":\"ContactPoint\",\"contactType\":\"reservations\",\"telephone\":\"+41 21 962 80 05\",\"email\":\"billetterie@septembremusical.ch\",\"availableLanguage\":[\"French\",\"English\",\"German\"]}],\"address\":{\"@type\":\"PostalAddress\",\"addressCountry\":\"CH\",\"addressRegion\":\"VD\"}}]}<\/script>\n<meta property=\"og:video\" content=\"https:\/\/www.youtube.com\/embed\/YsHXme3tS0s\" \/>\n<meta property=\"og:video:type\" content=\"text\/html\" \/>\n<meta property=\"og:video:duration\" content=\"16\" \/>\n<meta property=\"og:video:width\" content=\"480\" \/>\n<meta property=\"og:video:height\" content=\"270\" \/>\n<meta property=\"ya:ovs:adult\" content=\"false\" \/>\n<meta property=\"ya:ovs:upload_date\" content=\"2026-02-04T09:31:23+00:00\" \/>\n<meta property=\"ya:ovs:allow_embed\" content=\"true\" \/>\n<!-- \/ Yoast SEO Premium plugin. -->","yoast_head_json":{"title":"Gautier Capu\u00e7on & J\u00e9r\u00f4me Ducros Concert - Septembre Musical","description":"Superstar cellist Gautier Capu\u00e7on and pianist J\u00e9r\u00f4me Ducros perform Rachmaninoff and Piazzolla in an exceptional evening of music.","robots":{"index":"index","follow":"follow","max-snippet":"max-snippet:-1","max-image-preview":"max-image-preview:large","max-video-preview":"max-video-preview:-1"},"canonical":"https:\/\/www.septembremusical.ch\/en\/program\/gautier-capucon-jerome-ducros\/","og_locale":"en_CH","og_type":"article","og_title":"Gautier Capu\u00e7on & J\u00e9r\u00f4me Ducros - Exceptional Cello & Piano Performance","og_description":"Don't miss superstar cellist Gautier Capu\u00e7on with pianist J\u00e9r\u00f4me Ducros performing Rachmaninoff's Sonata and Piazzolla's Grand Tango. An evening of intense emotion awaits!","og_url":"https:\/\/www.septembremusical.ch\/en\/program\/gautier-capucon-jerome-ducros\/","og_site_name":"Septembre Musical","article_publisher":"https:\/\/www.facebook.com\/septmus\/","article_modified_time":"2026-02-17T14:01:41+00:00","twitter_card":"summary_large_image","twitter_title":"GAUTIER CAPU\u00c7ON & J\u00c9R\u00d4ME DUCROS","schema":{"@context":"https:\/\/schema.org","@graph":[{"@type":"WebPage","@id":"https:\/\/www.septembremusical.ch\/en\/program\/gautier-capucon-jerome-ducros\/","url":"https:\/\/www.septembremusical.ch\/en\/program\/gautier-capucon-jerome-ducros\/","name":"Gautier Capu\u00e7on & J\u00e9r\u00f4me Ducros Concert - Septembre Musical","isPartOf":{"@id":"https:\/\/www.septembremusical.ch\/en\/#website"},"datePublished":"2026-02-04T09:31:23+00:00","dateModified":"2026-02-17T14:01:41+00:00","description":"Superstar cellist Gautier Capu\u00e7on and pianist J\u00e9r\u00f4me Ducros perform Rachmaninoff and Piazzolla in an exceptional evening of music.","breadcrumb":{"@id":"https:\/\/www.septembremusical.ch\/en\/program\/gautier-capucon-jerome-ducros\/#breadcrumb"},"inLanguage":"en-US","potentialAction":[{"@type":"ReadAction","target":["https:\/\/www.septembremusical.ch\/en\/program\/gautier-capucon-jerome-ducros\/"]}]},{"@type":"BreadcrumbList","@id":"https:\/\/www.septembremusical.ch\/en\/program\/gautier-capucon-jerome-ducros\/#breadcrumb","itemListElement":[{"@type":"ListItem","position":1,"name":"Accueil","item":"https:\/\/www.septembremusical.ch\/en\/"},{"@type":"ListItem","position":2,"name":"GAUTIER CAPU\u00c7ON &#038; J\u00c9R\u00d4ME DUCROS"}]},{"@type":"WebSite","@id":"https:\/\/www.septembremusical.ch\/en\/#website","url":"https:\/\/www.septembremusical.ch\/en\/","name":"Septembre Musical - Festival de musique classique en Suisse","description":"","publisher":{"@id":"https:\/\/www.septembremusical.ch\/en\/#organization"},"potentialAction":[{"@type":"SearchAction","target":{"@type":"EntryPoint","urlTemplate":"https:\/\/www.septembremusical.ch\/en\/?s={search_term_string}"},"query-input":{"@type":"PropertyValueSpecification","valueRequired":true,"valueName":"search_term_string"}}],"inLanguage":"en-US"},{"@type":"Organization","@id":"https:\/\/www.septembremusical.ch\/en\/#organization","name":"Septembre Musical","url":"https:\/\/www.septembremusical.ch\/en\/","logo":{"@type":"ImageObject","inLanguage":"en-US","@id":"https:\/\/www.septembremusical.ch\/en\/#\/schema\/logo\/image\/","url":"https:\/\/www.septembremusical.ch\/wp-content\/uploads\/2025\/12\/logo.svg","contentUrl":"https:\/\/www.septembremusical.ch\/wp-content\/uploads\/2025\/12\/logo.svg","caption":"Septembre Musical"},"image":{"@id":"https:\/\/www.septembremusical.ch\/en\/#\/schema\/logo\/image\/"},"sameAs":["https:\/\/www.facebook.com\/septmus\/","https:\/\/www.instagram.com\/septembremusical\/","https:\/\/www.linkedin.com\/company\/septembre-musical\/","https:\/\/www.youtube.com\/channel\/UCIMYgBp7KIFi-6TytkeiLEg"],"legalName":"Fondation Septembre Musical Montreux-Vevey","contactPoint":[{"@type":"ContactPoint","contactType":"customer service","telephone":"+41 21 962 80 00","email":"info@septembremusical.ch","availableLanguage":["French","English","German"]},{"@type":"ContactPoint","contactType":"reservations","telephone":"+41 21 962 80 05","email":"billetterie@septembremusical.ch","availableLanguage":["French","English","German"]}],"address":{"@type":"PostalAddress","addressCountry":"CH","addressRegion":"VD"}}]},"og_video":"https:\/\/www.youtube.com\/embed\/YsHXme3tS0s","og_video_type":"text\/html","og_video_duration":"16","og_video_width":"480","og_video_height":"270","ya_ovs_adult":"false","ya_ovs_upload_date":"2026-02-04T09:31:23+00:00","ya_ovs_allow_embed":"true"},"_links":{"self":[{"href":"https:\/\/www.septembremusical.ch\/en\/wp-json\/wp\/v2\/concerts\/3775","targetHints":{"allow":["GET"]}}],"collection":[{"href":"https:\/\/www.septembremusical.ch\/en\/wp-json\/wp\/v2\/concerts"}],"about":[{"href":"https:\/\/www.septembremusical.ch\/en\/wp-json\/wp\/v2\/types\/concert"}],"version-history":[{"count":0,"href":"https:\/\/www.septembremusical.ch\/en\/wp-json\/wp\/v2\/concerts\/3775\/revisions"}],"wp:attachment":[{"href":"https:\/\/www.septembremusical.ch\/en\/wp-json\/wp\/v2\/media?parent=3775"}],"wp:term":[{"taxonomy":"edition","embeddable":true,"href":"https:\/\/www.septembremusical.ch\/en\/wp-json\/wp\/v2\/edition?post=3775"}],"curies":[{"name":"wp","href":"https:\/\/api.w.org\/{rel}","templated":true}]}}

GAUTIER CAPUÇON &#038; JÉRÔME DUCROS

<div class="the-content"><p>Gautier Capuçon, superstar cellist, joins the talented Jérôme Ducros for an exceptional performance. Their close partnership breathes life into Rachmaninoff’s <em>Sonata for cello and piano</em>, a brilliant masterpiece showcasing the instruments’ beauty and expression. Then, Piazzolla’s <em>Grand Tango</em> takes centre stage, where the cello transforms into a dancer. Between spellbinding lyricism and frenetic rhythms, two artists at the height of their craft deliver an evening of intense emotion.</p>
<p>Evening ticket sales and accreditations: 1 hour before the concert begins.<br>
Duration of the concert: approx. 1h30.<br>
No intermission.</p>
<p><strong>PRICES (CHF)</strong><br>
Cat. A: 69.– | Cat. B: 59.– | Cat. C: 49.–<br>
Young audience/Students/Apprentices: 10.–</p>
</div>

<!-- This site is optimized with the Yoast SEO Premium plugin v28.4 (Yoast SEO v28.4) - https://yoast.com/product/yoast-seo-premium-wordpress/ -->
<title>Gautier Capuçon &amp; Jérôme Ducros Concert - Septembre Musical</title>
<meta name="description" content="Superstar cellist Gautier Capuçon and pianist Jérôme Ducros perform Rachmaninoff and Piazzolla in an exceptional evening of music." />
<meta name="robots" content="index, follow, max-snippet:-1, max-image-preview:large, max-video-preview:-1" />
<link rel="canonical" href="https://www.septembremusical.ch/en/program/gautier-capucon-jerome-ducros/" />
<meta property="og:locale" content="en_CH" />
<meta property="og:type" content="article" />
<meta property="og:title" content="Gautier Capuçon &amp; Jérôme Ducros - Exceptional Cello &amp; Piano Performance" />
<meta property="og:description" content="Don&#039;t miss superstar cellist Gautier Capuçon with pianist Jérôme Ducros performing Rachmaninoff&#039;s Sonata and Piazzolla&#039;s Grand Tango. An evening of intense emotion awaits!" />
<meta property="og:url" content="https://www.septembremusical.ch/en/program/gautier-capucon-jerome-ducros/" />
<meta property="og:site_name" content="Septembre Musical" />
<meta property="article:publisher" content="https://www.facebook.com/septmus/" />
<meta property="article:modified_time" content="2026-02-17T14:01:41+00:00" />
<meta name="twitter:card" content="summary_large_image" />
<meta name="twitter:title" content="GAUTIER CAPUÇON &amp; JÉRÔME DUCROS" />
<script type="application/ld+json" class="yoast-schema-graph">{"@context":"https:\/\/schema.org","@graph":[{"@type":"WebPage","@id":"https:\/\/www.septembremusical.ch\/en\/program\/gautier-capucon-jerome-ducros\/","url":"https:\/\/www.septembremusical.ch\/en\/program\/gautier-capucon-jerome-ducros\/","name":"Gautier Capuçon & Jérôme Ducros Concert - Septembre Musical","isPartOf":{"@id":"https:\/\/www.septembremusical.ch\/en\/#website"},"datePublished":"2026-02-04T09:31:23+00:00","dateModified":"2026-02-17T14:01:41+00:00","description":"Superstar cellist Gautier Capuçon and pianist Jérôme Ducros perform Rachmaninoff and Piazzolla in an exceptional evening of music.","breadcrumb":{"@id":"https:\/\/www.septembremusical.ch\/en\/program\/gautier-capucon-jerome-ducros\/#breadcrumb"},"inLanguage":"en-US","potentialAction":[{"@type":"ReadAction","target":["https:\/\/www.septembremusical.ch\/en\/program\/gautier-capucon-jerome-ducros\/"]}]},{"@type":"BreadcrumbList","@id":"https:\/\/www.septembremusical.ch\/en\/program\/gautier-capucon-jerome-ducros\/#breadcrumb","itemListElement":[{"@type":"ListItem","position":1,"name":"Accueil","item":"https:\/\/www.septembremusical.ch\/en\/"},{"@type":"ListItem","position":2,"name":"GAUTIER CAPUÇON &#038; JÉRÔME DUCROS"}]},{"@type":"WebSite","@id":"https:\/\/www.septembremusical.ch\/en\/#website","url":"https:\/\/www.septembremusical.ch\/en\/","name":"Septembre Musical - Festival de musique classique en Suisse","description":"","publisher":{"@id":"https:\/\/www.septembremusical.ch\/en\/#organization"},"potentialAction":[{"@type":"SearchAction","target":{"@type":"EntryPoint","urlTemplate":"https:\/\/www.septembremusical.ch\/en\/?s={search_term_string}"},"query-input":{"@type":"PropertyValueSpecification","valueRequired":true,"valueName":"search_term_string"}}],"inLanguage":"en-US"},{"@type":"Organization","@id":"https:\/\/www.septembremusical.ch\/en\/#organization","name":"Septembre Musical","url":"https:\/\/www.septembremusical.ch\/en\/","logo":{"@type":"ImageObject","inLanguage":"en-US","@id":"https:\/\/www.septembremusical.ch\/en\/#\/schema\/logo\/image\/","url":"https:\/\/www.septembremusical.ch\/wp-content\/uploads\/2025\/12\/logo.svg","contentUrl":"https:\/\/www.septembremusical.ch\/wp-content\/uploads\/2025\/12\/logo.svg","caption":"Septembre Musical"},"image":{"@id":"https:\/\/www.septembremusical.ch\/en\/#\/schema\/logo\/image\/"},"sameAs":["https:\/\/www.facebook.com\/septmus\/","https:\/\/www.instagram.com\/septembremusical\/","https:\/\/www.linkedin.com\/company\/septembre-musical\/","https:\/\/www.youtube.com\/channel\/UCIMYgBp7KIFi-6TytkeiLEg"],"legalName":"Fondation Septembre Musical Montreux-Vevey","contactPoint":[{"@type":"ContactPoint","contactType":"customer service","telephone":"+41 21 962 80 00","email":"info@septembremusical.ch","availableLanguage":["French","English","German"]},{"@type":"ContactPoint","contactType":"reservations","telephone":"+41 21 962 80 05","email":"billetterie@septembremusical.ch","availableLanguage":["French","English","German"]}],"address":{"@type":"PostalAddress","addressCountry":"CH","addressRegion":"VD"}}]}</script>
<meta property="og:video" content="https://www.youtube.com/embed/YsHXme3tS0s" />
<meta property="og:video:type" content="text/html" />
<meta property="og:video:duration" content="16" />
<meta property="og:video:width" content="480" />
<meta property="og:video:height" content="270" />
<meta property="ya:ovs:adult" content="false" />
<meta property="ya:ovs:upload_date" content="2026-02-04T09:31:23+00:00" />
<meta property="ya:ovs:allow_embed" content="true" />
<!-- / Yoast SEO Premium plugin. -->

Gautier Capuçon & Jérôme Ducros Concert - Septembre Musical

Superstar cellist Gautier Capuçon and pianist Jérôme Ducros perform Rachmaninoff and Piazzolla in an exceptional evening of music.

Gautier Capuçon & Jérôme Ducros - Exceptional Cello & Piano Performance

Don't miss superstar cellist Gautier Capuçon with pianist Jérôme Ducros performing Rachmaninoff's Sonata and Piazzolla's Grand Tango. An evening of intense emotion awaits!

GAUTIER CAPUÇON & JÉRÔME DUCROS
