{"id":5950,"date":"2026-02-24T19:09:39","date_gmt":"2026-02-24T18:09:39","guid":{"rendered":"https:\/\/www.septembremusical.ch\/programme\/kirill-gerstein-brad-mehldau\/"},"modified":"2026-07-31T11:44:57","modified_gmt":"2026-07-31T09:44:57","slug":"kirill-gerstein-brad-mehldau","status":"publish","type":"concert","link":"https:\/\/www.septembremusical.ch\/de\/programm\/kirill-gerstein-brad-mehldau\/","title":{"rendered":"Kirill Gerstein &#038; Brad Mehldau"},"content":{"rendered":"<div class=\"the-content\"><p>In diesen musikalischen Dialogen im Konzert treten komponierte Musik und Improvisation in einen freien Austausch. Unter diesem Leitgedanken begegnen sich zwei Giganten des Klaviers: Kirill Gerstein, einer der f\u00fcnf weltweit bekanntesten klassischen Pianisten, und Brad Mehldau, \u00abder einflussreichste Jazzpianist der vergangenen 20 Jahre\u00bb. Von Bach bis Radiohead, von der Romantik bis zum zeitgen\u00f6ssischen Jazz \u00fcberwinden die beiden K\u00fcnstler die Grenzen zwischen Genres und Epochen. Eine tiefe musikalische Freundschaft bildet die Grundlage f\u00fcr einen inspirierenden und zutiefst menschlichen Austausch. Lassen Sie sich von dieser einzigartigen Entdeckungsreise mitreissen!<\/p>\n<\/div>","protected":false},"template":"","edition":[91],"class_list":["post-5950","concert","type-concert","status-publish","hentry","edition-91"],"acf":[],"yoast_head":"<!-- This site is optimized with the Yoast SEO Premium plugin v28.4 (Yoast SEO v28.4) - https:\/\/yoast.com\/product\/yoast-seo-premium-wordpress\/ -->\n<title>Kirill Gerstein &amp; Brad Mehldau im Dialog - Septembre Musical<\/title>\n<meta name=\"description\" content=\"Zwei Piano-Giganten treffen aufeinander: Klassik-Star Kirill Gerstein und Jazz-Legende Brad Mehldau. Von Bach bis Radiohead - ein Dialog.\" \/>\n<meta name=\"robots\" content=\"index, follow, max-snippet:-1, max-image-preview:large, max-video-preview:-1\" \/>\n<link rel=\"canonical\" href=\"https:\/\/www.septembremusical.ch\/de\/programm\/kirill-gerstein-brad-mehldau\/\" \/>\n<meta property=\"og:locale\" content=\"de_CH\" \/>\n<meta property=\"og:type\" content=\"article\" \/>\n<meta property=\"og:title\" content=\"Piano-Giganten im Dialog: Kirill Gerstein trifft Brad Mehldau\" \/>\n<meta property=\"og:description\" content=\"Eine au\u00dfergew\u00f6hnliche Begegnung zweier Klavier-Legenden: Klassik-Virtuose Kirill Gerstein und Jazz-Ikone Brad Mehldau verwischen die Grenzen zwischen den Genres. Von Bach bis Radiohead - erleben Sie diesen einzigartigen musikalischen Dialog!\" \/>\n<meta property=\"og:url\" content=\"https:\/\/www.septembremusical.ch\/de\/programm\/kirill-gerstein-brad-mehldau\/\" \/>\n<meta property=\"og:site_name\" content=\"Septembre Musical\" \/>\n<meta property=\"article:publisher\" content=\"https:\/\/www.facebook.com\/septmus\/\" \/>\n<meta property=\"article:modified_time\" content=\"2026-07-31T09:44:57+00:00\" \/>\n<meta name=\"twitter:card\" content=\"summary_large_image\" \/>\n<meta name=\"twitter:title\" content=\"Kirill Gerstein &amp; Brad Mehldau\" \/>\n<script type=\"application\/ld+json\" class=\"yoast-schema-graph\">{\"@context\":\"https:\\\/\\\/schema.org\",\"@graph\":[{\"@type\":\"WebPage\",\"@id\":\"https:\\\/\\\/www.septembremusical.ch\\\/de\\\/programm\\\/kirill-gerstein-brad-mehldau\\\/\",\"url\":\"https:\\\/\\\/www.septembremusical.ch\\\/de\\\/programm\\\/kirill-gerstein-brad-mehldau\\\/\",\"name\":\"Kirill Gerstein & Brad Mehldau im Dialog - Septembre Musical\",\"isPartOf\":{\"@id\":\"https:\\\/\\\/www.septembremusical.ch\\\/de\\\/#website\"},\"datePublished\":\"2026-02-24T18:09:39+00:00\",\"dateModified\":\"2026-07-31T09:44:57+00:00\",\"description\":\"Zwei Piano-Giganten treffen aufeinander: Klassik-Star Kirill Gerstein und Jazz-Legende Brad Mehldau. Von Bach bis Radiohead - ein Dialog.\",\"breadcrumb\":{\"@id\":\"https:\\\/\\\/www.septembremusical.ch\\\/de\\\/programm\\\/kirill-gerstein-brad-mehldau\\\/#breadcrumb\"},\"inLanguage\":\"de\",\"potentialAction\":[{\"@type\":\"ReadAction\",\"target\":[\"https:\\\/\\\/www.septembremusical.ch\\\/de\\\/programm\\\/kirill-gerstein-brad-mehldau\\\/\"]}]},{\"@type\":\"BreadcrumbList\",\"@id\":\"https:\\\/\\\/www.septembremusical.ch\\\/de\\\/programm\\\/kirill-gerstein-brad-mehldau\\\/#breadcrumb\",\"itemListElement\":[{\"@type\":\"ListItem\",\"position\":1,\"name\":\"Accueil\",\"item\":\"https:\\\/\\\/www.septembremusical.ch\\\/de\\\/\"},{\"@type\":\"ListItem\",\"position\":2,\"name\":\"Kirill Gerstein &#038; Brad Mehldau\"}]},{\"@type\":\"WebSite\",\"@id\":\"https:\\\/\\\/www.septembremusical.ch\\\/de\\\/#website\",\"url\":\"https:\\\/\\\/www.septembremusical.ch\\\/de\\\/\",\"name\":\"Septembre Musical - Festival de musique classique en Suisse\",\"description\":\"\",\"publisher\":{\"@id\":\"https:\\\/\\\/www.septembremusical.ch\\\/de\\\/#organization\"},\"potentialAction\":[{\"@type\":\"SearchAction\",\"target\":{\"@type\":\"EntryPoint\",\"urlTemplate\":\"https:\\\/\\\/www.septembremusical.ch\\\/de\\\/?s={search_term_string}\"},\"query-input\":{\"@type\":\"PropertyValueSpecification\",\"valueRequired\":true,\"valueName\":\"search_term_string\"}}],\"inLanguage\":\"de\"},{\"@type\":\"Organization\",\"@id\":\"https:\\\/\\\/www.septembremusical.ch\\\/de\\\/#organization\",\"name\":\"Septembre Musical\",\"url\":\"https:\\\/\\\/www.septembremusical.ch\\\/de\\\/\",\"logo\":{\"@type\":\"ImageObject\",\"inLanguage\":\"de\",\"@id\":\"https:\\\/\\\/www.septembremusical.ch\\\/de\\\/#\\\/schema\\\/logo\\\/image\\\/\",\"url\":\"https:\\\/\\\/www.septembremusical.ch\\\/wp-content\\\/uploads\\\/2025\\\/12\\\/logo.svg\",\"contentUrl\":\"https:\\\/\\\/www.septembremusical.ch\\\/wp-content\\\/uploads\\\/2025\\\/12\\\/logo.svg\",\"caption\":\"Septembre Musical\"},\"image\":{\"@id\":\"https:\\\/\\\/www.septembremusical.ch\\\/de\\\/#\\\/schema\\\/logo\\\/image\\\/\"},\"sameAs\":[\"https:\\\/\\\/www.facebook.com\\\/septmus\\\/\",\"https:\\\/\\\/www.instagram.com\\\/septembremusical\\\/\",\"https:\\\/\\\/www.linkedin.com\\\/company\\\/septembre-musical\\\/\",\"https:\\\/\\\/www.youtube.com\\\/channel\\\/UCIMYgBp7KIFi-6TytkeiLEg\"],\"legalName\":\"Fondation Septembre Musical Montreux-Vevey\",\"contactPoint\":[{\"@type\":\"ContactPoint\",\"contactType\":\"customer service\",\"telephone\":\"+41 21 962 80 00\",\"email\":\"info@septembremusical.ch\",\"availableLanguage\":[\"French\",\"English\",\"German\"]},{\"@type\":\"ContactPoint\",\"contactType\":\"reservations\",\"telephone\":\"+41 21 962 80 05\",\"email\":\"billetterie@septembremusical.ch\",\"availableLanguage\":[\"French\",\"English\",\"German\"]}],\"address\":{\"@type\":\"PostalAddress\",\"addressCountry\":\"CH\",\"addressRegion\":\"VD\"}}]}<\/script>\n<meta property=\"og:video\" content=\"https:\/\/www.youtube.com\/embed\/zJferx79YyU\" \/>\n<meta property=\"og:video:type\" content=\"text\/html\" \/>\n<meta property=\"og:video:duration\" content=\"1005\" \/>\n<meta property=\"og:video:width\" content=\"480\" \/>\n<meta property=\"og:video:height\" content=\"270\" \/>\n<meta property=\"ya:ovs:adult\" content=\"false\" \/>\n<meta property=\"ya:ovs:upload_date\" content=\"2026-02-24T18:09:39+00:00\" \/>\n<meta property=\"ya:ovs:allow_embed\" content=\"true\" \/>\n<!-- \/ Yoast SEO Premium plugin. -->","yoast_head_json":{"title":"Kirill Gerstein & Brad Mehldau im Dialog - Septembre Musical","description":"Zwei Piano-Giganten treffen aufeinander: Klassik-Star Kirill Gerstein und Jazz-Legende Brad Mehldau. Von Bach bis Radiohead - ein Dialog.","robots":{"index":"index","follow":"follow","max-snippet":"max-snippet:-1","max-image-preview":"max-image-preview:large","max-video-preview":"max-video-preview:-1"},"canonical":"https:\/\/www.septembremusical.ch\/de\/programm\/kirill-gerstein-brad-mehldau\/","og_locale":"de_CH","og_type":"article","og_title":"Piano-Giganten im Dialog: Kirill Gerstein trifft Brad Mehldau","og_description":"Eine au\u00dfergew\u00f6hnliche Begegnung zweier Klavier-Legenden: Klassik-Virtuose Kirill Gerstein und Jazz-Ikone Brad Mehldau verwischen die Grenzen zwischen den Genres. Von Bach bis Radiohead - erleben Sie diesen einzigartigen musikalischen Dialog!","og_url":"https:\/\/www.septembremusical.ch\/de\/programm\/kirill-gerstein-brad-mehldau\/","og_site_name":"Septembre Musical","article_publisher":"https:\/\/www.facebook.com\/septmus\/","article_modified_time":"2026-07-31T09:44:57+00:00","twitter_card":"summary_large_image","twitter_title":"Kirill Gerstein & Brad Mehldau","schema":{"@context":"https:\/\/schema.org","@graph":[{"@type":"WebPage","@id":"https:\/\/www.septembremusical.ch\/de\/programm\/kirill-gerstein-brad-mehldau\/","url":"https:\/\/www.septembremusical.ch\/de\/programm\/kirill-gerstein-brad-mehldau\/","name":"Kirill Gerstein & Brad Mehldau im Dialog - Septembre Musical","isPartOf":{"@id":"https:\/\/www.septembremusical.ch\/de\/#website"},"datePublished":"2026-02-24T18:09:39+00:00","dateModified":"2026-07-31T09:44:57+00:00","description":"Zwei Piano-Giganten treffen aufeinander: Klassik-Star Kirill Gerstein und Jazz-Legende Brad Mehldau. Von Bach bis Radiohead - ein Dialog.","breadcrumb":{"@id":"https:\/\/www.septembremusical.ch\/de\/programm\/kirill-gerstein-brad-mehldau\/#breadcrumb"},"inLanguage":"de","potentialAction":[{"@type":"ReadAction","target":["https:\/\/www.septembremusical.ch\/de\/programm\/kirill-gerstein-brad-mehldau\/"]}]},{"@type":"BreadcrumbList","@id":"https:\/\/www.septembremusical.ch\/de\/programm\/kirill-gerstein-brad-mehldau\/#breadcrumb","itemListElement":[{"@type":"ListItem","position":1,"name":"Accueil","item":"https:\/\/www.septembremusical.ch\/de\/"},{"@type":"ListItem","position":2,"name":"Kirill Gerstein &#038; Brad Mehldau"}]},{"@type":"WebSite","@id":"https:\/\/www.septembremusical.ch\/de\/#website","url":"https:\/\/www.septembremusical.ch\/de\/","name":"Septembre Musical - Festival de musique classique en Suisse","description":"","publisher":{"@id":"https:\/\/www.septembremusical.ch\/de\/#organization"},"potentialAction":[{"@type":"SearchAction","target":{"@type":"EntryPoint","urlTemplate":"https:\/\/www.septembremusical.ch\/de\/?s={search_term_string}"},"query-input":{"@type":"PropertyValueSpecification","valueRequired":true,"valueName":"search_term_string"}}],"inLanguage":"de"},{"@type":"Organization","@id":"https:\/\/www.septembremusical.ch\/de\/#organization","name":"Septembre Musical","url":"https:\/\/www.septembremusical.ch\/de\/","logo":{"@type":"ImageObject","inLanguage":"de","@id":"https:\/\/www.septembremusical.ch\/de\/#\/schema\/logo\/image\/","url":"https:\/\/www.septembremusical.ch\/wp-content\/uploads\/2025\/12\/logo.svg","contentUrl":"https:\/\/www.septembremusical.ch\/wp-content\/uploads\/2025\/12\/logo.svg","caption":"Septembre Musical"},"image":{"@id":"https:\/\/www.septembremusical.ch\/de\/#\/schema\/logo\/image\/"},"sameAs":["https:\/\/www.facebook.com\/septmus\/","https:\/\/www.instagram.com\/septembremusical\/","https:\/\/www.linkedin.com\/company\/septembre-musical\/","https:\/\/www.youtube.com\/channel\/UCIMYgBp7KIFi-6TytkeiLEg"],"legalName":"Fondation Septembre Musical Montreux-Vevey","contactPoint":[{"@type":"ContactPoint","contactType":"customer service","telephone":"+41 21 962 80 00","email":"info@septembremusical.ch","availableLanguage":["French","English","German"]},{"@type":"ContactPoint","contactType":"reservations","telephone":"+41 21 962 80 05","email":"billetterie@septembremusical.ch","availableLanguage":["French","English","German"]}],"address":{"@type":"PostalAddress","addressCountry":"CH","addressRegion":"VD"}}]},"og_video":"https:\/\/www.youtube.com\/embed\/zJferx79YyU","og_video_type":"text\/html","og_video_duration":"1005","og_video_width":"480","og_video_height":"270","ya_ovs_adult":"false","ya_ovs_upload_date":"2026-02-24T18:09:39+00:00","ya_ovs_allow_embed":"true"},"_links":{"self":[{"href":"https:\/\/www.septembremusical.ch\/de\/wp-json\/wp\/v2\/concerts\/5950","targetHints":{"allow":["GET"]}}],"collection":[{"href":"https:\/\/www.septembremusical.ch\/de\/wp-json\/wp\/v2\/concerts"}],"about":[{"href":"https:\/\/www.septembremusical.ch\/de\/wp-json\/wp\/v2\/types\/concert"}],"version-history":[{"count":0,"href":"https:\/\/www.septembremusical.ch\/de\/wp-json\/wp\/v2\/concerts\/5950\/revisions"}],"wp:attachment":[{"href":"https:\/\/www.septembremusical.ch\/de\/wp-json\/wp\/v2\/media?parent=5950"}],"wp:term":[{"taxonomy":"edition","embeddable":true,"href":"https:\/\/www.septembremusical.ch\/de\/wp-json\/wp\/v2\/edition?post=5950"}],"curies":[{"name":"wp","href":"https:\/\/api.w.org\/{rel}","templated":true}]}}

<div class="the-content"><p>In diesen musikalischen Dialogen im Konzert treten komponierte Musik und Improvisation in einen freien Austausch. Unter diesem Leitgedanken begegnen sich zwei Giganten des Klaviers: Kirill Gerstein, einer der fünf weltweit bekanntesten klassischen Pianisten, und Brad Mehldau, «der einflussreichste Jazzpianist der vergangenen 20 Jahre». Von Bach bis Radiohead, von der Romantik bis zum zeitgenössischen Jazz überwinden die beiden Künstler die Grenzen zwischen Genres und Epochen. Eine tiefe musikalische Freundschaft bildet die Grundlage für einen inspirierenden und zutiefst menschlichen Austausch. Lassen Sie sich von dieser einzigartigen Entdeckungsreise mitreissen!</p>
</div>

<!-- This site is optimized with the Yoast SEO Premium plugin v28.4 (Yoast SEO v28.4) - https://yoast.com/product/yoast-seo-premium-wordpress/ -->
<title>Kirill Gerstein &amp; Brad Mehldau im Dialog - Septembre Musical</title>
<meta name="description" content="Zwei Piano-Giganten treffen aufeinander: Klassik-Star Kirill Gerstein und Jazz-Legende Brad Mehldau. Von Bach bis Radiohead - ein Dialog." />
<meta name="robots" content="index, follow, max-snippet:-1, max-image-preview:large, max-video-preview:-1" />
<link rel="canonical" href="https://www.septembremusical.ch/de/programm/kirill-gerstein-brad-mehldau/" />
<meta property="og:locale" content="de_CH" />
<meta property="og:type" content="article" />
<meta property="og:title" content="Piano-Giganten im Dialog: Kirill Gerstein trifft Brad Mehldau" />
<meta property="og:description" content="Eine außergewöhnliche Begegnung zweier Klavier-Legenden: Klassik-Virtuose Kirill Gerstein und Jazz-Ikone Brad Mehldau verwischen die Grenzen zwischen den Genres. Von Bach bis Radiohead - erleben Sie diesen einzigartigen musikalischen Dialog!" />
<meta property="og:url" content="https://www.septembremusical.ch/de/programm/kirill-gerstein-brad-mehldau/" />
<meta property="og:site_name" content="Septembre Musical" />
<meta property="article:publisher" content="https://www.facebook.com/septmus/" />
<meta property="article:modified_time" content="2026-07-31T09:44:57+00:00" />
<meta name="twitter:card" content="summary_large_image" />
<meta name="twitter:title" content="Kirill Gerstein &amp; Brad Mehldau" />
<script type="application/ld+json" class="yoast-schema-graph">{"@context":"https:\/\/schema.org","@graph":[{"@type":"WebPage","@id":"https:\/\/www.septembremusical.ch\/de\/programm\/kirill-gerstein-brad-mehldau\/","url":"https:\/\/www.septembremusical.ch\/de\/programm\/kirill-gerstein-brad-mehldau\/","name":"Kirill Gerstein & Brad Mehldau im Dialog - Septembre Musical","isPartOf":{"@id":"https:\/\/www.septembremusical.ch\/de\/#website"},"datePublished":"2026-02-24T18:09:39+00:00","dateModified":"2026-07-31T09:44:57+00:00","description":"Zwei Piano-Giganten treffen aufeinander: Klassik-Star Kirill Gerstein und Jazz-Legende Brad Mehldau. Von Bach bis Radiohead - ein Dialog.","breadcrumb":{"@id":"https:\/\/www.septembremusical.ch\/de\/programm\/kirill-gerstein-brad-mehldau\/#breadcrumb"},"inLanguage":"de","potentialAction":[{"@type":"ReadAction","target":["https:\/\/www.septembremusical.ch\/de\/programm\/kirill-gerstein-brad-mehldau\/"]}]},{"@type":"BreadcrumbList","@id":"https:\/\/www.septembremusical.ch\/de\/programm\/kirill-gerstein-brad-mehldau\/#breadcrumb","itemListElement":[{"@type":"ListItem","position":1,"name":"Accueil","item":"https:\/\/www.septembremusical.ch\/de\/"},{"@type":"ListItem","position":2,"name":"Kirill Gerstein &#038; Brad Mehldau"}]},{"@type":"WebSite","@id":"https:\/\/www.septembremusical.ch\/de\/#website","url":"https:\/\/www.septembremusical.ch\/de\/","name":"Septembre Musical - Festival de musique classique en Suisse","description":"","publisher":{"@id":"https:\/\/www.septembremusical.ch\/de\/#organization"},"potentialAction":[{"@type":"SearchAction","target":{"@type":"EntryPoint","urlTemplate":"https:\/\/www.septembremusical.ch\/de\/?s={search_term_string}"},"query-input":{"@type":"PropertyValueSpecification","valueRequired":true,"valueName":"search_term_string"}}],"inLanguage":"de"},{"@type":"Organization","@id":"https:\/\/www.septembremusical.ch\/de\/#organization","name":"Septembre Musical","url":"https:\/\/www.septembremusical.ch\/de\/","logo":{"@type":"ImageObject","inLanguage":"de","@id":"https:\/\/www.septembremusical.ch\/de\/#\/schema\/logo\/image\/","url":"https:\/\/www.septembremusical.ch\/wp-content\/uploads\/2025\/12\/logo.svg","contentUrl":"https:\/\/www.septembremusical.ch\/wp-content\/uploads\/2025\/12\/logo.svg","caption":"Septembre Musical"},"image":{"@id":"https:\/\/www.septembremusical.ch\/de\/#\/schema\/logo\/image\/"},"sameAs":["https:\/\/www.facebook.com\/septmus\/","https:\/\/www.instagram.com\/septembremusical\/","https:\/\/www.linkedin.com\/company\/septembre-musical\/","https:\/\/www.youtube.com\/channel\/UCIMYgBp7KIFi-6TytkeiLEg"],"legalName":"Fondation Septembre Musical Montreux-Vevey","contactPoint":[{"@type":"ContactPoint","contactType":"customer service","telephone":"+41 21 962 80 00","email":"info@septembremusical.ch","availableLanguage":["French","English","German"]},{"@type":"ContactPoint","contactType":"reservations","telephone":"+41 21 962 80 05","email":"billetterie@septembremusical.ch","availableLanguage":["French","English","German"]}],"address":{"@type":"PostalAddress","addressCountry":"CH","addressRegion":"VD"}}]}</script>
<meta property="og:video" content="https://www.youtube.com/embed/zJferx79YyU" />
<meta property="og:video:type" content="text/html" />
<meta property="og:video:duration" content="1005" />
<meta property="og:video:width" content="480" />
<meta property="og:video:height" content="270" />
<meta property="ya:ovs:adult" content="false" />
<meta property="ya:ovs:upload_date" content="2026-02-24T18:09:39+00:00" />
<meta property="ya:ovs:allow_embed" content="true" />
<!-- / Yoast SEO Premium plugin. -->

Eine außergewöhnliche Begegnung zweier Klavier-Legenden: Klassik-Virtuose Kirill Gerstein und Jazz-Ikone Brad Mehldau verwischen die Grenzen zwischen den Genres. Von Bach bis Radiohead - erleben Sie diesen einzigartigen musikalischen Dialog!
