{"id":5946,"date":"2026-02-24T19:22:00","date_gmt":"2026-02-24T18:22:00","guid":{"rendered":"https:\/\/www.septembremusical.ch\/programme\/marina-viotti\/"},"modified":"2026-03-17T09:31:46","modified_gmt":"2026-03-17T08:31:46","slug":"marina-viotti","status":"publish","type":"concert","link":"https:\/\/www.septembremusical.ch\/de\/programm\/marina-viotti\/","title":{"rendered":"Marina Viotti"},"content":{"rendered":"<div class=\"the-content\"><p>Von Metal bis Barock. Marina Viotti, die \u201egotische Callas\u201d, die bei den Olympischen Spielen in Paris der Welt bekannt wurde und als erste Frau einen Grammy Award in der Kategorie \u201eMetal\u201d UND \u201eLyrische K\u00fcnstlerin des Jahres\u201d bei den Victoires gewann, schl\u00e4gt eine Br\u00fccke zwischen diesen beiden Kunstformen. Von Dowland \u00fcber Bj\u00f6rk und Nine Inch Nails bis hin zu Metallica erz\u00e4hlt sie von ihrem pers\u00f6nlichen Kampf gegen die Krankheit, einer Reise aus der Dunkelheit ins Licht. Mit ihrer sinnlichen Stimme, ihrer rockigen Energie und ihrer lyrischen Virtuosit\u00e4t zeigt sich die franz\u00f6sisch-schweizerische Mezzosopranistin, um die sich die Scala und die Op\u00e9ra de Paris rei\u00dfen, hier von ihrer authentischsten Seite.<\/p>\n<\/div>","protected":false},"template":"","edition":[91],"class_list":["post-5946","concert","type-concert","status-publish","hentry","edition-91"],"acf":[],"yoast_head":"<!-- This site is optimized with the Yoast SEO Premium plugin v28.4 (Yoast SEO v28.4) - https:\/\/yoast.com\/product\/yoast-seo-premium-wordpress\/ -->\n<title>Marina Viotti - Gothische Callas live - Septembre Musical<\/title>\n<meta name=\"description\" content=\"Marina Viotti, die &quot;gothische Callas&quot; und Grammy-Gewinnerin, verbindet Metall und Barock. Von Dowland bis Metallica - erleben Sie die Mezzo-Sopranistin live.\" \/>\n<meta name=\"robots\" content=\"index, follow, max-snippet:-1, max-image-preview:large, max-video-preview:-1\" \/>\n<link rel=\"canonical\" href=\"https:\/\/www.septembremusical.ch\/de\/programm\/marina-viotti\/\" \/>\n<meta property=\"og:locale\" content=\"de_CH\" \/>\n<meta property=\"og:type\" content=\"article\" \/>\n<meta property=\"og:title\" content=\"Marina Viotti: Die gothische Callas zwischen Metal und Oper\" \/>\n<meta property=\"og:description\" content=\"Entdecken Sie Marina Viotti, die erste Frau mit Grammy in Metal UND Oper-Kategorie. Die Franco-Schweizer Mezzo-Sopranistin erz\u00e4hlt ihren Kampf von der Dunkelheit ins Licht - mit Dowland, Metallica und Bj\u00f6rk.\" \/>\n<meta property=\"og:url\" content=\"https:\/\/www.septembremusical.ch\/de\/programm\/marina-viotti\/\" \/>\n<meta property=\"og:site_name\" content=\"Septembre Musical\" \/>\n<meta property=\"article:publisher\" content=\"https:\/\/www.facebook.com\/septmus\/\" \/>\n<meta property=\"article:modified_time\" content=\"2026-03-17T08:31:46+00:00\" \/>\n<meta name=\"twitter:card\" content=\"summary_large_image\" \/>\n<meta name=\"twitter:title\" content=\"Marina Viotti\" \/>\n<script type=\"application\/ld+json\" class=\"yoast-schema-graph\">{\"@context\":\"https:\\\/\\\/schema.org\",\"@graph\":[{\"@type\":\"WebPage\",\"@id\":\"https:\\\/\\\/www.septembremusical.ch\\\/de\\\/programm\\\/marina-viotti\\\/\",\"url\":\"https:\\\/\\\/www.septembremusical.ch\\\/de\\\/programm\\\/marina-viotti\\\/\",\"name\":\"Marina Viotti - Gothische Callas live - Septembre Musical\",\"isPartOf\":{\"@id\":\"https:\\\/\\\/www.septembremusical.ch\\\/de\\\/#website\"},\"datePublished\":\"2026-02-24T18:22:00+00:00\",\"dateModified\":\"2026-03-17T08:31:46+00:00\",\"description\":\"Marina Viotti, die \\\"gothische Callas\\\" und Grammy-Gewinnerin, verbindet Metall und Barock. Von Dowland bis Metallica - erleben Sie die Mezzo-Sopranistin live.\",\"breadcrumb\":{\"@id\":\"https:\\\/\\\/www.septembremusical.ch\\\/de\\\/programm\\\/marina-viotti\\\/#breadcrumb\"},\"inLanguage\":\"de\",\"potentialAction\":[{\"@type\":\"ReadAction\",\"target\":[\"https:\\\/\\\/www.septembremusical.ch\\\/de\\\/programm\\\/marina-viotti\\\/\"]}]},{\"@type\":\"BreadcrumbList\",\"@id\":\"https:\\\/\\\/www.septembremusical.ch\\\/de\\\/programm\\\/marina-viotti\\\/#breadcrumb\",\"itemListElement\":[{\"@type\":\"ListItem\",\"position\":1,\"name\":\"Accueil\",\"item\":\"https:\\\/\\\/www.septembremusical.ch\\\/de\\\/\"},{\"@type\":\"ListItem\",\"position\":2,\"name\":\"Marina Viotti\"}]},{\"@type\":\"WebSite\",\"@id\":\"https:\\\/\\\/www.septembremusical.ch\\\/de\\\/#website\",\"url\":\"https:\\\/\\\/www.septembremusical.ch\\\/de\\\/\",\"name\":\"Septembre Musical - Festival de musique classique en Suisse\",\"description\":\"\",\"publisher\":{\"@id\":\"https:\\\/\\\/www.septembremusical.ch\\\/de\\\/#organization\"},\"potentialAction\":[{\"@type\":\"SearchAction\",\"target\":{\"@type\":\"EntryPoint\",\"urlTemplate\":\"https:\\\/\\\/www.septembremusical.ch\\\/de\\\/?s={search_term_string}\"},\"query-input\":{\"@type\":\"PropertyValueSpecification\",\"valueRequired\":true,\"valueName\":\"search_term_string\"}}],\"inLanguage\":\"de\"},{\"@type\":\"Organization\",\"@id\":\"https:\\\/\\\/www.septembremusical.ch\\\/de\\\/#organization\",\"name\":\"Septembre Musical\",\"url\":\"https:\\\/\\\/www.septembremusical.ch\\\/de\\\/\",\"logo\":{\"@type\":\"ImageObject\",\"inLanguage\":\"de\",\"@id\":\"https:\\\/\\\/www.septembremusical.ch\\\/de\\\/#\\\/schema\\\/logo\\\/image\\\/\",\"url\":\"https:\\\/\\\/www.septembremusical.ch\\\/wp-content\\\/uploads\\\/2025\\\/12\\\/logo.svg\",\"contentUrl\":\"https:\\\/\\\/www.septembremusical.ch\\\/wp-content\\\/uploads\\\/2025\\\/12\\\/logo.svg\",\"caption\":\"Septembre Musical\"},\"image\":{\"@id\":\"https:\\\/\\\/www.septembremusical.ch\\\/de\\\/#\\\/schema\\\/logo\\\/image\\\/\"},\"sameAs\":[\"https:\\\/\\\/www.facebook.com\\\/septmus\\\/\",\"https:\\\/\\\/www.instagram.com\\\/septembremusical\\\/\",\"https:\\\/\\\/www.linkedin.com\\\/company\\\/septembre-musical\\\/\",\"https:\\\/\\\/www.youtube.com\\\/channel\\\/UCIMYgBp7KIFi-6TytkeiLEg\"],\"legalName\":\"Fondation Septembre Musical Montreux-Vevey\",\"contactPoint\":[{\"@type\":\"ContactPoint\",\"contactType\":\"customer service\",\"telephone\":\"+41 21 962 80 00\",\"email\":\"info@septembremusical.ch\",\"availableLanguage\":[\"French\",\"English\",\"German\"]},{\"@type\":\"ContactPoint\",\"contactType\":\"reservations\",\"telephone\":\"+41 21 962 80 05\",\"email\":\"billetterie@septembremusical.ch\",\"availableLanguage\":[\"French\",\"English\",\"German\"]}],\"address\":{\"@type\":\"PostalAddress\",\"addressCountry\":\"CH\",\"addressRegion\":\"VD\"}}]}<\/script>\n<meta property=\"og:video\" content=\"https:\/\/www.youtube.com\/embed\/00O-dmWMzOM\" \/>\n<meta property=\"og:video:type\" content=\"text\/html\" \/>\n<meta property=\"og:video:duration\" content=\"174\" \/>\n<meta property=\"og:video:width\" content=\"480\" \/>\n<meta property=\"og:video:height\" content=\"360\" \/>\n<meta property=\"ya:ovs:adult\" content=\"false\" \/>\n<meta property=\"ya:ovs:upload_date\" content=\"2026-02-24T18:22:00+00:00\" \/>\n<meta property=\"ya:ovs:allow_embed\" content=\"true\" \/>\n<!-- \/ Yoast SEO Premium plugin. -->","yoast_head_json":{"title":"Marina Viotti - Gothische Callas live - Septembre Musical","description":"Marina Viotti, die \"gothische Callas\" und Grammy-Gewinnerin, verbindet Metall und Barock. Von Dowland bis Metallica - erleben Sie die Mezzo-Sopranistin live.","robots":{"index":"index","follow":"follow","max-snippet":"max-snippet:-1","max-image-preview":"max-image-preview:large","max-video-preview":"max-video-preview:-1"},"canonical":"https:\/\/www.septembremusical.ch\/de\/programm\/marina-viotti\/","og_locale":"de_CH","og_type":"article","og_title":"Marina Viotti: Die gothische Callas zwischen Metal und Oper","og_description":"Entdecken Sie Marina Viotti, die erste Frau mit Grammy in Metal UND Oper-Kategorie. Die Franco-Schweizer Mezzo-Sopranistin erz\u00e4hlt ihren Kampf von der Dunkelheit ins Licht - mit Dowland, Metallica und Bj\u00f6rk.","og_url":"https:\/\/www.septembremusical.ch\/de\/programm\/marina-viotti\/","og_site_name":"Septembre Musical","article_publisher":"https:\/\/www.facebook.com\/septmus\/","article_modified_time":"2026-03-17T08:31:46+00:00","twitter_card":"summary_large_image","twitter_title":"Marina Viotti","schema":{"@context":"https:\/\/schema.org","@graph":[{"@type":"WebPage","@id":"https:\/\/www.septembremusical.ch\/de\/programm\/marina-viotti\/","url":"https:\/\/www.septembremusical.ch\/de\/programm\/marina-viotti\/","name":"Marina Viotti - Gothische Callas live - Septembre Musical","isPartOf":{"@id":"https:\/\/www.septembremusical.ch\/de\/#website"},"datePublished":"2026-02-24T18:22:00+00:00","dateModified":"2026-03-17T08:31:46+00:00","description":"Marina Viotti, die \"gothische Callas\" und Grammy-Gewinnerin, verbindet Metall und Barock. Von Dowland bis Metallica - erleben Sie die Mezzo-Sopranistin live.","breadcrumb":{"@id":"https:\/\/www.septembremusical.ch\/de\/programm\/marina-viotti\/#breadcrumb"},"inLanguage":"de","potentialAction":[{"@type":"ReadAction","target":["https:\/\/www.septembremusical.ch\/de\/programm\/marina-viotti\/"]}]},{"@type":"BreadcrumbList","@id":"https:\/\/www.septembremusical.ch\/de\/programm\/marina-viotti\/#breadcrumb","itemListElement":[{"@type":"ListItem","position":1,"name":"Accueil","item":"https:\/\/www.septembremusical.ch\/de\/"},{"@type":"ListItem","position":2,"name":"Marina Viotti"}]},{"@type":"WebSite","@id":"https:\/\/www.septembremusical.ch\/de\/#website","url":"https:\/\/www.septembremusical.ch\/de\/","name":"Septembre Musical - Festival de musique classique en Suisse","description":"","publisher":{"@id":"https:\/\/www.septembremusical.ch\/de\/#organization"},"potentialAction":[{"@type":"SearchAction","target":{"@type":"EntryPoint","urlTemplate":"https:\/\/www.septembremusical.ch\/de\/?s={search_term_string}"},"query-input":{"@type":"PropertyValueSpecification","valueRequired":true,"valueName":"search_term_string"}}],"inLanguage":"de"},{"@type":"Organization","@id":"https:\/\/www.septembremusical.ch\/de\/#organization","name":"Septembre Musical","url":"https:\/\/www.septembremusical.ch\/de\/","logo":{"@type":"ImageObject","inLanguage":"de","@id":"https:\/\/www.septembremusical.ch\/de\/#\/schema\/logo\/image\/","url":"https:\/\/www.septembremusical.ch\/wp-content\/uploads\/2025\/12\/logo.svg","contentUrl":"https:\/\/www.septembremusical.ch\/wp-content\/uploads\/2025\/12\/logo.svg","caption":"Septembre Musical"},"image":{"@id":"https:\/\/www.septembremusical.ch\/de\/#\/schema\/logo\/image\/"},"sameAs":["https:\/\/www.facebook.com\/septmus\/","https:\/\/www.instagram.com\/septembremusical\/","https:\/\/www.linkedin.com\/company\/septembre-musical\/","https:\/\/www.youtube.com\/channel\/UCIMYgBp7KIFi-6TytkeiLEg"],"legalName":"Fondation Septembre Musical Montreux-Vevey","contactPoint":[{"@type":"ContactPoint","contactType":"customer service","telephone":"+41 21 962 80 00","email":"info@septembremusical.ch","availableLanguage":["French","English","German"]},{"@type":"ContactPoint","contactType":"reservations","telephone":"+41 21 962 80 05","email":"billetterie@septembremusical.ch","availableLanguage":["French","English","German"]}],"address":{"@type":"PostalAddress","addressCountry":"CH","addressRegion":"VD"}}]},"og_video":"https:\/\/www.youtube.com\/embed\/00O-dmWMzOM","og_video_type":"text\/html","og_video_duration":"174","og_video_width":"480","og_video_height":"360","ya_ovs_adult":"false","ya_ovs_upload_date":"2026-02-24T18:22:00+00:00","ya_ovs_allow_embed":"true"},"_links":{"self":[{"href":"https:\/\/www.septembremusical.ch\/de\/wp-json\/wp\/v2\/concerts\/5946","targetHints":{"allow":["GET"]}}],"collection":[{"href":"https:\/\/www.septembremusical.ch\/de\/wp-json\/wp\/v2\/concerts"}],"about":[{"href":"https:\/\/www.septembremusical.ch\/de\/wp-json\/wp\/v2\/types\/concert"}],"version-history":[{"count":0,"href":"https:\/\/www.septembremusical.ch\/de\/wp-json\/wp\/v2\/concerts\/5946\/revisions"}],"wp:attachment":[{"href":"https:\/\/www.septembremusical.ch\/de\/wp-json\/wp\/v2\/media?parent=5946"}],"wp:term":[{"taxonomy":"edition","embeddable":true,"href":"https:\/\/www.septembremusical.ch\/de\/wp-json\/wp\/v2\/edition?post=5946"}],"curies":[{"name":"wp","href":"https:\/\/api.w.org\/{rel}","templated":true}]}}

<div class="the-content"><p>Von Metal bis Barock. Marina Viotti, die „gotische Callas”, die bei den Olympischen Spielen in Paris der Welt bekannt wurde und als erste Frau einen Grammy Award in der Kategorie „Metal” UND „Lyrische Künstlerin des Jahres” bei den Victoires gewann, schlägt eine Brücke zwischen diesen beiden Kunstformen. Von Dowland über Björk und Nine Inch Nails bis hin zu Metallica erzählt sie von ihrem persönlichen Kampf gegen die Krankheit, einer Reise aus der Dunkelheit ins Licht. Mit ihrer sinnlichen Stimme, ihrer rockigen Energie und ihrer lyrischen Virtuosität zeigt sich die französisch-schweizerische Mezzosopranistin, um die sich die Scala und die Opéra de Paris reißen, hier von ihrer authentischsten Seite.</p>
</div>

<!-- This site is optimized with the Yoast SEO Premium plugin v28.4 (Yoast SEO v28.4) - https://yoast.com/product/yoast-seo-premium-wordpress/ -->
<title>Marina Viotti - Gothische Callas live - Septembre Musical</title>
<meta name="description" content="Marina Viotti, die &quot;gothische Callas&quot; und Grammy-Gewinnerin, verbindet Metall und Barock. Von Dowland bis Metallica - erleben Sie die Mezzo-Sopranistin live." />
<meta name="robots" content="index, follow, max-snippet:-1, max-image-preview:large, max-video-preview:-1" />
<link rel="canonical" href="https://www.septembremusical.ch/de/programm/marina-viotti/" />
<meta property="og:locale" content="de_CH" />
<meta property="og:type" content="article" />
<meta property="og:title" content="Marina Viotti: Die gothische Callas zwischen Metal und Oper" />
<meta property="og:description" content="Entdecken Sie Marina Viotti, die erste Frau mit Grammy in Metal UND Oper-Kategorie. Die Franco-Schweizer Mezzo-Sopranistin erzählt ihren Kampf von der Dunkelheit ins Licht - mit Dowland, Metallica und Björk." />
<meta property="og:url" content="https://www.septembremusical.ch/de/programm/marina-viotti/" />
<meta property="og:site_name" content="Septembre Musical" />
<meta property="article:publisher" content="https://www.facebook.com/septmus/" />
<meta property="article:modified_time" content="2026-03-17T08:31:46+00:00" />
<meta name="twitter:card" content="summary_large_image" />
<meta name="twitter:title" content="Marina Viotti" />
<script type="application/ld+json" class="yoast-schema-graph">{"@context":"https:\/\/schema.org","@graph":[{"@type":"WebPage","@id":"https:\/\/www.septembremusical.ch\/de\/programm\/marina-viotti\/","url":"https:\/\/www.septembremusical.ch\/de\/programm\/marina-viotti\/","name":"Marina Viotti - Gothische Callas live - Septembre Musical","isPartOf":{"@id":"https:\/\/www.septembremusical.ch\/de\/#website"},"datePublished":"2026-02-24T18:22:00+00:00","dateModified":"2026-03-17T08:31:46+00:00","description":"Marina Viotti, die \"gothische Callas\" und Grammy-Gewinnerin, verbindet Metall und Barock. Von Dowland bis Metallica - erleben Sie die Mezzo-Sopranistin live.","breadcrumb":{"@id":"https:\/\/www.septembremusical.ch\/de\/programm\/marina-viotti\/#breadcrumb"},"inLanguage":"de","potentialAction":[{"@type":"ReadAction","target":["https:\/\/www.septembremusical.ch\/de\/programm\/marina-viotti\/"]}]},{"@type":"BreadcrumbList","@id":"https:\/\/www.septembremusical.ch\/de\/programm\/marina-viotti\/#breadcrumb","itemListElement":[{"@type":"ListItem","position":1,"name":"Accueil","item":"https:\/\/www.septembremusical.ch\/de\/"},{"@type":"ListItem","position":2,"name":"Marina Viotti"}]},{"@type":"WebSite","@id":"https:\/\/www.septembremusical.ch\/de\/#website","url":"https:\/\/www.septembremusical.ch\/de\/","name":"Septembre Musical - Festival de musique classique en Suisse","description":"","publisher":{"@id":"https:\/\/www.septembremusical.ch\/de\/#organization"},"potentialAction":[{"@type":"SearchAction","target":{"@type":"EntryPoint","urlTemplate":"https:\/\/www.septembremusical.ch\/de\/?s={search_term_string}"},"query-input":{"@type":"PropertyValueSpecification","valueRequired":true,"valueName":"search_term_string"}}],"inLanguage":"de"},{"@type":"Organization","@id":"https:\/\/www.septembremusical.ch\/de\/#organization","name":"Septembre Musical","url":"https:\/\/www.septembremusical.ch\/de\/","logo":{"@type":"ImageObject","inLanguage":"de","@id":"https:\/\/www.septembremusical.ch\/de\/#\/schema\/logo\/image\/","url":"https:\/\/www.septembremusical.ch\/wp-content\/uploads\/2025\/12\/logo.svg","contentUrl":"https:\/\/www.septembremusical.ch\/wp-content\/uploads\/2025\/12\/logo.svg","caption":"Septembre Musical"},"image":{"@id":"https:\/\/www.septembremusical.ch\/de\/#\/schema\/logo\/image\/"},"sameAs":["https:\/\/www.facebook.com\/septmus\/","https:\/\/www.instagram.com\/septembremusical\/","https:\/\/www.linkedin.com\/company\/septembre-musical\/","https:\/\/www.youtube.com\/channel\/UCIMYgBp7KIFi-6TytkeiLEg"],"legalName":"Fondation Septembre Musical Montreux-Vevey","contactPoint":[{"@type":"ContactPoint","contactType":"customer service","telephone":"+41 21 962 80 00","email":"info@septembremusical.ch","availableLanguage":["French","English","German"]},{"@type":"ContactPoint","contactType":"reservations","telephone":"+41 21 962 80 05","email":"billetterie@septembremusical.ch","availableLanguage":["French","English","German"]}],"address":{"@type":"PostalAddress","addressCountry":"CH","addressRegion":"VD"}}]}</script>
<meta property="og:video" content="https://www.youtube.com/embed/00O-dmWMzOM" />
<meta property="og:video:type" content="text/html" />
<meta property="og:video:duration" content="174" />
<meta property="og:video:width" content="480" />
<meta property="og:video:height" content="360" />
<meta property="ya:ovs:adult" content="false" />
<meta property="ya:ovs:upload_date" content="2026-02-24T18:22:00+00:00" />
<meta property="ya:ovs:allow_embed" content="true" />
<!-- / Yoast SEO Premium plugin. -->

Entdecken Sie Marina Viotti, die erste Frau mit Grammy in Metal UND Oper-Kategorie. Die Franco-Schweizer Mezzo-Sopranistin erzählt ihren Kampf von der Dunkelheit ins Licht - mit Dowland, Metallica und Björk.
