{"id":5943,"date":"2026-02-24T19:25:52","date_gmt":"2026-02-24T18:25:52","guid":{"rendered":"https:\/\/www.septembremusical.ch\/programme\/chaplins-world-gala\/"},"modified":"2026-05-21T08:44:18","modified_gmt":"2026-05-21T06:44:18","slug":"chaplins-world-gala","status":"publish","type":"concert","link":"https:\/\/www.septembremusical.ch\/de\/programm\/chaplins-world-gala\/","title":{"rendered":"Chaplin\u2019s World Gala"},"content":{"rendered":"<div class=\"the-content\"><p>Aus organisatorischen Gr\u00fcnden sieht sich das Festival Septembre Musical Montreux-Vevey gezwungen, das Chaplin\u2019s World Gala, das urspr\u00fcnglich f\u00fcr Sonntag, den 13. September 2026 im Auditorium Stravinski in Montreux geplant war, auf einen sp\u00e4teren Zeitpunkt zu verschieben.<\/p>\n<p>Diese mit Bedauern getroffene Entscheidung betrifft ausschlie\u00dflich dieses Konzert. Die Tickets werden erstattet oder umgetauscht, und die Ticketinhaber werden so bald wie m\u00f6glich direkt vom Festival kontaktiert.<\/p>\n<\/div>","protected":false},"template":"","edition":[91],"class_list":["post-5943","concert","type-concert","status-publish","hentry","edition-91"],"acf":[],"yoast_head":"<!-- This site is optimized with the Yoast SEO Premium plugin v28.4 (Yoast SEO v28.4) - https:\/\/yoast.com\/product\/yoast-seo-premium-wordpress\/ -->\n<title>Chaplin&#039;s World Gala im Auditorium Stravinski - Septembre Musical<\/title>\n<meta name=\"description\" content=\"Weltpremiere zum 10-j\u00e4hrigen Jubil\u00e4um von Chaplin&#039;s World! Stars interpretieren Chaplins Musik neu. Familiengala ab 17h im Auditorium Stravinski.\" \/>\n<meta name=\"robots\" content=\"index, follow, max-snippet:-1, max-image-preview:large, max-video-preview:-1\" \/>\n<link rel=\"canonical\" href=\"https:\/\/www.septembremusical.ch\/de\/programm\/chaplins-world-gala\/\" \/>\n<meta property=\"og:locale\" content=\"de_CH\" \/>\n<meta property=\"og:type\" content=\"article\" \/>\n<meta property=\"og:title\" content=\"Spektakul\u00e4res Chaplin&#039;s World Gala - Weltpremiere mit internationalen Stars\" \/>\n<meta property=\"og:description\" content=\"Feiern Sie mit uns 10 Jahre Chaplin&#039;s World! Erleben Sie ein fantastisches Spektakel, bei dem gro\u00dfe Stars Charlie Chaplins musikalisches Universum neu interpretieren. Ein einzigartiges Familienerlebnis im Auditorium Stravinski ab 17h.\" \/>\n<meta property=\"og:url\" content=\"https:\/\/www.septembremusical.ch\/de\/programm\/chaplins-world-gala\/\" \/>\n<meta property=\"og:site_name\" content=\"Septembre Musical\" \/>\n<meta property=\"article:publisher\" content=\"https:\/\/www.facebook.com\/septmus\/\" \/>\n<meta property=\"article:modified_time\" content=\"2026-05-21T06:44:18+00:00\" \/>\n<meta name=\"twitter:card\" content=\"summary_large_image\" \/>\n<meta name=\"twitter:title\" content=\"Chaplin\u2019s World Gala\" \/>\n<script type=\"application\/ld+json\" class=\"yoast-schema-graph\">{\"@context\":\"https:\\\/\\\/schema.org\",\"@graph\":[{\"@type\":\"WebPage\",\"@id\":\"https:\\\/\\\/www.septembremusical.ch\\\/de\\\/programm\\\/chaplins-world-gala\\\/\",\"url\":\"https:\\\/\\\/www.septembremusical.ch\\\/de\\\/programm\\\/chaplins-world-gala\\\/\",\"name\":\"Chaplin's World Gala im Auditorium Stravinski - Septembre Musical\",\"isPartOf\":{\"@id\":\"https:\\\/\\\/www.septembremusical.ch\\\/de\\\/#website\"},\"datePublished\":\"2026-02-24T18:25:52+00:00\",\"dateModified\":\"2026-05-21T06:44:18+00:00\",\"description\":\"Weltpremiere zum 10-j\u00e4hrigen Jubil\u00e4um von Chaplin's World! Stars interpretieren Chaplins Musik neu. Familiengala ab 17h im Auditorium Stravinski.\",\"breadcrumb\":{\"@id\":\"https:\\\/\\\/www.septembremusical.ch\\\/de\\\/programm\\\/chaplins-world-gala\\\/#breadcrumb\"},\"inLanguage\":\"de\",\"potentialAction\":[{\"@type\":\"ReadAction\",\"target\":[\"https:\\\/\\\/www.septembremusical.ch\\\/de\\\/programm\\\/chaplins-world-gala\\\/\"]}]},{\"@type\":\"BreadcrumbList\",\"@id\":\"https:\\\/\\\/www.septembremusical.ch\\\/de\\\/programm\\\/chaplins-world-gala\\\/#breadcrumb\",\"itemListElement\":[{\"@type\":\"ListItem\",\"position\":1,\"name\":\"Accueil\",\"item\":\"https:\\\/\\\/www.septembremusical.ch\\\/de\\\/\"},{\"@type\":\"ListItem\",\"position\":2,\"name\":\"Chaplin\u2019s World Gala\"}]},{\"@type\":\"WebSite\",\"@id\":\"https:\\\/\\\/www.septembremusical.ch\\\/de\\\/#website\",\"url\":\"https:\\\/\\\/www.septembremusical.ch\\\/de\\\/\",\"name\":\"Septembre Musical - Festival de musique classique en Suisse\",\"description\":\"\",\"publisher\":{\"@id\":\"https:\\\/\\\/www.septembremusical.ch\\\/de\\\/#organization\"},\"potentialAction\":[{\"@type\":\"SearchAction\",\"target\":{\"@type\":\"EntryPoint\",\"urlTemplate\":\"https:\\\/\\\/www.septembremusical.ch\\\/de\\\/?s={search_term_string}\"},\"query-input\":{\"@type\":\"PropertyValueSpecification\",\"valueRequired\":true,\"valueName\":\"search_term_string\"}}],\"inLanguage\":\"de\"},{\"@type\":\"Organization\",\"@id\":\"https:\\\/\\\/www.septembremusical.ch\\\/de\\\/#organization\",\"name\":\"Septembre Musical\",\"url\":\"https:\\\/\\\/www.septembremusical.ch\\\/de\\\/\",\"logo\":{\"@type\":\"ImageObject\",\"inLanguage\":\"de\",\"@id\":\"https:\\\/\\\/www.septembremusical.ch\\\/de\\\/#\\\/schema\\\/logo\\\/image\\\/\",\"url\":\"https:\\\/\\\/www.septembremusical.ch\\\/wp-content\\\/uploads\\\/2025\\\/12\\\/logo.svg\",\"contentUrl\":\"https:\\\/\\\/www.septembremusical.ch\\\/wp-content\\\/uploads\\\/2025\\\/12\\\/logo.svg\",\"caption\":\"Septembre Musical\"},\"image\":{\"@id\":\"https:\\\/\\\/www.septembremusical.ch\\\/de\\\/#\\\/schema\\\/logo\\\/image\\\/\"},\"sameAs\":[\"https:\\\/\\\/www.facebook.com\\\/septmus\\\/\",\"https:\\\/\\\/www.instagram.com\\\/septembremusical\\\/\",\"https:\\\/\\\/www.linkedin.com\\\/company\\\/septembre-musical\\\/\",\"https:\\\/\\\/www.youtube.com\\\/channel\\\/UCIMYgBp7KIFi-6TytkeiLEg\"],\"legalName\":\"Fondation Septembre Musical Montreux-Vevey\",\"contactPoint\":[{\"@type\":\"ContactPoint\",\"contactType\":\"customer service\",\"telephone\":\"+41 21 962 80 00\",\"email\":\"info@septembremusical.ch\",\"availableLanguage\":[\"French\",\"English\",\"German\"]},{\"@type\":\"ContactPoint\",\"contactType\":\"reservations\",\"telephone\":\"+41 21 962 80 05\",\"email\":\"billetterie@septembremusical.ch\",\"availableLanguage\":[\"French\",\"English\",\"German\"]}],\"address\":{\"@type\":\"PostalAddress\",\"addressCountry\":\"CH\",\"addressRegion\":\"VD\"}}]}<\/script>\n<!-- \/ Yoast SEO Premium plugin. -->","yoast_head_json":{"title":"Chaplin's World Gala im Auditorium Stravinski - Septembre Musical","description":"Weltpremiere zum 10-j\u00e4hrigen Jubil\u00e4um von Chaplin's World! Stars interpretieren Chaplins Musik neu. Familiengala ab 17h im Auditorium Stravinski.","robots":{"index":"index","follow":"follow","max-snippet":"max-snippet:-1","max-image-preview":"max-image-preview:large","max-video-preview":"max-video-preview:-1"},"canonical":"https:\/\/www.septembremusical.ch\/de\/programm\/chaplins-world-gala\/","og_locale":"de_CH","og_type":"article","og_title":"Spektakul\u00e4res Chaplin's World Gala - Weltpremiere mit internationalen Stars","og_description":"Feiern Sie mit uns 10 Jahre Chaplin's World! Erleben Sie ein fantastisches Spektakel, bei dem gro\u00dfe Stars Charlie Chaplins musikalisches Universum neu interpretieren. Ein einzigartiges Familienerlebnis im Auditorium Stravinski ab 17h.","og_url":"https:\/\/www.septembremusical.ch\/de\/programm\/chaplins-world-gala\/","og_site_name":"Septembre Musical","article_publisher":"https:\/\/www.facebook.com\/septmus\/","article_modified_time":"2026-05-21T06:44:18+00:00","twitter_card":"summary_large_image","twitter_title":"Chaplin\u2019s World Gala","schema":{"@context":"https:\/\/schema.org","@graph":[{"@type":"WebPage","@id":"https:\/\/www.septembremusical.ch\/de\/programm\/chaplins-world-gala\/","url":"https:\/\/www.septembremusical.ch\/de\/programm\/chaplins-world-gala\/","name":"Chaplin's World Gala im Auditorium Stravinski - Septembre Musical","isPartOf":{"@id":"https:\/\/www.septembremusical.ch\/de\/#website"},"datePublished":"2026-02-24T18:25:52+00:00","dateModified":"2026-05-21T06:44:18+00:00","description":"Weltpremiere zum 10-j\u00e4hrigen Jubil\u00e4um von Chaplin's World! Stars interpretieren Chaplins Musik neu. Familiengala ab 17h im Auditorium Stravinski.","breadcrumb":{"@id":"https:\/\/www.septembremusical.ch\/de\/programm\/chaplins-world-gala\/#breadcrumb"},"inLanguage":"de","potentialAction":[{"@type":"ReadAction","target":["https:\/\/www.septembremusical.ch\/de\/programm\/chaplins-world-gala\/"]}]},{"@type":"BreadcrumbList","@id":"https:\/\/www.septembremusical.ch\/de\/programm\/chaplins-world-gala\/#breadcrumb","itemListElement":[{"@type":"ListItem","position":1,"name":"Accueil","item":"https:\/\/www.septembremusical.ch\/de\/"},{"@type":"ListItem","position":2,"name":"Chaplin\u2019s World Gala"}]},{"@type":"WebSite","@id":"https:\/\/www.septembremusical.ch\/de\/#website","url":"https:\/\/www.septembremusical.ch\/de\/","name":"Septembre Musical - Festival de musique classique en Suisse","description":"","publisher":{"@id":"https:\/\/www.septembremusical.ch\/de\/#organization"},"potentialAction":[{"@type":"SearchAction","target":{"@type":"EntryPoint","urlTemplate":"https:\/\/www.septembremusical.ch\/de\/?s={search_term_string}"},"query-input":{"@type":"PropertyValueSpecification","valueRequired":true,"valueName":"search_term_string"}}],"inLanguage":"de"},{"@type":"Organization","@id":"https:\/\/www.septembremusical.ch\/de\/#organization","name":"Septembre Musical","url":"https:\/\/www.septembremusical.ch\/de\/","logo":{"@type":"ImageObject","inLanguage":"de","@id":"https:\/\/www.septembremusical.ch\/de\/#\/schema\/logo\/image\/","url":"https:\/\/www.septembremusical.ch\/wp-content\/uploads\/2025\/12\/logo.svg","contentUrl":"https:\/\/www.septembremusical.ch\/wp-content\/uploads\/2025\/12\/logo.svg","caption":"Septembre Musical"},"image":{"@id":"https:\/\/www.septembremusical.ch\/de\/#\/schema\/logo\/image\/"},"sameAs":["https:\/\/www.facebook.com\/septmus\/","https:\/\/www.instagram.com\/septembremusical\/","https:\/\/www.linkedin.com\/company\/septembre-musical\/","https:\/\/www.youtube.com\/channel\/UCIMYgBp7KIFi-6TytkeiLEg"],"legalName":"Fondation Septembre Musical Montreux-Vevey","contactPoint":[{"@type":"ContactPoint","contactType":"customer service","telephone":"+41 21 962 80 00","email":"info@septembremusical.ch","availableLanguage":["French","English","German"]},{"@type":"ContactPoint","contactType":"reservations","telephone":"+41 21 962 80 05","email":"billetterie@septembremusical.ch","availableLanguage":["French","English","German"]}],"address":{"@type":"PostalAddress","addressCountry":"CH","addressRegion":"VD"}}]}},"_links":{"self":[{"href":"https:\/\/www.septembremusical.ch\/de\/wp-json\/wp\/v2\/concerts\/5943","targetHints":{"allow":["GET"]}}],"collection":[{"href":"https:\/\/www.septembremusical.ch\/de\/wp-json\/wp\/v2\/concerts"}],"about":[{"href":"https:\/\/www.septembremusical.ch\/de\/wp-json\/wp\/v2\/types\/concert"}],"version-history":[{"count":0,"href":"https:\/\/www.septembremusical.ch\/de\/wp-json\/wp\/v2\/concerts\/5943\/revisions"}],"wp:attachment":[{"href":"https:\/\/www.septembremusical.ch\/de\/wp-json\/wp\/v2\/media?parent=5943"}],"wp:term":[{"taxonomy":"edition","embeddable":true,"href":"https:\/\/www.septembremusical.ch\/de\/wp-json\/wp\/v2\/edition?post=5943"}],"curies":[{"name":"wp","href":"https:\/\/api.w.org\/{rel}","templated":true}]}}

<div class="the-content"><p>Aus organisatorischen Gründen sieht sich das Festival Septembre Musical Montreux-Vevey gezwungen, das Chaplin’s World Gala, das ursprünglich für Sonntag, den 13. September 2026 im Auditorium Stravinski in Montreux geplant war, auf einen späteren Zeitpunkt zu verschieben.</p>
<p>Diese mit Bedauern getroffene Entscheidung betrifft ausschließlich dieses Konzert. Die Tickets werden erstattet oder umgetauscht, und die Ticketinhaber werden so bald wie möglich direkt vom Festival kontaktiert.</p>
</div>

<!-- This site is optimized with the Yoast SEO Premium plugin v28.4 (Yoast SEO v28.4) - https://yoast.com/product/yoast-seo-premium-wordpress/ -->
<title>Chaplin&#039;s World Gala im Auditorium Stravinski - Septembre Musical</title>
<meta name="description" content="Weltpremiere zum 10-jährigen Jubiläum von Chaplin&#039;s World! Stars interpretieren Chaplins Musik neu. Familiengala ab 17h im Auditorium Stravinski." />
<meta name="robots" content="index, follow, max-snippet:-1, max-image-preview:large, max-video-preview:-1" />
<link rel="canonical" href="https://www.septembremusical.ch/de/programm/chaplins-world-gala/" />
<meta property="og:locale" content="de_CH" />
<meta property="og:type" content="article" />
<meta property="og:title" content="Spektakuläres Chaplin&#039;s World Gala - Weltpremiere mit internationalen Stars" />
<meta property="og:description" content="Feiern Sie mit uns 10 Jahre Chaplin&#039;s World! Erleben Sie ein fantastisches Spektakel, bei dem große Stars Charlie Chaplins musikalisches Universum neu interpretieren. Ein einzigartiges Familienerlebnis im Auditorium Stravinski ab 17h." />
<meta property="og:url" content="https://www.septembremusical.ch/de/programm/chaplins-world-gala/" />
<meta property="og:site_name" content="Septembre Musical" />
<meta property="article:publisher" content="https://www.facebook.com/septmus/" />
<meta property="article:modified_time" content="2026-05-21T06:44:18+00:00" />
<meta name="twitter:card" content="summary_large_image" />
<meta name="twitter:title" content="Chaplin’s World Gala" />
<script type="application/ld+json" class="yoast-schema-graph">{"@context":"https:\/\/schema.org","@graph":[{"@type":"WebPage","@id":"https:\/\/www.septembremusical.ch\/de\/programm\/chaplins-world-gala\/","url":"https:\/\/www.septembremusical.ch\/de\/programm\/chaplins-world-gala\/","name":"Chaplin's World Gala im Auditorium Stravinski - Septembre Musical","isPartOf":{"@id":"https:\/\/www.septembremusical.ch\/de\/#website"},"datePublished":"2026-02-24T18:25:52+00:00","dateModified":"2026-05-21T06:44:18+00:00","description":"Weltpremiere zum 10-jährigen Jubiläum von Chaplin's World! Stars interpretieren Chaplins Musik neu. Familiengala ab 17h im Auditorium Stravinski.","breadcrumb":{"@id":"https:\/\/www.septembremusical.ch\/de\/programm\/chaplins-world-gala\/#breadcrumb"},"inLanguage":"de","potentialAction":[{"@type":"ReadAction","target":["https:\/\/www.septembremusical.ch\/de\/programm\/chaplins-world-gala\/"]}]},{"@type":"BreadcrumbList","@id":"https:\/\/www.septembremusical.ch\/de\/programm\/chaplins-world-gala\/#breadcrumb","itemListElement":[{"@type":"ListItem","position":1,"name":"Accueil","item":"https:\/\/www.septembremusical.ch\/de\/"},{"@type":"ListItem","position":2,"name":"Chaplin’s World Gala"}]},{"@type":"WebSite","@id":"https:\/\/www.septembremusical.ch\/de\/#website","url":"https:\/\/www.septembremusical.ch\/de\/","name":"Septembre Musical - Festival de musique classique en Suisse","description":"","publisher":{"@id":"https:\/\/www.septembremusical.ch\/de\/#organization"},"potentialAction":[{"@type":"SearchAction","target":{"@type":"EntryPoint","urlTemplate":"https:\/\/www.septembremusical.ch\/de\/?s={search_term_string}"},"query-input":{"@type":"PropertyValueSpecification","valueRequired":true,"valueName":"search_term_string"}}],"inLanguage":"de"},{"@type":"Organization","@id":"https:\/\/www.septembremusical.ch\/de\/#organization","name":"Septembre Musical","url":"https:\/\/www.septembremusical.ch\/de\/","logo":{"@type":"ImageObject","inLanguage":"de","@id":"https:\/\/www.septembremusical.ch\/de\/#\/schema\/logo\/image\/","url":"https:\/\/www.septembremusical.ch\/wp-content\/uploads\/2025\/12\/logo.svg","contentUrl":"https:\/\/www.septembremusical.ch\/wp-content\/uploads\/2025\/12\/logo.svg","caption":"Septembre Musical"},"image":{"@id":"https:\/\/www.septembremusical.ch\/de\/#\/schema\/logo\/image\/"},"sameAs":["https:\/\/www.facebook.com\/septmus\/","https:\/\/www.instagram.com\/septembremusical\/","https:\/\/www.linkedin.com\/company\/septembre-musical\/","https:\/\/www.youtube.com\/channel\/UCIMYgBp7KIFi-6TytkeiLEg"],"legalName":"Fondation Septembre Musical Montreux-Vevey","contactPoint":[{"@type":"ContactPoint","contactType":"customer service","telephone":"+41 21 962 80 00","email":"info@septembremusical.ch","availableLanguage":["French","English","German"]},{"@type":"ContactPoint","contactType":"reservations","telephone":"+41 21 962 80 05","email":"billetterie@septembremusical.ch","availableLanguage":["French","English","German"]}],"address":{"@type":"PostalAddress","addressCountry":"CH","addressRegion":"VD"}}]}</script>
<!-- / Yoast SEO Premium plugin. -->

Weltpremiere zum 10-jährigen Jubiläum von Chaplin's World! Stars interpretieren Chaplins Musik neu. Familiengala ab 17h im Auditorium Stravinski.

Spektakuläres Chaplin's World Gala - Weltpremiere mit internationalen Stars

Feiern Sie mit uns 10 Jahre Chaplin's World! Erleben Sie ein fantastisches Spektakel, bei dem große Stars Charlie Chaplins musikalisches Universum neu interpretieren. Ein einzigartiges Familienerlebnis im Auditorium Stravinski ab 17h.
