{"id":5939,"date":"2026-02-25T20:45:16","date_gmt":"2026-02-25T19:45:16","guid":{"rendered":"https:\/\/www.septembremusical.ch\/programme\/gautier-capucon-ses-musiciens\/"},"modified":"2026-08-27T16:06:12","modified_gmt":"2026-08-27T14:06:12","slug":"gautier-capucon-ses-musiciens","status":"publish","type":"concert","link":"https:\/\/www.septembremusical.ch\/de\/programm\/gautier-capucon-ses-musiciens\/","title":{"rendered":"Gautier Capu\u00e7on &#038; ses musiciens"},"content":{"rendered":"<div class=\"the-content\"><p>Wenn der Meister zum Komplizen wird. Gautier Capu\u00e7on versammelt sechs Preistr\u00e4ger seiner \u201eClasse d\u2019excellence de violoncelle\u201d (Exzellenzklasse f\u00fcr Violoncello) in der Fondation Louis Vuitton, um <em>I Capucelli <\/em>zu gr\u00fcnden: ein einzigartiges Ensemble aus sieben Violoncellisten, in dem die Leidenschaft der Jugend auf die menschliche Tiefe von Gautier trifft. Von Ravel bis Piazzolla, von Tschaikowski bis zu einer Weltpremiere von Bryce Dessner \u2013 dieses Konzert feiert die Weitergabe und die Exzellenz. Ein Abend, getragen von einem Virtuosen, der auf der B\u00fchne ebenso gro\u00dfz\u00fcgig ist wie in seinem Engagement f\u00fcr den Nachwuchs.<\/p>\n<\/div>","protected":false},"template":"","edition":[91],"class_list":["post-5939","concert","type-concert","status-publish","hentry","edition-91"],"acf":[],"yoast_head":"<!-- This site is optimized with the Yoast SEO Premium plugin v28.4 (Yoast SEO v28.4) - https:\/\/yoast.com\/product\/yoast-seo-premium-wordpress\/ -->\n<title>Gautier Capu\u00e7on &amp; I Capucelli Konzert - Septembre Musical<\/title>\n<meta name=\"description\" content=\"Gautier Capu\u00e7on und sechs Nachwuchstalente bilden I Capucelli - ein einzigartiges Ensemble aus sieben Celli. Von Ravel bis Piazzolla.\" \/>\n<meta name=\"robots\" content=\"index, follow, max-snippet:-1, max-image-preview:large, max-video-preview:-1\" \/>\n<link rel=\"canonical\" href=\"https:\/\/www.septembremusical.ch\/de\/programm\/gautier-capucon-ses-musiciens\/\" \/>\n<meta property=\"og:locale\" content=\"de_CH\" \/>\n<meta property=\"og:type\" content=\"article\" \/>\n<meta property=\"og:title\" content=\"Gautier Capu\u00e7on &amp; I Capucelli - Sieben Celli, eine Vision\" \/>\n<meta property=\"og:description\" content=\"Wenn der Meister zum Komplizen wird: Gautier Capu\u00e7on vereint sechs Talente seiner Cello-Meisterklasse zu I Capucelli. Ein au\u00dfergew\u00f6hnliches Konzert mit sieben Celli - von Ravel bis zur Weltpremiere.\" \/>\n<meta property=\"og:url\" content=\"https:\/\/www.septembremusical.ch\/de\/programm\/gautier-capucon-ses-musiciens\/\" \/>\n<meta property=\"og:site_name\" content=\"Septembre Musical\" \/>\n<meta property=\"article:publisher\" content=\"https:\/\/www.facebook.com\/septmus\/\" \/>\n<meta property=\"article:modified_time\" content=\"2026-08-27T14:06:12+00:00\" \/>\n<meta name=\"twitter:card\" content=\"summary_large_image\" \/>\n<meta name=\"twitter:title\" content=\"Gautier Capu\u00e7on &amp; ses musiciens\" \/>\n<script type=\"application\/ld+json\" class=\"yoast-schema-graph\">{\"@context\":\"https:\\\/\\\/schema.org\",\"@graph\":[{\"@type\":\"WebPage\",\"@id\":\"https:\\\/\\\/www.septembremusical.ch\\\/de\\\/programm\\\/gautier-capucon-ses-musiciens\\\/\",\"url\":\"https:\\\/\\\/www.septembremusical.ch\\\/de\\\/programm\\\/gautier-capucon-ses-musiciens\\\/\",\"name\":\"Gautier Capu\u00e7on & I Capucelli Konzert - Septembre Musical\",\"isPartOf\":{\"@id\":\"https:\\\/\\\/www.septembremusical.ch\\\/de\\\/#website\"},\"datePublished\":\"2026-02-25T19:45:16+00:00\",\"dateModified\":\"2026-08-27T14:06:12+00:00\",\"description\":\"Gautier Capu\u00e7on und sechs Nachwuchstalente bilden I Capucelli - ein einzigartiges Ensemble aus sieben Celli. Von Ravel bis Piazzolla.\",\"breadcrumb\":{\"@id\":\"https:\\\/\\\/www.septembremusical.ch\\\/de\\\/programm\\\/gautier-capucon-ses-musiciens\\\/#breadcrumb\"},\"inLanguage\":\"de\",\"potentialAction\":[{\"@type\":\"ReadAction\",\"target\":[\"https:\\\/\\\/www.septembremusical.ch\\\/de\\\/programm\\\/gautier-capucon-ses-musiciens\\\/\"]}]},{\"@type\":\"BreadcrumbList\",\"@id\":\"https:\\\/\\\/www.septembremusical.ch\\\/de\\\/programm\\\/gautier-capucon-ses-musiciens\\\/#breadcrumb\",\"itemListElement\":[{\"@type\":\"ListItem\",\"position\":1,\"name\":\"Accueil\",\"item\":\"https:\\\/\\\/www.septembremusical.ch\\\/de\\\/\"},{\"@type\":\"ListItem\",\"position\":2,\"name\":\"Gautier Capu\u00e7on &#038; ses musiciens\"}]},{\"@type\":\"WebSite\",\"@id\":\"https:\\\/\\\/www.septembremusical.ch\\\/de\\\/#website\",\"url\":\"https:\\\/\\\/www.septembremusical.ch\\\/de\\\/\",\"name\":\"Septembre Musical - Festival de musique classique en Suisse\",\"description\":\"\",\"publisher\":{\"@id\":\"https:\\\/\\\/www.septembremusical.ch\\\/de\\\/#organization\"},\"potentialAction\":[{\"@type\":\"SearchAction\",\"target\":{\"@type\":\"EntryPoint\",\"urlTemplate\":\"https:\\\/\\\/www.septembremusical.ch\\\/de\\\/?s={search_term_string}\"},\"query-input\":{\"@type\":\"PropertyValueSpecification\",\"valueRequired\":true,\"valueName\":\"search_term_string\"}}],\"inLanguage\":\"de\"},{\"@type\":\"Organization\",\"@id\":\"https:\\\/\\\/www.septembremusical.ch\\\/de\\\/#organization\",\"name\":\"Septembre Musical\",\"url\":\"https:\\\/\\\/www.septembremusical.ch\\\/de\\\/\",\"logo\":{\"@type\":\"ImageObject\",\"inLanguage\":\"de\",\"@id\":\"https:\\\/\\\/www.septembremusical.ch\\\/de\\\/#\\\/schema\\\/logo\\\/image\\\/\",\"url\":\"https:\\\/\\\/www.septembremusical.ch\\\/wp-content\\\/uploads\\\/2025\\\/12\\\/logo.svg\",\"contentUrl\":\"https:\\\/\\\/www.septembremusical.ch\\\/wp-content\\\/uploads\\\/2025\\\/12\\\/logo.svg\",\"caption\":\"Septembre Musical\"},\"image\":{\"@id\":\"https:\\\/\\\/www.septembremusical.ch\\\/de\\\/#\\\/schema\\\/logo\\\/image\\\/\"},\"sameAs\":[\"https:\\\/\\\/www.facebook.com\\\/septmus\\\/\",\"https:\\\/\\\/www.instagram.com\\\/septembremusical\\\/\",\"https:\\\/\\\/www.linkedin.com\\\/company\\\/septembre-musical\\\/\",\"https:\\\/\\\/www.youtube.com\\\/channel\\\/UCIMYgBp7KIFi-6TytkeiLEg\"],\"legalName\":\"Fondation Septembre Musical Montreux-Vevey\",\"contactPoint\":[{\"@type\":\"ContactPoint\",\"contactType\":\"customer service\",\"telephone\":\"+41 21 962 80 00\",\"email\":\"info@septembremusical.ch\",\"availableLanguage\":[\"French\",\"English\",\"German\"]},{\"@type\":\"ContactPoint\",\"contactType\":\"reservations\",\"telephone\":\"+41 21 962 80 05\",\"email\":\"billetterie@septembremusical.ch\",\"availableLanguage\":[\"French\",\"English\",\"German\"]}],\"address\":{\"@type\":\"PostalAddress\",\"addressCountry\":\"CH\",\"addressRegion\":\"VD\"}}]}<\/script>\n<meta property=\"og:video\" content=\"https:\/\/www.youtube.com\/embed\/hSVdg2q1oB0\" \/>\n<meta property=\"og:video:type\" content=\"text\/html\" \/>\n<meta property=\"og:video:duration\" content=\"1279\" \/>\n<meta property=\"og:video:width\" content=\"480\" \/>\n<meta property=\"og:video:height\" content=\"270\" \/>\n<meta property=\"ya:ovs:adult\" content=\"false\" \/>\n<meta property=\"ya:ovs:upload_date\" content=\"2026-02-25T19:45:16+00:00\" \/>\n<meta property=\"ya:ovs:allow_embed\" content=\"true\" \/>\n<!-- \/ Yoast SEO Premium plugin. -->","yoast_head_json":{"title":"Gautier Capu\u00e7on & I Capucelli Konzert - Septembre Musical","description":"Gautier Capu\u00e7on und sechs Nachwuchstalente bilden I Capucelli - ein einzigartiges Ensemble aus sieben Celli. Von Ravel bis Piazzolla.","robots":{"index":"index","follow":"follow","max-snippet":"max-snippet:-1","max-image-preview":"max-image-preview:large","max-video-preview":"max-video-preview:-1"},"canonical":"https:\/\/www.septembremusical.ch\/de\/programm\/gautier-capucon-ses-musiciens\/","og_locale":"de_CH","og_type":"article","og_title":"Gautier Capu\u00e7on & I Capucelli - Sieben Celli, eine Vision","og_description":"Wenn der Meister zum Komplizen wird: Gautier Capu\u00e7on vereint sechs Talente seiner Cello-Meisterklasse zu I Capucelli. Ein au\u00dfergew\u00f6hnliches Konzert mit sieben Celli - von Ravel bis zur Weltpremiere.","og_url":"https:\/\/www.septembremusical.ch\/de\/programm\/gautier-capucon-ses-musiciens\/","og_site_name":"Septembre Musical","article_publisher":"https:\/\/www.facebook.com\/septmus\/","article_modified_time":"2026-08-27T14:06:12+00:00","twitter_card":"summary_large_image","twitter_title":"Gautier Capu\u00e7on & ses musiciens","schema":{"@context":"https:\/\/schema.org","@graph":[{"@type":"WebPage","@id":"https:\/\/www.septembremusical.ch\/de\/programm\/gautier-capucon-ses-musiciens\/","url":"https:\/\/www.septembremusical.ch\/de\/programm\/gautier-capucon-ses-musiciens\/","name":"Gautier Capu\u00e7on & I Capucelli Konzert - Septembre Musical","isPartOf":{"@id":"https:\/\/www.septembremusical.ch\/de\/#website"},"datePublished":"2026-02-25T19:45:16+00:00","dateModified":"2026-08-27T14:06:12+00:00","description":"Gautier Capu\u00e7on und sechs Nachwuchstalente bilden I Capucelli - ein einzigartiges Ensemble aus sieben Celli. Von Ravel bis Piazzolla.","breadcrumb":{"@id":"https:\/\/www.septembremusical.ch\/de\/programm\/gautier-capucon-ses-musiciens\/#breadcrumb"},"inLanguage":"de","potentialAction":[{"@type":"ReadAction","target":["https:\/\/www.septembremusical.ch\/de\/programm\/gautier-capucon-ses-musiciens\/"]}]},{"@type":"BreadcrumbList","@id":"https:\/\/www.septembremusical.ch\/de\/programm\/gautier-capucon-ses-musiciens\/#breadcrumb","itemListElement":[{"@type":"ListItem","position":1,"name":"Accueil","item":"https:\/\/www.septembremusical.ch\/de\/"},{"@type":"ListItem","position":2,"name":"Gautier Capu\u00e7on &#038; ses musiciens"}]},{"@type":"WebSite","@id":"https:\/\/www.septembremusical.ch\/de\/#website","url":"https:\/\/www.septembremusical.ch\/de\/","name":"Septembre Musical - Festival de musique classique en Suisse","description":"","publisher":{"@id":"https:\/\/www.septembremusical.ch\/de\/#organization"},"potentialAction":[{"@type":"SearchAction","target":{"@type":"EntryPoint","urlTemplate":"https:\/\/www.septembremusical.ch\/de\/?s={search_term_string}"},"query-input":{"@type":"PropertyValueSpecification","valueRequired":true,"valueName":"search_term_string"}}],"inLanguage":"de"},{"@type":"Organization","@id":"https:\/\/www.septembremusical.ch\/de\/#organization","name":"Septembre Musical","url":"https:\/\/www.septembremusical.ch\/de\/","logo":{"@type":"ImageObject","inLanguage":"de","@id":"https:\/\/www.septembremusical.ch\/de\/#\/schema\/logo\/image\/","url":"https:\/\/www.septembremusical.ch\/wp-content\/uploads\/2025\/12\/logo.svg","contentUrl":"https:\/\/www.septembremusical.ch\/wp-content\/uploads\/2025\/12\/logo.svg","caption":"Septembre Musical"},"image":{"@id":"https:\/\/www.septembremusical.ch\/de\/#\/schema\/logo\/image\/"},"sameAs":["https:\/\/www.facebook.com\/septmus\/","https:\/\/www.instagram.com\/septembremusical\/","https:\/\/www.linkedin.com\/company\/septembre-musical\/","https:\/\/www.youtube.com\/channel\/UCIMYgBp7KIFi-6TytkeiLEg"],"legalName":"Fondation Septembre Musical Montreux-Vevey","contactPoint":[{"@type":"ContactPoint","contactType":"customer service","telephone":"+41 21 962 80 00","email":"info@septembremusical.ch","availableLanguage":["French","English","German"]},{"@type":"ContactPoint","contactType":"reservations","telephone":"+41 21 962 80 05","email":"billetterie@septembremusical.ch","availableLanguage":["French","English","German"]}],"address":{"@type":"PostalAddress","addressCountry":"CH","addressRegion":"VD"}}]},"og_video":"https:\/\/www.youtube.com\/embed\/hSVdg2q1oB0","og_video_type":"text\/html","og_video_duration":"1279","og_video_width":"480","og_video_height":"270","ya_ovs_adult":"false","ya_ovs_upload_date":"2026-02-25T19:45:16+00:00","ya_ovs_allow_embed":"true"},"_links":{"self":[{"href":"https:\/\/www.septembremusical.ch\/de\/wp-json\/wp\/v2\/concerts\/5939","targetHints":{"allow":["GET"]}}],"collection":[{"href":"https:\/\/www.septembremusical.ch\/de\/wp-json\/wp\/v2\/concerts"}],"about":[{"href":"https:\/\/www.septembremusical.ch\/de\/wp-json\/wp\/v2\/types\/concert"}],"version-history":[{"count":0,"href":"https:\/\/www.septembremusical.ch\/de\/wp-json\/wp\/v2\/concerts\/5939\/revisions"}],"wp:attachment":[{"href":"https:\/\/www.septembremusical.ch\/de\/wp-json\/wp\/v2\/media?parent=5939"}],"wp:term":[{"taxonomy":"edition","embeddable":true,"href":"https:\/\/www.septembremusical.ch\/de\/wp-json\/wp\/v2\/edition?post=5939"}],"curies":[{"name":"wp","href":"https:\/\/api.w.org\/{rel}","templated":true}]}}

Gautier Capuçon &#038; ses musiciens

<div class="the-content"><p>Wenn der Meister zum Komplizen wird. Gautier Capuçon versammelt sechs Preisträger seiner „Classe d’excellence de violoncelle” (Exzellenzklasse für Violoncello) in der Fondation Louis Vuitton, um <em>I Capucelli </em>zu gründen: ein einzigartiges Ensemble aus sieben Violoncellisten, in dem die Leidenschaft der Jugend auf die menschliche Tiefe von Gautier trifft. Von Ravel bis Piazzolla, von Tschaikowski bis zu einer Weltpremiere von Bryce Dessner – dieses Konzert feiert die Weitergabe und die Exzellenz. Ein Abend, getragen von einem Virtuosen, der auf der Bühne ebenso großzügig ist wie in seinem Engagement für den Nachwuchs.</p>
</div>

<!-- This site is optimized with the Yoast SEO Premium plugin v28.4 (Yoast SEO v28.4) - https://yoast.com/product/yoast-seo-premium-wordpress/ -->
<title>Gautier Capuçon &amp; I Capucelli Konzert - Septembre Musical</title>
<meta name="description" content="Gautier Capuçon und sechs Nachwuchstalente bilden I Capucelli - ein einzigartiges Ensemble aus sieben Celli. Von Ravel bis Piazzolla." />
<meta name="robots" content="index, follow, max-snippet:-1, max-image-preview:large, max-video-preview:-1" />
<link rel="canonical" href="https://www.septembremusical.ch/de/programm/gautier-capucon-ses-musiciens/" />
<meta property="og:locale" content="de_CH" />
<meta property="og:type" content="article" />
<meta property="og:title" content="Gautier Capuçon &amp; I Capucelli - Sieben Celli, eine Vision" />
<meta property="og:description" content="Wenn der Meister zum Komplizen wird: Gautier Capuçon vereint sechs Talente seiner Cello-Meisterklasse zu I Capucelli. Ein außergewöhnliches Konzert mit sieben Celli - von Ravel bis zur Weltpremiere." />
<meta property="og:url" content="https://www.septembremusical.ch/de/programm/gautier-capucon-ses-musiciens/" />
<meta property="og:site_name" content="Septembre Musical" />
<meta property="article:publisher" content="https://www.facebook.com/septmus/" />
<meta property="article:modified_time" content="2026-08-27T14:06:12+00:00" />
<meta name="twitter:card" content="summary_large_image" />
<meta name="twitter:title" content="Gautier Capuçon &amp; ses musiciens" />
<script type="application/ld+json" class="yoast-schema-graph">{"@context":"https:\/\/schema.org","@graph":[{"@type":"WebPage","@id":"https:\/\/www.septembremusical.ch\/de\/programm\/gautier-capucon-ses-musiciens\/","url":"https:\/\/www.septembremusical.ch\/de\/programm\/gautier-capucon-ses-musiciens\/","name":"Gautier Capuçon & I Capucelli Konzert - Septembre Musical","isPartOf":{"@id":"https:\/\/www.septembremusical.ch\/de\/#website"},"datePublished":"2026-02-25T19:45:16+00:00","dateModified":"2026-08-27T14:06:12+00:00","description":"Gautier Capuçon und sechs Nachwuchstalente bilden I Capucelli - ein einzigartiges Ensemble aus sieben Celli. Von Ravel bis Piazzolla.","breadcrumb":{"@id":"https:\/\/www.septembremusical.ch\/de\/programm\/gautier-capucon-ses-musiciens\/#breadcrumb"},"inLanguage":"de","potentialAction":[{"@type":"ReadAction","target":["https:\/\/www.septembremusical.ch\/de\/programm\/gautier-capucon-ses-musiciens\/"]}]},{"@type":"BreadcrumbList","@id":"https:\/\/www.septembremusical.ch\/de\/programm\/gautier-capucon-ses-musiciens\/#breadcrumb","itemListElement":[{"@type":"ListItem","position":1,"name":"Accueil","item":"https:\/\/www.septembremusical.ch\/de\/"},{"@type":"ListItem","position":2,"name":"Gautier Capuçon &#038; ses musiciens"}]},{"@type":"WebSite","@id":"https:\/\/www.septembremusical.ch\/de\/#website","url":"https:\/\/www.septembremusical.ch\/de\/","name":"Septembre Musical - Festival de musique classique en Suisse","description":"","publisher":{"@id":"https:\/\/www.septembremusical.ch\/de\/#organization"},"potentialAction":[{"@type":"SearchAction","target":{"@type":"EntryPoint","urlTemplate":"https:\/\/www.septembremusical.ch\/de\/?s={search_term_string}"},"query-input":{"@type":"PropertyValueSpecification","valueRequired":true,"valueName":"search_term_string"}}],"inLanguage":"de"},{"@type":"Organization","@id":"https:\/\/www.septembremusical.ch\/de\/#organization","name":"Septembre Musical","url":"https:\/\/www.septembremusical.ch\/de\/","logo":{"@type":"ImageObject","inLanguage":"de","@id":"https:\/\/www.septembremusical.ch\/de\/#\/schema\/logo\/image\/","url":"https:\/\/www.septembremusical.ch\/wp-content\/uploads\/2025\/12\/logo.svg","contentUrl":"https:\/\/www.septembremusical.ch\/wp-content\/uploads\/2025\/12\/logo.svg","caption":"Septembre Musical"},"image":{"@id":"https:\/\/www.septembremusical.ch\/de\/#\/schema\/logo\/image\/"},"sameAs":["https:\/\/www.facebook.com\/septmus\/","https:\/\/www.instagram.com\/septembremusical\/","https:\/\/www.linkedin.com\/company\/septembre-musical\/","https:\/\/www.youtube.com\/channel\/UCIMYgBp7KIFi-6TytkeiLEg"],"legalName":"Fondation Septembre Musical Montreux-Vevey","contactPoint":[{"@type":"ContactPoint","contactType":"customer service","telephone":"+41 21 962 80 00","email":"info@septembremusical.ch","availableLanguage":["French","English","German"]},{"@type":"ContactPoint","contactType":"reservations","telephone":"+41 21 962 80 05","email":"billetterie@septembremusical.ch","availableLanguage":["French","English","German"]}],"address":{"@type":"PostalAddress","addressCountry":"CH","addressRegion":"VD"}}]}</script>
<meta property="og:video" content="https://www.youtube.com/embed/hSVdg2q1oB0" />
<meta property="og:video:type" content="text/html" />
<meta property="og:video:duration" content="1279" />
<meta property="og:video:width" content="480" />
<meta property="og:video:height" content="270" />
<meta property="ya:ovs:adult" content="false" />
<meta property="ya:ovs:upload_date" content="2026-02-25T19:45:16+00:00" />
<meta property="ya:ovs:allow_embed" content="true" />
<!-- / Yoast SEO Premium plugin. -->

Gautier Capuçon & I Capucelli Konzert - Septembre Musical

Gautier Capuçon und sechs Nachwuchstalente bilden I Capucelli - ein einzigartiges Ensemble aus sieben Celli. Von Ravel bis Piazzolla.

Gautier Capuçon & I Capucelli - Sieben Celli, eine Vision

Wenn der Meister zum Komplizen wird: Gautier Capuçon vereint sechs Talente seiner Cello-Meisterklasse zu I Capucelli. Ein außergewöhnliches Konzert mit sieben Celli - von Ravel bis zur Weltpremiere.

Gautier Capuçon & ses musiciens
