{"id":5933,"date":"2026-02-25T21:06:27","date_gmt":"2026-02-25T20:06:27","guid":{"rendered":"https:\/\/www.septembremusical.ch\/programme\/orchestre-national-de-france-daniil-trifonov\/"},"modified":"2026-09-03T13:08:26","modified_gmt":"2026-09-03T11:08:26","slug":"orchestre-national-de-france-daniil-trifonov","status":"publish","type":"concert","link":"https:\/\/www.septembremusical.ch\/de\/programm\/orchestre-national-de-france-daniil-trifonov\/","title":{"rendered":"Orchestre National de France &#038; Trifonov, Noseda"},"content":{"rendered":"<div class=\"the-content\"><p>Um unsere 80. Ausgabe stilvoll zu beenden, ziehen Sie Ihre sch\u00f6nsten Kleider an! Daniil Trifonov, der absolute Star der klassischen Klaviermusik, tritt dem Orchestre National de France bei, einem 1934 gegr\u00fcndeten Spitzenensemble, das sich der F\u00f6rderung der franz\u00f6sischen Musik verschrieben hat. Unter der Leitung von Maestro Gianandrea Noseda werden zwei Meisterwerke des Repertoires aufgef\u00fchrt, die bei unserem Publikum besonders beliebt sind: Brahms\u2018 <em>Konzert Nr. 1 <\/em>und Mussorgskis <em>Bilder einer Ausstellung <\/em>in der Orchestrierung von Ravel. Ein Galaabend, an dem Tradition, Eleganz und absolute Virtuosit\u00e4t aufeinander treffen.<\/p>\n<\/div>","protected":false},"template":"","edition":[91],"class_list":["post-5933","concert","type-concert","status-publish","hentry","edition-91"],"acf":[],"yoast_head":"<!-- This site is optimized with the Yoast SEO Premium plugin v28.4 (Yoast SEO v28.4) - https:\/\/yoast.com\/product\/yoast-seo-premium-wordpress\/ -->\n<title>Orchestre National &amp; Daniil Trifonov - Septembre Musical<\/title>\n<meta name=\"description\" content=\"Galakozert zum 80. Jubil\u00e4um: Daniil Trifonov und das Orchestre National de France spielen Brahms und Mussorgski-Ravel.\" \/>\n<meta name=\"robots\" content=\"index, follow, max-snippet:-1, max-image-preview:large, max-video-preview:-1\" \/>\n<link rel=\"canonical\" href=\"https:\/\/www.septembremusical.ch\/de\/programm\/orchestre-national-de-france-daniil-trifonov\/\" \/>\n<meta property=\"og:locale\" content=\"de_CH\" \/>\n<meta property=\"og:type\" content=\"article\" \/>\n<meta property=\"og:title\" content=\"Galakonzert mit Klavierstar Daniil Trifonov &amp; Orchestre National de France\" \/>\n<meta property=\"og:description\" content=\"Ein unvergesslicher Abend erwartet Sie! Weltklasse-Pianist Daniil Trifonov und das renommierte Orchestre National de France pr\u00e4sentieren Brahms Klavierkonzert Nr. 1 und Mussorgskis Bilder einer Ausstellung. Zum 80. Jubil\u00e4um des Septembre Musical.\" \/>\n<meta property=\"og:url\" content=\"https:\/\/www.septembremusical.ch\/de\/programm\/orchestre-national-de-france-daniil-trifonov\/\" \/>\n<meta property=\"og:site_name\" content=\"Septembre Musical\" \/>\n<meta property=\"article:publisher\" content=\"https:\/\/www.facebook.com\/septmus\/\" \/>\n<meta property=\"article:modified_time\" content=\"2026-09-03T11:08:26+00:00\" \/>\n<meta name=\"twitter:card\" content=\"summary_large_image\" \/>\n<meta name=\"twitter:title\" content=\"Orchestre National de France &amp; Trifonov, Noseda\" \/>\n<script type=\"application\/ld+json\" class=\"yoast-schema-graph\">{\"@context\":\"https:\\\/\\\/schema.org\",\"@graph\":[{\"@type\":\"WebPage\",\"@id\":\"https:\\\/\\\/www.septembremusical.ch\\\/de\\\/programm\\\/orchestre-national-de-france-daniil-trifonov\\\/\",\"url\":\"https:\\\/\\\/www.septembremusical.ch\\\/de\\\/programm\\\/orchestre-national-de-france-daniil-trifonov\\\/\",\"name\":\"Orchestre National & Daniil Trifonov - Septembre Musical\",\"isPartOf\":{\"@id\":\"https:\\\/\\\/www.septembremusical.ch\\\/de\\\/#website\"},\"datePublished\":\"2026-02-25T20:06:27+00:00\",\"dateModified\":\"2026-09-03T11:08:26+00:00\",\"description\":\"Galakozert zum 80. Jubil\u00e4um: Daniil Trifonov und das Orchestre National de France spielen Brahms und Mussorgski-Ravel.\",\"breadcrumb\":{\"@id\":\"https:\\\/\\\/www.septembremusical.ch\\\/de\\\/programm\\\/orchestre-national-de-france-daniil-trifonov\\\/#breadcrumb\"},\"inLanguage\":\"de\",\"potentialAction\":[{\"@type\":\"ReadAction\",\"target\":[\"https:\\\/\\\/www.septembremusical.ch\\\/de\\\/programm\\\/orchestre-national-de-france-daniil-trifonov\\\/\"]}]},{\"@type\":\"BreadcrumbList\",\"@id\":\"https:\\\/\\\/www.septembremusical.ch\\\/de\\\/programm\\\/orchestre-national-de-france-daniil-trifonov\\\/#breadcrumb\",\"itemListElement\":[{\"@type\":\"ListItem\",\"position\":1,\"name\":\"Accueil\",\"item\":\"https:\\\/\\\/www.septembremusical.ch\\\/de\\\/\"},{\"@type\":\"ListItem\",\"position\":2,\"name\":\"Orchestre National de France &#038; Trifonov, Noseda\"}]},{\"@type\":\"WebSite\",\"@id\":\"https:\\\/\\\/www.septembremusical.ch\\\/de\\\/#website\",\"url\":\"https:\\\/\\\/www.septembremusical.ch\\\/de\\\/\",\"name\":\"Septembre Musical - Festival de musique classique en Suisse\",\"description\":\"\",\"publisher\":{\"@id\":\"https:\\\/\\\/www.septembremusical.ch\\\/de\\\/#organization\"},\"potentialAction\":[{\"@type\":\"SearchAction\",\"target\":{\"@type\":\"EntryPoint\",\"urlTemplate\":\"https:\\\/\\\/www.septembremusical.ch\\\/de\\\/?s={search_term_string}\"},\"query-input\":{\"@type\":\"PropertyValueSpecification\",\"valueRequired\":true,\"valueName\":\"search_term_string\"}}],\"inLanguage\":\"de\"},{\"@type\":\"Organization\",\"@id\":\"https:\\\/\\\/www.septembremusical.ch\\\/de\\\/#organization\",\"name\":\"Septembre Musical\",\"url\":\"https:\\\/\\\/www.septembremusical.ch\\\/de\\\/\",\"logo\":{\"@type\":\"ImageObject\",\"inLanguage\":\"de\",\"@id\":\"https:\\\/\\\/www.septembremusical.ch\\\/de\\\/#\\\/schema\\\/logo\\\/image\\\/\",\"url\":\"https:\\\/\\\/www.septembremusical.ch\\\/wp-content\\\/uploads\\\/2025\\\/12\\\/logo.svg\",\"contentUrl\":\"https:\\\/\\\/www.septembremusical.ch\\\/wp-content\\\/uploads\\\/2025\\\/12\\\/logo.svg\",\"caption\":\"Septembre Musical\"},\"image\":{\"@id\":\"https:\\\/\\\/www.septembremusical.ch\\\/de\\\/#\\\/schema\\\/logo\\\/image\\\/\"},\"sameAs\":[\"https:\\\/\\\/www.facebook.com\\\/septmus\\\/\",\"https:\\\/\\\/www.instagram.com\\\/septembremusical\\\/\",\"https:\\\/\\\/www.linkedin.com\\\/company\\\/septembre-musical\\\/\",\"https:\\\/\\\/www.youtube.com\\\/channel\\\/UCIMYgBp7KIFi-6TytkeiLEg\"],\"legalName\":\"Fondation Septembre Musical Montreux-Vevey\",\"contactPoint\":[{\"@type\":\"ContactPoint\",\"contactType\":\"customer service\",\"telephone\":\"+41 21 962 80 00\",\"email\":\"info@septembremusical.ch\",\"availableLanguage\":[\"French\",\"English\",\"German\"]},{\"@type\":\"ContactPoint\",\"contactType\":\"reservations\",\"telephone\":\"+41 21 962 80 05\",\"email\":\"billetterie@septembremusical.ch\",\"availableLanguage\":[\"French\",\"English\",\"German\"]}],\"address\":{\"@type\":\"PostalAddress\",\"addressCountry\":\"CH\",\"addressRegion\":\"VD\"}}]}<\/script>\n<meta property=\"og:video\" content=\"https:\/\/www.youtube.com\/embed\/Dp2SJN4UiE4\" \/>\n<meta property=\"og:video:type\" content=\"text\/html\" \/>\n<meta property=\"og:video:duration\" content=\"3049\" \/>\n<meta property=\"og:video:width\" content=\"480\" \/>\n<meta property=\"og:video:height\" content=\"270\" \/>\n<meta property=\"ya:ovs:adult\" content=\"false\" \/>\n<meta property=\"ya:ovs:upload_date\" content=\"2026-02-25T20:06:27+00:00\" \/>\n<meta property=\"ya:ovs:allow_embed\" content=\"true\" \/>\n<!-- \/ Yoast SEO Premium plugin. -->","yoast_head_json":{"title":"Orchestre National & Daniil Trifonov - Septembre Musical","description":"Galakozert zum 80. Jubil\u00e4um: Daniil Trifonov und das Orchestre National de France spielen Brahms und Mussorgski-Ravel.","robots":{"index":"index","follow":"follow","max-snippet":"max-snippet:-1","max-image-preview":"max-image-preview:large","max-video-preview":"max-video-preview:-1"},"canonical":"https:\/\/www.septembremusical.ch\/de\/programm\/orchestre-national-de-france-daniil-trifonov\/","og_locale":"de_CH","og_type":"article","og_title":"Galakonzert mit Klavierstar Daniil Trifonov & Orchestre National de France","og_description":"Ein unvergesslicher Abend erwartet Sie! Weltklasse-Pianist Daniil Trifonov und das renommierte Orchestre National de France pr\u00e4sentieren Brahms Klavierkonzert Nr. 1 und Mussorgskis Bilder einer Ausstellung. Zum 80. Jubil\u00e4um des Septembre Musical.","og_url":"https:\/\/www.septembremusical.ch\/de\/programm\/orchestre-national-de-france-daniil-trifonov\/","og_site_name":"Septembre Musical","article_publisher":"https:\/\/www.facebook.com\/septmus\/","article_modified_time":"2026-09-03T11:08:26+00:00","twitter_card":"summary_large_image","twitter_title":"Orchestre National de France & Trifonov, Noseda","schema":{"@context":"https:\/\/schema.org","@graph":[{"@type":"WebPage","@id":"https:\/\/www.septembremusical.ch\/de\/programm\/orchestre-national-de-france-daniil-trifonov\/","url":"https:\/\/www.septembremusical.ch\/de\/programm\/orchestre-national-de-france-daniil-trifonov\/","name":"Orchestre National & Daniil Trifonov - Septembre Musical","isPartOf":{"@id":"https:\/\/www.septembremusical.ch\/de\/#website"},"datePublished":"2026-02-25T20:06:27+00:00","dateModified":"2026-09-03T11:08:26+00:00","description":"Galakozert zum 80. Jubil\u00e4um: Daniil Trifonov und das Orchestre National de France spielen Brahms und Mussorgski-Ravel.","breadcrumb":{"@id":"https:\/\/www.septembremusical.ch\/de\/programm\/orchestre-national-de-france-daniil-trifonov\/#breadcrumb"},"inLanguage":"de","potentialAction":[{"@type":"ReadAction","target":["https:\/\/www.septembremusical.ch\/de\/programm\/orchestre-national-de-france-daniil-trifonov\/"]}]},{"@type":"BreadcrumbList","@id":"https:\/\/www.septembremusical.ch\/de\/programm\/orchestre-national-de-france-daniil-trifonov\/#breadcrumb","itemListElement":[{"@type":"ListItem","position":1,"name":"Accueil","item":"https:\/\/www.septembremusical.ch\/de\/"},{"@type":"ListItem","position":2,"name":"Orchestre National de France &#038; Trifonov, Noseda"}]},{"@type":"WebSite","@id":"https:\/\/www.septembremusical.ch\/de\/#website","url":"https:\/\/www.septembremusical.ch\/de\/","name":"Septembre Musical - Festival de musique classique en Suisse","description":"","publisher":{"@id":"https:\/\/www.septembremusical.ch\/de\/#organization"},"potentialAction":[{"@type":"SearchAction","target":{"@type":"EntryPoint","urlTemplate":"https:\/\/www.septembremusical.ch\/de\/?s={search_term_string}"},"query-input":{"@type":"PropertyValueSpecification","valueRequired":true,"valueName":"search_term_string"}}],"inLanguage":"de"},{"@type":"Organization","@id":"https:\/\/www.septembremusical.ch\/de\/#organization","name":"Septembre Musical","url":"https:\/\/www.septembremusical.ch\/de\/","logo":{"@type":"ImageObject","inLanguage":"de","@id":"https:\/\/www.septembremusical.ch\/de\/#\/schema\/logo\/image\/","url":"https:\/\/www.septembremusical.ch\/wp-content\/uploads\/2025\/12\/logo.svg","contentUrl":"https:\/\/www.septembremusical.ch\/wp-content\/uploads\/2025\/12\/logo.svg","caption":"Septembre Musical"},"image":{"@id":"https:\/\/www.septembremusical.ch\/de\/#\/schema\/logo\/image\/"},"sameAs":["https:\/\/www.facebook.com\/septmus\/","https:\/\/www.instagram.com\/septembremusical\/","https:\/\/www.linkedin.com\/company\/septembre-musical\/","https:\/\/www.youtube.com\/channel\/UCIMYgBp7KIFi-6TytkeiLEg"],"legalName":"Fondation Septembre Musical Montreux-Vevey","contactPoint":[{"@type":"ContactPoint","contactType":"customer service","telephone":"+41 21 962 80 00","email":"info@septembremusical.ch","availableLanguage":["French","English","German"]},{"@type":"ContactPoint","contactType":"reservations","telephone":"+41 21 962 80 05","email":"billetterie@septembremusical.ch","availableLanguage":["French","English","German"]}],"address":{"@type":"PostalAddress","addressCountry":"CH","addressRegion":"VD"}}]},"og_video":"https:\/\/www.youtube.com\/embed\/Dp2SJN4UiE4","og_video_type":"text\/html","og_video_duration":"3049","og_video_width":"480","og_video_height":"270","ya_ovs_adult":"false","ya_ovs_upload_date":"2026-02-25T20:06:27+00:00","ya_ovs_allow_embed":"true"},"_links":{"self":[{"href":"https:\/\/www.septembremusical.ch\/de\/wp-json\/wp\/v2\/concerts\/5933","targetHints":{"allow":["GET"]}}],"collection":[{"href":"https:\/\/www.septembremusical.ch\/de\/wp-json\/wp\/v2\/concerts"}],"about":[{"href":"https:\/\/www.septembremusical.ch\/de\/wp-json\/wp\/v2\/types\/concert"}],"version-history":[{"count":2,"href":"https:\/\/www.septembremusical.ch\/de\/wp-json\/wp\/v2\/concerts\/5933\/revisions"}],"predecessor-version":[{"id":7680,"href":"https:\/\/www.septembremusical.ch\/de\/wp-json\/wp\/v2\/concerts\/5933\/revisions\/7680"}],"wp:attachment":[{"href":"https:\/\/www.septembremusical.ch\/de\/wp-json\/wp\/v2\/media?parent=5933"}],"wp:term":[{"taxonomy":"edition","embeddable":true,"href":"https:\/\/www.septembremusical.ch\/de\/wp-json\/wp\/v2\/edition?post=5933"}],"curies":[{"name":"wp","href":"https:\/\/api.w.org\/{rel}","templated":true}]}}

<div class="the-content"><p>Um unsere 80. Ausgabe stilvoll zu beenden, ziehen Sie Ihre schönsten Kleider an! Daniil Trifonov, der absolute Star der klassischen Klaviermusik, tritt dem Orchestre National de France bei, einem 1934 gegründeten Spitzenensemble, das sich der Förderung der französischen Musik verschrieben hat. Unter der Leitung von Maestro Gianandrea Noseda werden zwei Meisterwerke des Repertoires aufgeführt, die bei unserem Publikum besonders beliebt sind: Brahms‘ <em>Konzert Nr. 1 </em>und Mussorgskis <em>Bilder einer Ausstellung </em>in der Orchestrierung von Ravel. Ein Galaabend, an dem Tradition, Eleganz und absolute Virtuosität aufeinander treffen.</p>
</div>

<!-- This site is optimized with the Yoast SEO Premium plugin v28.4 (Yoast SEO v28.4) - https://yoast.com/product/yoast-seo-premium-wordpress/ -->
<title>Orchestre National &amp; Daniil Trifonov - Septembre Musical</title>
<meta name="description" content="Galakozert zum 80. Jubiläum: Daniil Trifonov und das Orchestre National de France spielen Brahms und Mussorgski-Ravel." />
<meta name="robots" content="index, follow, max-snippet:-1, max-image-preview:large, max-video-preview:-1" />
<link rel="canonical" href="https://www.septembremusical.ch/de/programm/orchestre-national-de-france-daniil-trifonov/" />
<meta property="og:locale" content="de_CH" />
<meta property="og:type" content="article" />
<meta property="og:title" content="Galakonzert mit Klavierstar Daniil Trifonov &amp; Orchestre National de France" />
<meta property="og:description" content="Ein unvergesslicher Abend erwartet Sie! Weltklasse-Pianist Daniil Trifonov und das renommierte Orchestre National de France präsentieren Brahms Klavierkonzert Nr. 1 und Mussorgskis Bilder einer Ausstellung. Zum 80. Jubiläum des Septembre Musical." />
<meta property="og:url" content="https://www.septembremusical.ch/de/programm/orchestre-national-de-france-daniil-trifonov/" />
<meta property="og:site_name" content="Septembre Musical" />
<meta property="article:publisher" content="https://www.facebook.com/septmus/" />
<meta property="article:modified_time" content="2026-09-03T11:08:26+00:00" />
<meta name="twitter:card" content="summary_large_image" />
<meta name="twitter:title" content="Orchestre National de France &amp; Trifonov, Noseda" />
<script type="application/ld+json" class="yoast-schema-graph">{"@context":"https:\/\/schema.org","@graph":[{"@type":"WebPage","@id":"https:\/\/www.septembremusical.ch\/de\/programm\/orchestre-national-de-france-daniil-trifonov\/","url":"https:\/\/www.septembremusical.ch\/de\/programm\/orchestre-national-de-france-daniil-trifonov\/","name":"Orchestre National & Daniil Trifonov - Septembre Musical","isPartOf":{"@id":"https:\/\/www.septembremusical.ch\/de\/#website"},"datePublished":"2026-02-25T20:06:27+00:00","dateModified":"2026-09-03T11:08:26+00:00","description":"Galakozert zum 80. Jubiläum: Daniil Trifonov und das Orchestre National de France spielen Brahms und Mussorgski-Ravel.","breadcrumb":{"@id":"https:\/\/www.septembremusical.ch\/de\/programm\/orchestre-national-de-france-daniil-trifonov\/#breadcrumb"},"inLanguage":"de","potentialAction":[{"@type":"ReadAction","target":["https:\/\/www.septembremusical.ch\/de\/programm\/orchestre-national-de-france-daniil-trifonov\/"]}]},{"@type":"BreadcrumbList","@id":"https:\/\/www.septembremusical.ch\/de\/programm\/orchestre-national-de-france-daniil-trifonov\/#breadcrumb","itemListElement":[{"@type":"ListItem","position":1,"name":"Accueil","item":"https:\/\/www.septembremusical.ch\/de\/"},{"@type":"ListItem","position":2,"name":"Orchestre National de France &#038; Trifonov, Noseda"}]},{"@type":"WebSite","@id":"https:\/\/www.septembremusical.ch\/de\/#website","url":"https:\/\/www.septembremusical.ch\/de\/","name":"Septembre Musical - Festival de musique classique en Suisse","description":"","publisher":{"@id":"https:\/\/www.septembremusical.ch\/de\/#organization"},"potentialAction":[{"@type":"SearchAction","target":{"@type":"EntryPoint","urlTemplate":"https:\/\/www.septembremusical.ch\/de\/?s={search_term_string}"},"query-input":{"@type":"PropertyValueSpecification","valueRequired":true,"valueName":"search_term_string"}}],"inLanguage":"de"},{"@type":"Organization","@id":"https:\/\/www.septembremusical.ch\/de\/#organization","name":"Septembre Musical","url":"https:\/\/www.septembremusical.ch\/de\/","logo":{"@type":"ImageObject","inLanguage":"de","@id":"https:\/\/www.septembremusical.ch\/de\/#\/schema\/logo\/image\/","url":"https:\/\/www.septembremusical.ch\/wp-content\/uploads\/2025\/12\/logo.svg","contentUrl":"https:\/\/www.septembremusical.ch\/wp-content\/uploads\/2025\/12\/logo.svg","caption":"Septembre Musical"},"image":{"@id":"https:\/\/www.septembremusical.ch\/de\/#\/schema\/logo\/image\/"},"sameAs":["https:\/\/www.facebook.com\/septmus\/","https:\/\/www.instagram.com\/septembremusical\/","https:\/\/www.linkedin.com\/company\/septembre-musical\/","https:\/\/www.youtube.com\/channel\/UCIMYgBp7KIFi-6TytkeiLEg"],"legalName":"Fondation Septembre Musical Montreux-Vevey","contactPoint":[{"@type":"ContactPoint","contactType":"customer service","telephone":"+41 21 962 80 00","email":"info@septembremusical.ch","availableLanguage":["French","English","German"]},{"@type":"ContactPoint","contactType":"reservations","telephone":"+41 21 962 80 05","email":"billetterie@septembremusical.ch","availableLanguage":["French","English","German"]}],"address":{"@type":"PostalAddress","addressCountry":"CH","addressRegion":"VD"}}]}</script>
<meta property="og:video" content="https://www.youtube.com/embed/Dp2SJN4UiE4" />
<meta property="og:video:type" content="text/html" />
<meta property="og:video:duration" content="3049" />
<meta property="og:video:width" content="480" />
<meta property="og:video:height" content="270" />
<meta property="ya:ovs:adult" content="false" />
<meta property="ya:ovs:upload_date" content="2026-02-25T20:06:27+00:00" />
<meta property="ya:ovs:allow_embed" content="true" />
<!-- / Yoast SEO Premium plugin. -->

Galakozert zum 80. Jubiläum: Daniil Trifonov und das Orchestre National de France spielen Brahms und Mussorgski-Ravel.

Ein unvergesslicher Abend erwartet Sie! Weltklasse-Pianist Daniil Trifonov und das renommierte Orchestre National de France präsentieren Brahms Klavierkonzert Nr. 1 und Mussorgskis Bilder einer Ausstellung. Zum 80. Jubiläum des Septembre Musical.
