{"id":5928,"date":"2026-02-25T21:17:03","date_gmt":"2026-02-25T20:17:03","guid":{"rendered":"https:\/\/www.septembremusical.ch\/programme\/les-siecles-alexandra-conunova-2\/"},"modified":"2026-09-04T12:41:06","modified_gmt":"2026-09-04T10:41:06","slug":"les-siecles-alexandra-conunova-2","status":"publish","type":"concert","link":"https:\/\/www.septembremusical.ch\/de\/programm\/les-siecles-alexandra-conunova-2\/","title":{"rendered":"Les Si\u00e8cles &#038; Conunova, M\u00e4lkki"},"content":{"rendered":"<div class=\"the-content\"><p>Montreux, UNESCO-\u201eStadt der Musik\u201c, feiert ihr Erbe. Drei bahnbrechende Meisterwerke, die hier entstanden sind, werden neu interpretiert. Les Si\u00e8cles, Musiker einer neuen Generation, die auf historischen Instrumenten spielen, werden insbesondere die Intensit\u00e4t der Urauff\u00fchrung von <em>Le Sacre du Printemps <\/em>aus dem Jahr 1913 mit der Originalpartitur wiederaufleben lassen. Unter der vision\u00e4ren Leitung von Susanna M\u00e4lkki, Ritter der Ehrenlegion, und mit der virtuosen Geigerin Alexandra Conunova, einer treuen Besucherin des Festivals, k\u00f6nnen Sie die Musikgeschichte der Stadt Montreux neu erleben. Ein legend\u00e4rer Abend.<\/p>\n<\/div>","protected":false},"template":"","edition":[91],"class_list":["post-5928","concert","type-concert","status-publish","hentry","edition-91"],"acf":[],"yoast_head":"<!-- This site is optimized with the Yoast SEO Premium plugin v28.4 (Yoast SEO v28.4) - https:\/\/yoast.com\/product\/yoast-seo-premium-wordpress\/ -->\n<title>Les Si\u00e8cles &amp; Alexandra Conunova live - Septembre Musical<\/title>\n<meta name=\"description\" content=\"Erleben Sie Les Si\u00e8cles und Alexandra Conunova in Montreux. Historische Meisterwerke mit Originalpartituren unter Susanna M\u00e4lkki.\" \/>\n<meta name=\"robots\" content=\"index, follow, max-snippet:-1, max-image-preview:large, max-video-preview:-1\" \/>\n<link rel=\"canonical\" href=\"https:\/\/www.septembremusical.ch\/de\/programm\/les-siecles-alexandra-conunova-2\/\" \/>\n<meta property=\"og:locale\" content=\"de_CH\" \/>\n<meta property=\"og:type\" content=\"article\" \/>\n<meta property=\"og:title\" content=\"Les Si\u00e8cles &amp; Alexandra Conunova - Legend\u00e4rer Abend in Montreux\" \/>\n<meta property=\"og:description\" content=\"Eine magische Nacht erwartet Sie: Les Si\u00e8cles spielen auf historischen Instrumenten, Alexandra Conunova verzaubert als Solistin. Unter Susanna M\u00e4lkkis Leitung werden Meisterwerke wie das Sacre du Printemps zum Leben erweckt.\" \/>\n<meta property=\"og:url\" content=\"https:\/\/www.septembremusical.ch\/de\/programm\/les-siecles-alexandra-conunova-2\/\" \/>\n<meta property=\"og:site_name\" content=\"Septembre Musical\" \/>\n<meta property=\"article:publisher\" content=\"https:\/\/www.facebook.com\/septmus\/\" \/>\n<meta property=\"article:modified_time\" content=\"2026-09-04T10:41:06+00:00\" \/>\n<meta name=\"twitter:card\" content=\"summary_large_image\" \/>\n<meta name=\"twitter:title\" content=\"Les Si\u00e8cles &amp; Conunova, M\u00e4lkki\" \/>\n<script type=\"application\/ld+json\" class=\"yoast-schema-graph\">{\"@context\":\"https:\\\/\\\/schema.org\",\"@graph\":[{\"@type\":\"WebPage\",\"@id\":\"https:\\\/\\\/www.septembremusical.ch\\\/de\\\/programm\\\/les-siecles-alexandra-conunova-2\\\/\",\"url\":\"https:\\\/\\\/www.septembremusical.ch\\\/de\\\/programm\\\/les-siecles-alexandra-conunova-2\\\/\",\"name\":\"Les Si\u00e8cles & Alexandra Conunova live - Septembre Musical\",\"isPartOf\":{\"@id\":\"https:\\\/\\\/www.septembremusical.ch\\\/de\\\/#website\"},\"datePublished\":\"2026-02-25T20:17:03+00:00\",\"dateModified\":\"2026-09-04T10:41:06+00:00\",\"description\":\"Erleben Sie Les Si\u00e8cles und Alexandra Conunova in Montreux. Historische Meisterwerke mit Originalpartituren unter Susanna M\u00e4lkki.\",\"breadcrumb\":{\"@id\":\"https:\\\/\\\/www.septembremusical.ch\\\/de\\\/programm\\\/les-siecles-alexandra-conunova-2\\\/#breadcrumb\"},\"inLanguage\":\"de\",\"potentialAction\":[{\"@type\":\"ReadAction\",\"target\":[\"https:\\\/\\\/www.septembremusical.ch\\\/de\\\/programm\\\/les-siecles-alexandra-conunova-2\\\/\"]}]},{\"@type\":\"BreadcrumbList\",\"@id\":\"https:\\\/\\\/www.septembremusical.ch\\\/de\\\/programm\\\/les-siecles-alexandra-conunova-2\\\/#breadcrumb\",\"itemListElement\":[{\"@type\":\"ListItem\",\"position\":1,\"name\":\"Accueil\",\"item\":\"https:\\\/\\\/www.septembremusical.ch\\\/de\\\/\"},{\"@type\":\"ListItem\",\"position\":2,\"name\":\"Les Si\u00e8cles &#038; Conunova, M\u00e4lkki\"}]},{\"@type\":\"WebSite\",\"@id\":\"https:\\\/\\\/www.septembremusical.ch\\\/de\\\/#website\",\"url\":\"https:\\\/\\\/www.septembremusical.ch\\\/de\\\/\",\"name\":\"Septembre Musical - Festival de musique classique en Suisse\",\"description\":\"\",\"publisher\":{\"@id\":\"https:\\\/\\\/www.septembremusical.ch\\\/de\\\/#organization\"},\"potentialAction\":[{\"@type\":\"SearchAction\",\"target\":{\"@type\":\"EntryPoint\",\"urlTemplate\":\"https:\\\/\\\/www.septembremusical.ch\\\/de\\\/?s={search_term_string}\"},\"query-input\":{\"@type\":\"PropertyValueSpecification\",\"valueRequired\":true,\"valueName\":\"search_term_string\"}}],\"inLanguage\":\"de\"},{\"@type\":\"Organization\",\"@id\":\"https:\\\/\\\/www.septembremusical.ch\\\/de\\\/#organization\",\"name\":\"Septembre Musical\",\"url\":\"https:\\\/\\\/www.septembremusical.ch\\\/de\\\/\",\"logo\":{\"@type\":\"ImageObject\",\"inLanguage\":\"de\",\"@id\":\"https:\\\/\\\/www.septembremusical.ch\\\/de\\\/#\\\/schema\\\/logo\\\/image\\\/\",\"url\":\"https:\\\/\\\/www.septembremusical.ch\\\/wp-content\\\/uploads\\\/2025\\\/12\\\/logo.svg\",\"contentUrl\":\"https:\\\/\\\/www.septembremusical.ch\\\/wp-content\\\/uploads\\\/2025\\\/12\\\/logo.svg\",\"caption\":\"Septembre Musical\"},\"image\":{\"@id\":\"https:\\\/\\\/www.septembremusical.ch\\\/de\\\/#\\\/schema\\\/logo\\\/image\\\/\"},\"sameAs\":[\"https:\\\/\\\/www.facebook.com\\\/septmus\\\/\",\"https:\\\/\\\/www.instagram.com\\\/septembremusical\\\/\",\"https:\\\/\\\/www.linkedin.com\\\/company\\\/septembre-musical\\\/\",\"https:\\\/\\\/www.youtube.com\\\/channel\\\/UCIMYgBp7KIFi-6TytkeiLEg\"],\"legalName\":\"Fondation Septembre Musical Montreux-Vevey\",\"contactPoint\":[{\"@type\":\"ContactPoint\",\"contactType\":\"customer service\",\"telephone\":\"+41 21 962 80 00\",\"email\":\"info@septembremusical.ch\",\"availableLanguage\":[\"French\",\"English\",\"German\"]},{\"@type\":\"ContactPoint\",\"contactType\":\"reservations\",\"telephone\":\"+41 21 962 80 05\",\"email\":\"billetterie@septembremusical.ch\",\"availableLanguage\":[\"French\",\"English\",\"German\"]}],\"address\":{\"@type\":\"PostalAddress\",\"addressCountry\":\"CH\",\"addressRegion\":\"VD\"}}]}<\/script>\n<meta property=\"og:video\" content=\"https:\/\/www.youtube.com\/embed\/hGzGOPHxvMQ\" \/>\n<meta property=\"og:video:type\" content=\"text\/html\" \/>\n<meta property=\"og:video:duration\" content=\"100\" \/>\n<meta property=\"og:video:width\" content=\"480\" \/>\n<meta property=\"og:video:height\" content=\"270\" \/>\n<meta property=\"ya:ovs:adult\" content=\"false\" \/>\n<meta property=\"ya:ovs:upload_date\" content=\"2026-02-25T20:17:03+00:00\" \/>\n<meta property=\"ya:ovs:allow_embed\" content=\"true\" \/>\n<!-- \/ Yoast SEO Premium plugin. -->","yoast_head_json":{"title":"Les Si\u00e8cles & Alexandra Conunova live - Septembre Musical","description":"Erleben Sie Les Si\u00e8cles und Alexandra Conunova in Montreux. Historische Meisterwerke mit Originalpartituren unter Susanna M\u00e4lkki.","robots":{"index":"index","follow":"follow","max-snippet":"max-snippet:-1","max-image-preview":"max-image-preview:large","max-video-preview":"max-video-preview:-1"},"canonical":"https:\/\/www.septembremusical.ch\/de\/programm\/les-siecles-alexandra-conunova-2\/","og_locale":"de_CH","og_type":"article","og_title":"Les Si\u00e8cles & Alexandra Conunova - Legend\u00e4rer Abend in Montreux","og_description":"Eine magische Nacht erwartet Sie: Les Si\u00e8cles spielen auf historischen Instrumenten, Alexandra Conunova verzaubert als Solistin. Unter Susanna M\u00e4lkkis Leitung werden Meisterwerke wie das Sacre du Printemps zum Leben erweckt.","og_url":"https:\/\/www.septembremusical.ch\/de\/programm\/les-siecles-alexandra-conunova-2\/","og_site_name":"Septembre Musical","article_publisher":"https:\/\/www.facebook.com\/septmus\/","article_modified_time":"2026-09-04T10:41:06+00:00","twitter_card":"summary_large_image","twitter_title":"Les Si\u00e8cles & Conunova, M\u00e4lkki","schema":{"@context":"https:\/\/schema.org","@graph":[{"@type":"WebPage","@id":"https:\/\/www.septembremusical.ch\/de\/programm\/les-siecles-alexandra-conunova-2\/","url":"https:\/\/www.septembremusical.ch\/de\/programm\/les-siecles-alexandra-conunova-2\/","name":"Les Si\u00e8cles & Alexandra Conunova live - Septembre Musical","isPartOf":{"@id":"https:\/\/www.septembremusical.ch\/de\/#website"},"datePublished":"2026-02-25T20:17:03+00:00","dateModified":"2026-09-04T10:41:06+00:00","description":"Erleben Sie Les Si\u00e8cles und Alexandra Conunova in Montreux. Historische Meisterwerke mit Originalpartituren unter Susanna M\u00e4lkki.","breadcrumb":{"@id":"https:\/\/www.septembremusical.ch\/de\/programm\/les-siecles-alexandra-conunova-2\/#breadcrumb"},"inLanguage":"de","potentialAction":[{"@type":"ReadAction","target":["https:\/\/www.septembremusical.ch\/de\/programm\/les-siecles-alexandra-conunova-2\/"]}]},{"@type":"BreadcrumbList","@id":"https:\/\/www.septembremusical.ch\/de\/programm\/les-siecles-alexandra-conunova-2\/#breadcrumb","itemListElement":[{"@type":"ListItem","position":1,"name":"Accueil","item":"https:\/\/www.septembremusical.ch\/de\/"},{"@type":"ListItem","position":2,"name":"Les Si\u00e8cles &#038; Conunova, M\u00e4lkki"}]},{"@type":"WebSite","@id":"https:\/\/www.septembremusical.ch\/de\/#website","url":"https:\/\/www.septembremusical.ch\/de\/","name":"Septembre Musical - Festival de musique classique en Suisse","description":"","publisher":{"@id":"https:\/\/www.septembremusical.ch\/de\/#organization"},"potentialAction":[{"@type":"SearchAction","target":{"@type":"EntryPoint","urlTemplate":"https:\/\/www.septembremusical.ch\/de\/?s={search_term_string}"},"query-input":{"@type":"PropertyValueSpecification","valueRequired":true,"valueName":"search_term_string"}}],"inLanguage":"de"},{"@type":"Organization","@id":"https:\/\/www.septembremusical.ch\/de\/#organization","name":"Septembre Musical","url":"https:\/\/www.septembremusical.ch\/de\/","logo":{"@type":"ImageObject","inLanguage":"de","@id":"https:\/\/www.septembremusical.ch\/de\/#\/schema\/logo\/image\/","url":"https:\/\/www.septembremusical.ch\/wp-content\/uploads\/2025\/12\/logo.svg","contentUrl":"https:\/\/www.septembremusical.ch\/wp-content\/uploads\/2025\/12\/logo.svg","caption":"Septembre Musical"},"image":{"@id":"https:\/\/www.septembremusical.ch\/de\/#\/schema\/logo\/image\/"},"sameAs":["https:\/\/www.facebook.com\/septmus\/","https:\/\/www.instagram.com\/septembremusical\/","https:\/\/www.linkedin.com\/company\/septembre-musical\/","https:\/\/www.youtube.com\/channel\/UCIMYgBp7KIFi-6TytkeiLEg"],"legalName":"Fondation Septembre Musical Montreux-Vevey","contactPoint":[{"@type":"ContactPoint","contactType":"customer service","telephone":"+41 21 962 80 00","email":"info@septembremusical.ch","availableLanguage":["French","English","German"]},{"@type":"ContactPoint","contactType":"reservations","telephone":"+41 21 962 80 05","email":"billetterie@septembremusical.ch","availableLanguage":["French","English","German"]}],"address":{"@type":"PostalAddress","addressCountry":"CH","addressRegion":"VD"}}]},"og_video":"https:\/\/www.youtube.com\/embed\/hGzGOPHxvMQ","og_video_type":"text\/html","og_video_duration":"100","og_video_width":"480","og_video_height":"270","ya_ovs_adult":"false","ya_ovs_upload_date":"2026-02-25T20:17:03+00:00","ya_ovs_allow_embed":"true"},"_links":{"self":[{"href":"https:\/\/www.septembremusical.ch\/de\/wp-json\/wp\/v2\/concerts\/5928","targetHints":{"allow":["GET"]}}],"collection":[{"href":"https:\/\/www.septembremusical.ch\/de\/wp-json\/wp\/v2\/concerts"}],"about":[{"href":"https:\/\/www.septembremusical.ch\/de\/wp-json\/wp\/v2\/types\/concert"}],"version-history":[{"count":1,"href":"https:\/\/www.septembremusical.ch\/de\/wp-json\/wp\/v2\/concerts\/5928\/revisions"}],"predecessor-version":[{"id":7686,"href":"https:\/\/www.septembremusical.ch\/de\/wp-json\/wp\/v2\/concerts\/5928\/revisions\/7686"}],"wp:attachment":[{"href":"https:\/\/www.septembremusical.ch\/de\/wp-json\/wp\/v2\/media?parent=5928"}],"wp:term":[{"taxonomy":"edition","embeddable":true,"href":"https:\/\/www.septembremusical.ch\/de\/wp-json\/wp\/v2\/edition?post=5928"}],"curies":[{"name":"wp","href":"https:\/\/api.w.org\/{rel}","templated":true}]}}

Les Siècles &#038; Conunova, Mälkki

<div class="the-content"><p>Montreux, UNESCO-„Stadt der Musik“, feiert ihr Erbe. Drei bahnbrechende Meisterwerke, die hier entstanden sind, werden neu interpretiert. Les Siècles, Musiker einer neuen Generation, die auf historischen Instrumenten spielen, werden insbesondere die Intensität der Uraufführung von <em>Le Sacre du Printemps </em>aus dem Jahr 1913 mit der Originalpartitur wiederaufleben lassen. Unter der visionären Leitung von Susanna Mälkki, Ritter der Ehrenlegion, und mit der virtuosen Geigerin Alexandra Conunova, einer treuen Besucherin des Festivals, können Sie die Musikgeschichte der Stadt Montreux neu erleben. Ein legendärer Abend.</p>
</div>

<!-- This site is optimized with the Yoast SEO Premium plugin v28.4 (Yoast SEO v28.4) - https://yoast.com/product/yoast-seo-premium-wordpress/ -->
<title>Les Siècles &amp; Alexandra Conunova live - Septembre Musical</title>
<meta name="description" content="Erleben Sie Les Siècles und Alexandra Conunova in Montreux. Historische Meisterwerke mit Originalpartituren unter Susanna Mälkki." />
<meta name="robots" content="index, follow, max-snippet:-1, max-image-preview:large, max-video-preview:-1" />
<link rel="canonical" href="https://www.septembremusical.ch/de/programm/les-siecles-alexandra-conunova-2/" />
<meta property="og:locale" content="de_CH" />
<meta property="og:type" content="article" />
<meta property="og:title" content="Les Siècles &amp; Alexandra Conunova - Legendärer Abend in Montreux" />
<meta property="og:description" content="Eine magische Nacht erwartet Sie: Les Siècles spielen auf historischen Instrumenten, Alexandra Conunova verzaubert als Solistin. Unter Susanna Mälkkis Leitung werden Meisterwerke wie das Sacre du Printemps zum Leben erweckt." />
<meta property="og:url" content="https://www.septembremusical.ch/de/programm/les-siecles-alexandra-conunova-2/" />
<meta property="og:site_name" content="Septembre Musical" />
<meta property="article:publisher" content="https://www.facebook.com/septmus/" />
<meta property="article:modified_time" content="2026-09-04T10:41:06+00:00" />
<meta name="twitter:card" content="summary_large_image" />
<meta name="twitter:title" content="Les Siècles &amp; Conunova, Mälkki" />
<script type="application/ld+json" class="yoast-schema-graph">{"@context":"https:\/\/schema.org","@graph":[{"@type":"WebPage","@id":"https:\/\/www.septembremusical.ch\/de\/programm\/les-siecles-alexandra-conunova-2\/","url":"https:\/\/www.septembremusical.ch\/de\/programm\/les-siecles-alexandra-conunova-2\/","name":"Les Siècles & Alexandra Conunova live - Septembre Musical","isPartOf":{"@id":"https:\/\/www.septembremusical.ch\/de\/#website"},"datePublished":"2026-02-25T20:17:03+00:00","dateModified":"2026-09-04T10:41:06+00:00","description":"Erleben Sie Les Siècles und Alexandra Conunova in Montreux. Historische Meisterwerke mit Originalpartituren unter Susanna Mälkki.","breadcrumb":{"@id":"https:\/\/www.septembremusical.ch\/de\/programm\/les-siecles-alexandra-conunova-2\/#breadcrumb"},"inLanguage":"de","potentialAction":[{"@type":"ReadAction","target":["https:\/\/www.septembremusical.ch\/de\/programm\/les-siecles-alexandra-conunova-2\/"]}]},{"@type":"BreadcrumbList","@id":"https:\/\/www.septembremusical.ch\/de\/programm\/les-siecles-alexandra-conunova-2\/#breadcrumb","itemListElement":[{"@type":"ListItem","position":1,"name":"Accueil","item":"https:\/\/www.septembremusical.ch\/de\/"},{"@type":"ListItem","position":2,"name":"Les Siècles &#038; Conunova, Mälkki"}]},{"@type":"WebSite","@id":"https:\/\/www.septembremusical.ch\/de\/#website","url":"https:\/\/www.septembremusical.ch\/de\/","name":"Septembre Musical - Festival de musique classique en Suisse","description":"","publisher":{"@id":"https:\/\/www.septembremusical.ch\/de\/#organization"},"potentialAction":[{"@type":"SearchAction","target":{"@type":"EntryPoint","urlTemplate":"https:\/\/www.septembremusical.ch\/de\/?s={search_term_string}"},"query-input":{"@type":"PropertyValueSpecification","valueRequired":true,"valueName":"search_term_string"}}],"inLanguage":"de"},{"@type":"Organization","@id":"https:\/\/www.septembremusical.ch\/de\/#organization","name":"Septembre Musical","url":"https:\/\/www.septembremusical.ch\/de\/","logo":{"@type":"ImageObject","inLanguage":"de","@id":"https:\/\/www.septembremusical.ch\/de\/#\/schema\/logo\/image\/","url":"https:\/\/www.septembremusical.ch\/wp-content\/uploads\/2025\/12\/logo.svg","contentUrl":"https:\/\/www.septembremusical.ch\/wp-content\/uploads\/2025\/12\/logo.svg","caption":"Septembre Musical"},"image":{"@id":"https:\/\/www.septembremusical.ch\/de\/#\/schema\/logo\/image\/"},"sameAs":["https:\/\/www.facebook.com\/septmus\/","https:\/\/www.instagram.com\/septembremusical\/","https:\/\/www.linkedin.com\/company\/septembre-musical\/","https:\/\/www.youtube.com\/channel\/UCIMYgBp7KIFi-6TytkeiLEg"],"legalName":"Fondation Septembre Musical Montreux-Vevey","contactPoint":[{"@type":"ContactPoint","contactType":"customer service","telephone":"+41 21 962 80 00","email":"info@septembremusical.ch","availableLanguage":["French","English","German"]},{"@type":"ContactPoint","contactType":"reservations","telephone":"+41 21 962 80 05","email":"billetterie@septembremusical.ch","availableLanguage":["French","English","German"]}],"address":{"@type":"PostalAddress","addressCountry":"CH","addressRegion":"VD"}}]}</script>
<meta property="og:video" content="https://www.youtube.com/embed/hGzGOPHxvMQ" />
<meta property="og:video:type" content="text/html" />
<meta property="og:video:duration" content="100" />
<meta property="og:video:width" content="480" />
<meta property="og:video:height" content="270" />
<meta property="ya:ovs:adult" content="false" />
<meta property="ya:ovs:upload_date" content="2026-02-25T20:17:03+00:00" />
<meta property="ya:ovs:allow_embed" content="true" />
<!-- / Yoast SEO Premium plugin. -->

Les Siècles & Alexandra Conunova live - Septembre Musical

Erleben Sie Les Siècles und Alexandra Conunova in Montreux. Historische Meisterwerke mit Originalpartituren unter Susanna Mälkki.

Les Siècles & Alexandra Conunova - Legendärer Abend in Montreux

Eine magische Nacht erwartet Sie: Les Siècles spielen auf historischen Instrumenten, Alexandra Conunova verzaubert als Solistin. Unter Susanna Mälkkis Leitung werden Meisterwerke wie das Sacre du Printemps zum Leben erweckt.

Les Siècles & Conunova, Mälkki
