{"id":3499,"date":"2026-01-29T15:54:12","date_gmt":"2026-01-29T14:54:12","guid":{"rendered":"https:\/\/www.septembremusical.ch\/programme\/kian-soltani-friends\/"},"modified":"2026-02-17T14:05:18","modified_gmt":"2026-02-17T13:05:18","slug":"kian-soltani-friends","status":"publish","type":"concert","link":"https:\/\/www.septembremusical.ch\/de\/programm\/kian-soltani-friends\/","title":{"rendered":"KIAN SOLTANI &#038; FRIENDS"},"content":{"rendered":"<div class=\"the-content\"><p>Der Cellist Kian Soltani, dem einige Medien das Pr\u00e4dikat \u00abreine Perfektion\u00bb verliehen haben, umgibt sich mit sieben weiteren Cellovirtuosen f\u00fcr eine \u00fcberw\u00e4ltigende Hommage an die grosse Filmmusik Hollywoods. Die Meisterwerke von\u00a0<em>Fluch der Karibik<\/em>\u00a0bis\u00a0<em>Herr der Ringe<\/em>\u00a0interpretiert er mit Leidenschaft neu und bereichert das Programm mit seinen eigenen Kompositionen. Ein immersives Spektakel, wo sich das Cello mit den projizierten Bildern vereint und das Publikum mit magischer Kraft in die Kinowelt hineinzieht.<\/p>\n<p><strong>Hans Zimmer<\/strong>\u00a0(*1957)<br>\n<em>Fluch der Karibik<\/em><br>\n<strong>Howard Shore<\/strong>\u00a0(*1946)<br>\n<em>Der Herr der Ringe<\/em><br>\n<strong>Kian Soltani<\/strong>\u00a0(*1992)<br>\n<em>Intermezzo. A scene from the past<\/em><br>\n<strong>Alfred Schnittke<\/strong>\u00a0(1934\u20131998)<br>\nTango (aus der Filmmusik zu\u00a0<em>Agonia<\/em>\u00a0von Elem Klimow)<br>\n<strong>John Powell<\/strong>\u00a0(*1963)<br>\n<em>Die Bourne-Identit\u00e4t<\/em><br>\nHans Zimmer (*1957)<br>\n<em>The Da Vinci Code<\/em><br>\n<strong>Tom Tykwer<\/strong>\u00a0(*1965),\u00a0<strong>Reinhold Heil<\/strong>\u00a0(*1954), Johnny Klimek (*1962)<br>\n<em>Das Parfum \u2013 Die Geschichte eines M\u00f6rders<\/em><br>\n<strong>Kian Soltani<\/strong>\u00a0(*1992)<br>\n<em>Cello Unlimited<\/em><\/p>\n<p>Abendkasse und Akkreditierungen: 1 Stunde vor Konzertbeginn.<br>\nDauer des Konzerts: ca. 1,5 Stunden.<br>\nKeine Pause.<\/p>\n<p><strong>PREISE (CHF)<\/strong><br>\nKat. A: 69.\u2013 | Kat. B: 59.\u2013<br>\nJugendliche\/Studierende\/Lernende: 10.\u2013<\/p>\n<\/div>","protected":false},"template":"","edition":[74],"class_list":["post-3499","concert","type-concert","status-publish","hentry","edition-74"],"acf":[],"yoast_head":"<!-- This site is optimized with the Yoast SEO Premium plugin v28.4 (Yoast SEO v28.4) - https:\/\/yoast.com\/product\/yoast-seo-premium-wordpress\/ -->\n<title>KIAN SOLTANI &amp; FRIENDS - Filmmusik-Gala - Septembre Musical<\/title>\n<meta name=\"description\" content=\"Cellist Kian Soltani und sieben Virtuosen pr\u00e4sentieren Hollywood-Filmmusik von Hans Zimmer bis Howard Shore. Ein magisches Cello-Spektakel!\" \/>\n<meta name=\"robots\" content=\"index, follow, max-snippet:-1, max-image-preview:large, max-video-preview:-1\" \/>\n<link rel=\"canonical\" href=\"https:\/\/www.septembremusical.ch\/de\/programm\/kian-soltani-friends\/\" \/>\n<meta property=\"og:locale\" content=\"de_CH\" \/>\n<meta property=\"og:type\" content=\"article\" \/>\n<meta property=\"og:title\" content=\"KIAN SOLTANI &amp; FRIENDS - Unvergessliche Filmmusik-Gala mit 8 Cello-Virtuosen\" \/>\n<meta property=\"og:description\" content=\"Erleben Sie pure Perfektion! Kian Soltani und 7 Cellovirtuosen interpretieren legend\u00e4re Filmmusik von Fluch der Karibik bis Herr der Ringe. Ein immersives Spektakel mit projizierten Bildern erwartet Sie!\" \/>\n<meta property=\"og:url\" content=\"https:\/\/www.septembremusical.ch\/de\/programm\/kian-soltani-friends\/\" \/>\n<meta property=\"og:site_name\" content=\"Septembre Musical\" \/>\n<meta property=\"article:publisher\" content=\"https:\/\/www.facebook.com\/septmus\/\" \/>\n<meta property=\"article:modified_time\" content=\"2026-02-17T13:05:18+00:00\" \/>\n<meta name=\"twitter:card\" content=\"summary_large_image\" \/>\n<meta name=\"twitter:title\" content=\"KIAN SOLTANI &amp; FRIENDS\" \/>\n<script type=\"application\/ld+json\" class=\"yoast-schema-graph\">{\"@context\":\"https:\\\/\\\/schema.org\",\"@graph\":[{\"@type\":\"WebPage\",\"@id\":\"https:\\\/\\\/www.septembremusical.ch\\\/de\\\/programm\\\/kian-soltani-friends\\\/\",\"url\":\"https:\\\/\\\/www.septembremusical.ch\\\/de\\\/programm\\\/kian-soltani-friends\\\/\",\"name\":\"KIAN SOLTANI & FRIENDS - Filmmusik-Gala - Septembre Musical\",\"isPartOf\":{\"@id\":\"https:\\\/\\\/www.septembremusical.ch\\\/de\\\/#website\"},\"datePublished\":\"2026-01-29T14:54:12+00:00\",\"dateModified\":\"2026-02-17T13:05:18+00:00\",\"description\":\"Cellist Kian Soltani und sieben Virtuosen pr\u00e4sentieren Hollywood-Filmmusik von Hans Zimmer bis Howard Shore. Ein magisches Cello-Spektakel!\",\"breadcrumb\":{\"@id\":\"https:\\\/\\\/www.septembremusical.ch\\\/de\\\/programm\\\/kian-soltani-friends\\\/#breadcrumb\"},\"inLanguage\":\"de\",\"potentialAction\":[{\"@type\":\"ReadAction\",\"target\":[\"https:\\\/\\\/www.septembremusical.ch\\\/de\\\/programm\\\/kian-soltani-friends\\\/\"]}]},{\"@type\":\"BreadcrumbList\",\"@id\":\"https:\\\/\\\/www.septembremusical.ch\\\/de\\\/programm\\\/kian-soltani-friends\\\/#breadcrumb\",\"itemListElement\":[{\"@type\":\"ListItem\",\"position\":1,\"name\":\"Accueil\",\"item\":\"https:\\\/\\\/www.septembremusical.ch\\\/de\\\/\"},{\"@type\":\"ListItem\",\"position\":2,\"name\":\"KIAN SOLTANI &#038; FRIENDS\"}]},{\"@type\":\"WebSite\",\"@id\":\"https:\\\/\\\/www.septembremusical.ch\\\/de\\\/#website\",\"url\":\"https:\\\/\\\/www.septembremusical.ch\\\/de\\\/\",\"name\":\"Septembre Musical - Festival de musique classique en Suisse\",\"description\":\"\",\"publisher\":{\"@id\":\"https:\\\/\\\/www.septembremusical.ch\\\/de\\\/#organization\"},\"potentialAction\":[{\"@type\":\"SearchAction\",\"target\":{\"@type\":\"EntryPoint\",\"urlTemplate\":\"https:\\\/\\\/www.septembremusical.ch\\\/de\\\/?s={search_term_string}\"},\"query-input\":{\"@type\":\"PropertyValueSpecification\",\"valueRequired\":true,\"valueName\":\"search_term_string\"}}],\"inLanguage\":\"de\"},{\"@type\":\"Organization\",\"@id\":\"https:\\\/\\\/www.septembremusical.ch\\\/de\\\/#organization\",\"name\":\"Septembre Musical\",\"url\":\"https:\\\/\\\/www.septembremusical.ch\\\/de\\\/\",\"logo\":{\"@type\":\"ImageObject\",\"inLanguage\":\"de\",\"@id\":\"https:\\\/\\\/www.septembremusical.ch\\\/de\\\/#\\\/schema\\\/logo\\\/image\\\/\",\"url\":\"https:\\\/\\\/www.septembremusical.ch\\\/wp-content\\\/uploads\\\/2025\\\/12\\\/logo.svg\",\"contentUrl\":\"https:\\\/\\\/www.septembremusical.ch\\\/wp-content\\\/uploads\\\/2025\\\/12\\\/logo.svg\",\"caption\":\"Septembre Musical\"},\"image\":{\"@id\":\"https:\\\/\\\/www.septembremusical.ch\\\/de\\\/#\\\/schema\\\/logo\\\/image\\\/\"},\"sameAs\":[\"https:\\\/\\\/www.facebook.com\\\/septmus\\\/\",\"https:\\\/\\\/www.instagram.com\\\/septembremusical\\\/\",\"https:\\\/\\\/www.linkedin.com\\\/company\\\/septembre-musical\\\/\",\"https:\\\/\\\/www.youtube.com\\\/channel\\\/UCIMYgBp7KIFi-6TytkeiLEg\"],\"legalName\":\"Fondation Septembre Musical Montreux-Vevey\",\"contactPoint\":[{\"@type\":\"ContactPoint\",\"contactType\":\"customer service\",\"telephone\":\"+41 21 962 80 00\",\"email\":\"info@septembremusical.ch\",\"availableLanguage\":[\"French\",\"English\",\"German\"]},{\"@type\":\"ContactPoint\",\"contactType\":\"reservations\",\"telephone\":\"+41 21 962 80 05\",\"email\":\"billetterie@septembremusical.ch\",\"availableLanguage\":[\"French\",\"English\",\"German\"]}],\"address\":{\"@type\":\"PostalAddress\",\"addressCountry\":\"CH\",\"addressRegion\":\"VD\"}}]}<\/script>\n<meta property=\"og:video\" content=\"https:\/\/www.youtube.com\/embed\/6oVH3hzvpO8\" \/>\n<meta property=\"og:video:type\" content=\"text\/html\" \/>\n<meta property=\"og:video:duration\" content=\"16\" \/>\n<meta property=\"og:video:width\" content=\"480\" \/>\n<meta property=\"og:video:height\" content=\"270\" \/>\n<meta property=\"ya:ovs:adult\" content=\"false\" \/>\n<meta property=\"ya:ovs:upload_date\" content=\"2026-01-29T14:54:12+00:00\" \/>\n<meta property=\"ya:ovs:allow_embed\" content=\"true\" \/>\n<!-- \/ Yoast SEO Premium plugin. -->","yoast_head_json":{"title":"KIAN SOLTANI & FRIENDS - Filmmusik-Gala - Septembre Musical","description":"Cellist Kian Soltani und sieben Virtuosen pr\u00e4sentieren Hollywood-Filmmusik von Hans Zimmer bis Howard Shore. Ein magisches Cello-Spektakel!","robots":{"index":"index","follow":"follow","max-snippet":"max-snippet:-1","max-image-preview":"max-image-preview:large","max-video-preview":"max-video-preview:-1"},"canonical":"https:\/\/www.septembremusical.ch\/de\/programm\/kian-soltani-friends\/","og_locale":"de_CH","og_type":"article","og_title":"KIAN SOLTANI & FRIENDS - Unvergessliche Filmmusik-Gala mit 8 Cello-Virtuosen","og_description":"Erleben Sie pure Perfektion! Kian Soltani und 7 Cellovirtuosen interpretieren legend\u00e4re Filmmusik von Fluch der Karibik bis Herr der Ringe. Ein immersives Spektakel mit projizierten Bildern erwartet Sie!","og_url":"https:\/\/www.septembremusical.ch\/de\/programm\/kian-soltani-friends\/","og_site_name":"Septembre Musical","article_publisher":"https:\/\/www.facebook.com\/septmus\/","article_modified_time":"2026-02-17T13:05:18+00:00","twitter_card":"summary_large_image","twitter_title":"KIAN SOLTANI & FRIENDS","schema":{"@context":"https:\/\/schema.org","@graph":[{"@type":"WebPage","@id":"https:\/\/www.septembremusical.ch\/de\/programm\/kian-soltani-friends\/","url":"https:\/\/www.septembremusical.ch\/de\/programm\/kian-soltani-friends\/","name":"KIAN SOLTANI & FRIENDS - Filmmusik-Gala - Septembre Musical","isPartOf":{"@id":"https:\/\/www.septembremusical.ch\/de\/#website"},"datePublished":"2026-01-29T14:54:12+00:00","dateModified":"2026-02-17T13:05:18+00:00","description":"Cellist Kian Soltani und sieben Virtuosen pr\u00e4sentieren Hollywood-Filmmusik von Hans Zimmer bis Howard Shore. Ein magisches Cello-Spektakel!","breadcrumb":{"@id":"https:\/\/www.septembremusical.ch\/de\/programm\/kian-soltani-friends\/#breadcrumb"},"inLanguage":"de","potentialAction":[{"@type":"ReadAction","target":["https:\/\/www.septembremusical.ch\/de\/programm\/kian-soltani-friends\/"]}]},{"@type":"BreadcrumbList","@id":"https:\/\/www.septembremusical.ch\/de\/programm\/kian-soltani-friends\/#breadcrumb","itemListElement":[{"@type":"ListItem","position":1,"name":"Accueil","item":"https:\/\/www.septembremusical.ch\/de\/"},{"@type":"ListItem","position":2,"name":"KIAN SOLTANI &#038; FRIENDS"}]},{"@type":"WebSite","@id":"https:\/\/www.septembremusical.ch\/de\/#website","url":"https:\/\/www.septembremusical.ch\/de\/","name":"Septembre Musical - Festival de musique classique en Suisse","description":"","publisher":{"@id":"https:\/\/www.septembremusical.ch\/de\/#organization"},"potentialAction":[{"@type":"SearchAction","target":{"@type":"EntryPoint","urlTemplate":"https:\/\/www.septembremusical.ch\/de\/?s={search_term_string}"},"query-input":{"@type":"PropertyValueSpecification","valueRequired":true,"valueName":"search_term_string"}}],"inLanguage":"de"},{"@type":"Organization","@id":"https:\/\/www.septembremusical.ch\/de\/#organization","name":"Septembre Musical","url":"https:\/\/www.septembremusical.ch\/de\/","logo":{"@type":"ImageObject","inLanguage":"de","@id":"https:\/\/www.septembremusical.ch\/de\/#\/schema\/logo\/image\/","url":"https:\/\/www.septembremusical.ch\/wp-content\/uploads\/2025\/12\/logo.svg","contentUrl":"https:\/\/www.septembremusical.ch\/wp-content\/uploads\/2025\/12\/logo.svg","caption":"Septembre Musical"},"image":{"@id":"https:\/\/www.septembremusical.ch\/de\/#\/schema\/logo\/image\/"},"sameAs":["https:\/\/www.facebook.com\/septmus\/","https:\/\/www.instagram.com\/septembremusical\/","https:\/\/www.linkedin.com\/company\/septembre-musical\/","https:\/\/www.youtube.com\/channel\/UCIMYgBp7KIFi-6TytkeiLEg"],"legalName":"Fondation Septembre Musical Montreux-Vevey","contactPoint":[{"@type":"ContactPoint","contactType":"customer service","telephone":"+41 21 962 80 00","email":"info@septembremusical.ch","availableLanguage":["French","English","German"]},{"@type":"ContactPoint","contactType":"reservations","telephone":"+41 21 962 80 05","email":"billetterie@septembremusical.ch","availableLanguage":["French","English","German"]}],"address":{"@type":"PostalAddress","addressCountry":"CH","addressRegion":"VD"}}]},"og_video":"https:\/\/www.youtube.com\/embed\/6oVH3hzvpO8","og_video_type":"text\/html","og_video_duration":"16","og_video_width":"480","og_video_height":"270","ya_ovs_adult":"false","ya_ovs_upload_date":"2026-01-29T14:54:12+00:00","ya_ovs_allow_embed":"true"},"_links":{"self":[{"href":"https:\/\/www.septembremusical.ch\/de\/wp-json\/wp\/v2\/concerts\/3499","targetHints":{"allow":["GET"]}}],"collection":[{"href":"https:\/\/www.septembremusical.ch\/de\/wp-json\/wp\/v2\/concerts"}],"about":[{"href":"https:\/\/www.septembremusical.ch\/de\/wp-json\/wp\/v2\/types\/concert"}],"version-history":[{"count":0,"href":"https:\/\/www.septembremusical.ch\/de\/wp-json\/wp\/v2\/concerts\/3499\/revisions"}],"wp:attachment":[{"href":"https:\/\/www.septembremusical.ch\/de\/wp-json\/wp\/v2\/media?parent=3499"}],"wp:term":[{"taxonomy":"edition","embeddable":true,"href":"https:\/\/www.septembremusical.ch\/de\/wp-json\/wp\/v2\/edition?post=3499"}],"curies":[{"name":"wp","href":"https:\/\/api.w.org\/{rel}","templated":true}]}}

<div class="the-content"><p>Der Cellist Kian Soltani, dem einige Medien das Prädikat «reine Perfektion» verliehen haben, umgibt sich mit sieben weiteren Cellovirtuosen für eine überwältigende Hommage an die grosse Filmmusik Hollywoods. Die Meisterwerke von <em>Fluch der Karibik</em> bis <em>Herr der Ringe</em> interpretiert er mit Leidenschaft neu und bereichert das Programm mit seinen eigenen Kompositionen. Ein immersives Spektakel, wo sich das Cello mit den projizierten Bildern vereint und das Publikum mit magischer Kraft in die Kinowelt hineinzieht.</p>
<p><strong>Hans Zimmer</strong> (*1957)<br>
<em>Fluch der Karibik</em><br>
<strong>Howard Shore</strong> (*1946)<br>
<em>Der Herr der Ringe</em><br>
<strong>Kian Soltani</strong> (*1992)<br>
<em>Intermezzo. A scene from the past</em><br>
<strong>Alfred Schnittke</strong> (1934–1998)<br>
Tango (aus der Filmmusik zu <em>Agonia</em> von Elem Klimow)<br>
<strong>John Powell</strong> (*1963)<br>
<em>Die Bourne-Identität</em><br>
Hans Zimmer (*1957)<br>
<em>The Da Vinci Code</em><br>
<strong>Tom Tykwer</strong> (*1965), <strong>Reinhold Heil</strong> (*1954), Johnny Klimek (*1962)<br>
<em>Das Parfum – Die Geschichte eines Mörders</em><br>
<strong>Kian Soltani</strong> (*1992)<br>
<em>Cello Unlimited</em></p>
<p>Abendkasse und Akkreditierungen: 1 Stunde vor Konzertbeginn.<br>
Dauer des Konzerts: ca. 1,5 Stunden.<br>
Keine Pause.</p>
<p><strong>PREISE (CHF)</strong><br>
Kat. A: 69.– | Kat. B: 59.–<br>
Jugendliche/Studierende/Lernende: 10.–</p>
</div>

<!-- This site is optimized with the Yoast SEO Premium plugin v28.4 (Yoast SEO v28.4) - https://yoast.com/product/yoast-seo-premium-wordpress/ -->
<title>KIAN SOLTANI &amp; FRIENDS - Filmmusik-Gala - Septembre Musical</title>
<meta name="description" content="Cellist Kian Soltani und sieben Virtuosen präsentieren Hollywood-Filmmusik von Hans Zimmer bis Howard Shore. Ein magisches Cello-Spektakel!" />
<meta name="robots" content="index, follow, max-snippet:-1, max-image-preview:large, max-video-preview:-1" />
<link rel="canonical" href="https://www.septembremusical.ch/de/programm/kian-soltani-friends/" />
<meta property="og:locale" content="de_CH" />
<meta property="og:type" content="article" />
<meta property="og:title" content="KIAN SOLTANI &amp; FRIENDS - Unvergessliche Filmmusik-Gala mit 8 Cello-Virtuosen" />
<meta property="og:description" content="Erleben Sie pure Perfektion! Kian Soltani und 7 Cellovirtuosen interpretieren legendäre Filmmusik von Fluch der Karibik bis Herr der Ringe. Ein immersives Spektakel mit projizierten Bildern erwartet Sie!" />
<meta property="og:url" content="https://www.septembremusical.ch/de/programm/kian-soltani-friends/" />
<meta property="og:site_name" content="Septembre Musical" />
<meta property="article:publisher" content="https://www.facebook.com/septmus/" />
<meta property="article:modified_time" content="2026-02-17T13:05:18+00:00" />
<meta name="twitter:card" content="summary_large_image" />
<meta name="twitter:title" content="KIAN SOLTANI &amp; FRIENDS" />
<script type="application/ld+json" class="yoast-schema-graph">{"@context":"https:\/\/schema.org","@graph":[{"@type":"WebPage","@id":"https:\/\/www.septembremusical.ch\/de\/programm\/kian-soltani-friends\/","url":"https:\/\/www.septembremusical.ch\/de\/programm\/kian-soltani-friends\/","name":"KIAN SOLTANI & FRIENDS - Filmmusik-Gala - Septembre Musical","isPartOf":{"@id":"https:\/\/www.septembremusical.ch\/de\/#website"},"datePublished":"2026-01-29T14:54:12+00:00","dateModified":"2026-02-17T13:05:18+00:00","description":"Cellist Kian Soltani und sieben Virtuosen präsentieren Hollywood-Filmmusik von Hans Zimmer bis Howard Shore. Ein magisches Cello-Spektakel!","breadcrumb":{"@id":"https:\/\/www.septembremusical.ch\/de\/programm\/kian-soltani-friends\/#breadcrumb"},"inLanguage":"de","potentialAction":[{"@type":"ReadAction","target":["https:\/\/www.septembremusical.ch\/de\/programm\/kian-soltani-friends\/"]}]},{"@type":"BreadcrumbList","@id":"https:\/\/www.septembremusical.ch\/de\/programm\/kian-soltani-friends\/#breadcrumb","itemListElement":[{"@type":"ListItem","position":1,"name":"Accueil","item":"https:\/\/www.septembremusical.ch\/de\/"},{"@type":"ListItem","position":2,"name":"KIAN SOLTANI &#038; FRIENDS"}]},{"@type":"WebSite","@id":"https:\/\/www.septembremusical.ch\/de\/#website","url":"https:\/\/www.septembremusical.ch\/de\/","name":"Septembre Musical - Festival de musique classique en Suisse","description":"","publisher":{"@id":"https:\/\/www.septembremusical.ch\/de\/#organization"},"potentialAction":[{"@type":"SearchAction","target":{"@type":"EntryPoint","urlTemplate":"https:\/\/www.septembremusical.ch\/de\/?s={search_term_string}"},"query-input":{"@type":"PropertyValueSpecification","valueRequired":true,"valueName":"search_term_string"}}],"inLanguage":"de"},{"@type":"Organization","@id":"https:\/\/www.septembremusical.ch\/de\/#organization","name":"Septembre Musical","url":"https:\/\/www.septembremusical.ch\/de\/","logo":{"@type":"ImageObject","inLanguage":"de","@id":"https:\/\/www.septembremusical.ch\/de\/#\/schema\/logo\/image\/","url":"https:\/\/www.septembremusical.ch\/wp-content\/uploads\/2025\/12\/logo.svg","contentUrl":"https:\/\/www.septembremusical.ch\/wp-content\/uploads\/2025\/12\/logo.svg","caption":"Septembre Musical"},"image":{"@id":"https:\/\/www.septembremusical.ch\/de\/#\/schema\/logo\/image\/"},"sameAs":["https:\/\/www.facebook.com\/septmus\/","https:\/\/www.instagram.com\/septembremusical\/","https:\/\/www.linkedin.com\/company\/septembre-musical\/","https:\/\/www.youtube.com\/channel\/UCIMYgBp7KIFi-6TytkeiLEg"],"legalName":"Fondation Septembre Musical Montreux-Vevey","contactPoint":[{"@type":"ContactPoint","contactType":"customer service","telephone":"+41 21 962 80 00","email":"info@septembremusical.ch","availableLanguage":["French","English","German"]},{"@type":"ContactPoint","contactType":"reservations","telephone":"+41 21 962 80 05","email":"billetterie@septembremusical.ch","availableLanguage":["French","English","German"]}],"address":{"@type":"PostalAddress","addressCountry":"CH","addressRegion":"VD"}}]}</script>
<meta property="og:video" content="https://www.youtube.com/embed/6oVH3hzvpO8" />
<meta property="og:video:type" content="text/html" />
<meta property="og:video:duration" content="16" />
<meta property="og:video:width" content="480" />
<meta property="og:video:height" content="270" />
<meta property="ya:ovs:adult" content="false" />
<meta property="ya:ovs:upload_date" content="2026-01-29T14:54:12+00:00" />
<meta property="ya:ovs:allow_embed" content="true" />
<!-- / Yoast SEO Premium plugin. -->

Cellist Kian Soltani und sieben Virtuosen präsentieren Hollywood-Filmmusik von Hans Zimmer bis Howard Shore. Ein magisches Cello-Spektakel!

Erleben Sie pure Perfektion! Kian Soltani und 7 Cellovirtuosen interpretieren legendäre Filmmusik von Fluch der Karibik bis Herr der Ringe. Ein immersives Spektakel mit projizierten Bildern erwartet Sie!
