{"id":3498,"date":"2026-02-04T10:06:19","date_gmt":"2026-02-04T09:06:19","guid":{"rendered":"https:\/\/www.septembremusical.ch\/programme\/aleksey-igudesman-irina-pak-ekaterina-shelehova\/"},"modified":"2026-02-17T14:17:28","modified_gmt":"2026-02-17T13:17:28","slug":"aleksey-igudesman-irina-pak-ekaterina-shelehova","status":"publish","type":"concert","link":"https:\/\/www.septembremusical.ch\/de\/programm\/aleksey-igudesman-irina-pak-ekaterina-shelehova\/","title":{"rendered":"ALEKSEY IGUDESMAN &#038; IRINA PAK &#038; EKATERINA SHELEHOVA"},"content":{"rendered":"<div class=\"the-content\"><p>Schnallen Sie sich an! Und begeben Sie sich mit Aleksey Igudesman auf eine abgefahrene musikalische Reise von den chaotischen Anf\u00e4ngen des Geigers bis zu seinen aufregenden Abenteuern auf der ganzen Welt. Mit Humor, Virtuosit\u00e4t und packenden Erz\u00e4hlungen \u00f6ffnet er seine besaitete Schatzkiste, mit der aparten Pr\u00e4senz von Irina Pak und Ekaterina Shelehova als Kr\u00f6nung. Die Schweizer Premiere eines k\u00fchnen Programms, bei dem die klassische Musik ihrer Mission voll gerecht wird: Erhebung der Seele, Bereicherung des Geistes und brillante Unterhaltung. Bereit zum Abheben?<\/p>\n<p>Abendkasse und Akkreditierungen: 1 Stunde vor Konzertbeginn.<br>\nDauer des Konzerts: ca. 1,5 Stunden.<br>\nKeine Pause.<\/p>\n<p><strong>PREISE (CHF)<\/strong><br>\nEinzelkategorie: 69.-<br>\nJugendliche\/Studierende\/Lernende: 10.\u2013<br>\nFreie Platzwahl<\/p>\n<\/div>","protected":false},"template":"","edition":[74],"class_list":["post-3498","concert","type-concert","status-publish","hentry","edition-74"],"acf":[],"yoast_head":"<!-- This site is optimized with the Yoast SEO Premium plugin v28.4 (Yoast SEO v28.4) - https:\/\/yoast.com\/product\/yoast-seo-premium-wordpress\/ -->\n<title>Igudesman, Pak &amp; Shelehova Live Konzert - Septembre Musical<\/title>\n<meta name=\"description\" content=\"Schweizer Premiere mit Aleksey Igudesman! Virtuose Geigenkunst trifft auf Humor und packende Erz\u00e4hlungen. Mit Irina Pak &amp; Ekaterina Shelehova.\" \/>\n<meta name=\"robots\" content=\"index, follow, max-snippet:-1, max-image-preview:large, max-video-preview:-1\" \/>\n<link rel=\"canonical\" href=\"https:\/\/www.septembremusical.ch\/de\/programm\/aleksey-igudesman-irina-pak-ekaterina-shelehova\/\" \/>\n<meta property=\"og:locale\" content=\"de_CH\" \/>\n<meta property=\"og:type\" content=\"article\" \/>\n<meta property=\"og:title\" content=\"Aleksey Igudesman Live - Schweizer Premiere mit Pak &amp; Shelehova\" \/>\n<meta property=\"og:description\" content=\"Schnallen Sie sich an f\u00fcr eine abgefahrene musikalische Reise! Virtuosit\u00e4t, Humor und packende Erz\u00e4hlungen in einem k\u00fchnen Programm. Klassische Musik, die Seele und Geist bereichert.\" \/>\n<meta property=\"og:url\" content=\"https:\/\/www.septembremusical.ch\/de\/programm\/aleksey-igudesman-irina-pak-ekaterina-shelehova\/\" \/>\n<meta property=\"og:site_name\" content=\"Septembre Musical\" \/>\n<meta property=\"article:publisher\" content=\"https:\/\/www.facebook.com\/septmus\/\" \/>\n<meta property=\"article:modified_time\" content=\"2026-02-17T13:17:28+00:00\" \/>\n<meta name=\"twitter:card\" content=\"summary_large_image\" \/>\n<meta name=\"twitter:title\" content=\"ALEKSEY IGUDESMAN &amp; IRINA PAK &amp; EKATERINA SHELEHOVA\" \/>\n<script type=\"application\/ld+json\" class=\"yoast-schema-graph\">{\"@context\":\"https:\\\/\\\/schema.org\",\"@graph\":[{\"@type\":\"WebPage\",\"@id\":\"https:\\\/\\\/www.septembremusical.ch\\\/de\\\/programm\\\/aleksey-igudesman-irina-pak-ekaterina-shelehova\\\/\",\"url\":\"https:\\\/\\\/www.septembremusical.ch\\\/de\\\/programm\\\/aleksey-igudesman-irina-pak-ekaterina-shelehova\\\/\",\"name\":\"Igudesman, Pak & Shelehova Live Konzert - Septembre Musical\",\"isPartOf\":{\"@id\":\"https:\\\/\\\/www.septembremusical.ch\\\/de\\\/#website\"},\"datePublished\":\"2026-02-04T09:06:19+00:00\",\"dateModified\":\"2026-02-17T13:17:28+00:00\",\"description\":\"Schweizer Premiere mit Aleksey Igudesman! Virtuose Geigenkunst trifft auf Humor und packende Erz\u00e4hlungen. Mit Irina Pak & Ekaterina Shelehova.\",\"breadcrumb\":{\"@id\":\"https:\\\/\\\/www.septembremusical.ch\\\/de\\\/programm\\\/aleksey-igudesman-irina-pak-ekaterina-shelehova\\\/#breadcrumb\"},\"inLanguage\":\"de\",\"potentialAction\":[{\"@type\":\"ReadAction\",\"target\":[\"https:\\\/\\\/www.septembremusical.ch\\\/de\\\/programm\\\/aleksey-igudesman-irina-pak-ekaterina-shelehova\\\/\"]}]},{\"@type\":\"BreadcrumbList\",\"@id\":\"https:\\\/\\\/www.septembremusical.ch\\\/de\\\/programm\\\/aleksey-igudesman-irina-pak-ekaterina-shelehova\\\/#breadcrumb\",\"itemListElement\":[{\"@type\":\"ListItem\",\"position\":1,\"name\":\"Accueil\",\"item\":\"https:\\\/\\\/www.septembremusical.ch\\\/de\\\/\"},{\"@type\":\"ListItem\",\"position\":2,\"name\":\"ALEKSEY IGUDESMAN &#038; IRINA PAK &#038; EKATERINA SHELEHOVA\"}]},{\"@type\":\"WebSite\",\"@id\":\"https:\\\/\\\/www.septembremusical.ch\\\/de\\\/#website\",\"url\":\"https:\\\/\\\/www.septembremusical.ch\\\/de\\\/\",\"name\":\"Septembre Musical - Festival de musique classique en Suisse\",\"description\":\"\",\"publisher\":{\"@id\":\"https:\\\/\\\/www.septembremusical.ch\\\/de\\\/#organization\"},\"potentialAction\":[{\"@type\":\"SearchAction\",\"target\":{\"@type\":\"EntryPoint\",\"urlTemplate\":\"https:\\\/\\\/www.septembremusical.ch\\\/de\\\/?s={search_term_string}\"},\"query-input\":{\"@type\":\"PropertyValueSpecification\",\"valueRequired\":true,\"valueName\":\"search_term_string\"}}],\"inLanguage\":\"de\"},{\"@type\":\"Organization\",\"@id\":\"https:\\\/\\\/www.septembremusical.ch\\\/de\\\/#organization\",\"name\":\"Septembre Musical\",\"url\":\"https:\\\/\\\/www.septembremusical.ch\\\/de\\\/\",\"logo\":{\"@type\":\"ImageObject\",\"inLanguage\":\"de\",\"@id\":\"https:\\\/\\\/www.septembremusical.ch\\\/de\\\/#\\\/schema\\\/logo\\\/image\\\/\",\"url\":\"https:\\\/\\\/www.septembremusical.ch\\\/wp-content\\\/uploads\\\/2025\\\/12\\\/logo.svg\",\"contentUrl\":\"https:\\\/\\\/www.septembremusical.ch\\\/wp-content\\\/uploads\\\/2025\\\/12\\\/logo.svg\",\"caption\":\"Septembre Musical\"},\"image\":{\"@id\":\"https:\\\/\\\/www.septembremusical.ch\\\/de\\\/#\\\/schema\\\/logo\\\/image\\\/\"},\"sameAs\":[\"https:\\\/\\\/www.facebook.com\\\/septmus\\\/\",\"https:\\\/\\\/www.instagram.com\\\/septembremusical\\\/\",\"https:\\\/\\\/www.linkedin.com\\\/company\\\/septembre-musical\\\/\",\"https:\\\/\\\/www.youtube.com\\\/channel\\\/UCIMYgBp7KIFi-6TytkeiLEg\"],\"legalName\":\"Fondation Septembre Musical Montreux-Vevey\",\"contactPoint\":[{\"@type\":\"ContactPoint\",\"contactType\":\"customer service\",\"telephone\":\"+41 21 962 80 00\",\"email\":\"info@septembremusical.ch\",\"availableLanguage\":[\"French\",\"English\",\"German\"]},{\"@type\":\"ContactPoint\",\"contactType\":\"reservations\",\"telephone\":\"+41 21 962 80 05\",\"email\":\"billetterie@septembremusical.ch\",\"availableLanguage\":[\"French\",\"English\",\"German\"]}],\"address\":{\"@type\":\"PostalAddress\",\"addressCountry\":\"CH\",\"addressRegion\":\"VD\"}}]}<\/script>\n<!-- \/ Yoast SEO Premium plugin. -->","yoast_head_json":{"title":"Igudesman, Pak & Shelehova Live Konzert - Septembre Musical","description":"Schweizer Premiere mit Aleksey Igudesman! Virtuose Geigenkunst trifft auf Humor und packende Erz\u00e4hlungen. Mit Irina Pak & Ekaterina Shelehova.","robots":{"index":"index","follow":"follow","max-snippet":"max-snippet:-1","max-image-preview":"max-image-preview:large","max-video-preview":"max-video-preview:-1"},"canonical":"https:\/\/www.septembremusical.ch\/de\/programm\/aleksey-igudesman-irina-pak-ekaterina-shelehova\/","og_locale":"de_CH","og_type":"article","og_title":"Aleksey Igudesman Live - Schweizer Premiere mit Pak & Shelehova","og_description":"Schnallen Sie sich an f\u00fcr eine abgefahrene musikalische Reise! Virtuosit\u00e4t, Humor und packende Erz\u00e4hlungen in einem k\u00fchnen Programm. Klassische Musik, die Seele und Geist bereichert.","og_url":"https:\/\/www.septembremusical.ch\/de\/programm\/aleksey-igudesman-irina-pak-ekaterina-shelehova\/","og_site_name":"Septembre Musical","article_publisher":"https:\/\/www.facebook.com\/septmus\/","article_modified_time":"2026-02-17T13:17:28+00:00","twitter_card":"summary_large_image","twitter_title":"ALEKSEY IGUDESMAN & IRINA PAK & EKATERINA SHELEHOVA","schema":{"@context":"https:\/\/schema.org","@graph":[{"@type":"WebPage","@id":"https:\/\/www.septembremusical.ch\/de\/programm\/aleksey-igudesman-irina-pak-ekaterina-shelehova\/","url":"https:\/\/www.septembremusical.ch\/de\/programm\/aleksey-igudesman-irina-pak-ekaterina-shelehova\/","name":"Igudesman, Pak & Shelehova Live Konzert - Septembre Musical","isPartOf":{"@id":"https:\/\/www.septembremusical.ch\/de\/#website"},"datePublished":"2026-02-04T09:06:19+00:00","dateModified":"2026-02-17T13:17:28+00:00","description":"Schweizer Premiere mit Aleksey Igudesman! Virtuose Geigenkunst trifft auf Humor und packende Erz\u00e4hlungen. Mit Irina Pak & Ekaterina Shelehova.","breadcrumb":{"@id":"https:\/\/www.septembremusical.ch\/de\/programm\/aleksey-igudesman-irina-pak-ekaterina-shelehova\/#breadcrumb"},"inLanguage":"de","potentialAction":[{"@type":"ReadAction","target":["https:\/\/www.septembremusical.ch\/de\/programm\/aleksey-igudesman-irina-pak-ekaterina-shelehova\/"]}]},{"@type":"BreadcrumbList","@id":"https:\/\/www.septembremusical.ch\/de\/programm\/aleksey-igudesman-irina-pak-ekaterina-shelehova\/#breadcrumb","itemListElement":[{"@type":"ListItem","position":1,"name":"Accueil","item":"https:\/\/www.septembremusical.ch\/de\/"},{"@type":"ListItem","position":2,"name":"ALEKSEY IGUDESMAN &#038; IRINA PAK &#038; EKATERINA SHELEHOVA"}]},{"@type":"WebSite","@id":"https:\/\/www.septembremusical.ch\/de\/#website","url":"https:\/\/www.septembremusical.ch\/de\/","name":"Septembre Musical - Festival de musique classique en Suisse","description":"","publisher":{"@id":"https:\/\/www.septembremusical.ch\/de\/#organization"},"potentialAction":[{"@type":"SearchAction","target":{"@type":"EntryPoint","urlTemplate":"https:\/\/www.septembremusical.ch\/de\/?s={search_term_string}"},"query-input":{"@type":"PropertyValueSpecification","valueRequired":true,"valueName":"search_term_string"}}],"inLanguage":"de"},{"@type":"Organization","@id":"https:\/\/www.septembremusical.ch\/de\/#organization","name":"Septembre Musical","url":"https:\/\/www.septembremusical.ch\/de\/","logo":{"@type":"ImageObject","inLanguage":"de","@id":"https:\/\/www.septembremusical.ch\/de\/#\/schema\/logo\/image\/","url":"https:\/\/www.septembremusical.ch\/wp-content\/uploads\/2025\/12\/logo.svg","contentUrl":"https:\/\/www.septembremusical.ch\/wp-content\/uploads\/2025\/12\/logo.svg","caption":"Septembre Musical"},"image":{"@id":"https:\/\/www.septembremusical.ch\/de\/#\/schema\/logo\/image\/"},"sameAs":["https:\/\/www.facebook.com\/septmus\/","https:\/\/www.instagram.com\/septembremusical\/","https:\/\/www.linkedin.com\/company\/septembre-musical\/","https:\/\/www.youtube.com\/channel\/UCIMYgBp7KIFi-6TytkeiLEg"],"legalName":"Fondation Septembre Musical Montreux-Vevey","contactPoint":[{"@type":"ContactPoint","contactType":"customer service","telephone":"+41 21 962 80 00","email":"info@septembremusical.ch","availableLanguage":["French","English","German"]},{"@type":"ContactPoint","contactType":"reservations","telephone":"+41 21 962 80 05","email":"billetterie@septembremusical.ch","availableLanguage":["French","English","German"]}],"address":{"@type":"PostalAddress","addressCountry":"CH","addressRegion":"VD"}}]}},"_links":{"self":[{"href":"https:\/\/www.septembremusical.ch\/de\/wp-json\/wp\/v2\/concerts\/3498","targetHints":{"allow":["GET"]}}],"collection":[{"href":"https:\/\/www.septembremusical.ch\/de\/wp-json\/wp\/v2\/concerts"}],"about":[{"href":"https:\/\/www.septembremusical.ch\/de\/wp-json\/wp\/v2\/types\/concert"}],"version-history":[{"count":0,"href":"https:\/\/www.septembremusical.ch\/de\/wp-json\/wp\/v2\/concerts\/3498\/revisions"}],"wp:attachment":[{"href":"https:\/\/www.septembremusical.ch\/de\/wp-json\/wp\/v2\/media?parent=3498"}],"wp:term":[{"taxonomy":"edition","embeddable":true,"href":"https:\/\/www.septembremusical.ch\/de\/wp-json\/wp\/v2\/edition?post=3498"}],"curies":[{"name":"wp","href":"https:\/\/api.w.org\/{rel}","templated":true}]}}

<div class="the-content"><p>Schnallen Sie sich an! Und begeben Sie sich mit Aleksey Igudesman auf eine abgefahrene musikalische Reise von den chaotischen Anfängen des Geigers bis zu seinen aufregenden Abenteuern auf der ganzen Welt. Mit Humor, Virtuosität und packenden Erzählungen öffnet er seine besaitete Schatzkiste, mit der aparten Präsenz von Irina Pak und Ekaterina Shelehova als Krönung. Die Schweizer Premiere eines kühnen Programms, bei dem die klassische Musik ihrer Mission voll gerecht wird: Erhebung der Seele, Bereicherung des Geistes und brillante Unterhaltung. Bereit zum Abheben?</p>
<p>Abendkasse und Akkreditierungen: 1 Stunde vor Konzertbeginn.<br>
Dauer des Konzerts: ca. 1,5 Stunden.<br>
Keine Pause.</p>
<p><strong>PREISE (CHF)</strong><br>
Einzelkategorie: 69.-<br>
Jugendliche/Studierende/Lernende: 10.–<br>
Freie Platzwahl</p>
</div>

<!-- This site is optimized with the Yoast SEO Premium plugin v28.4 (Yoast SEO v28.4) - https://yoast.com/product/yoast-seo-premium-wordpress/ -->
<title>Igudesman, Pak &amp; Shelehova Live Konzert - Septembre Musical</title>
<meta name="description" content="Schweizer Premiere mit Aleksey Igudesman! Virtuose Geigenkunst trifft auf Humor und packende Erzählungen. Mit Irina Pak &amp; Ekaterina Shelehova." />
<meta name="robots" content="index, follow, max-snippet:-1, max-image-preview:large, max-video-preview:-1" />
<link rel="canonical" href="https://www.septembremusical.ch/de/programm/aleksey-igudesman-irina-pak-ekaterina-shelehova/" />
<meta property="og:locale" content="de_CH" />
<meta property="og:type" content="article" />
<meta property="og:title" content="Aleksey Igudesman Live - Schweizer Premiere mit Pak &amp; Shelehova" />
<meta property="og:description" content="Schnallen Sie sich an für eine abgefahrene musikalische Reise! Virtuosität, Humor und packende Erzählungen in einem kühnen Programm. Klassische Musik, die Seele und Geist bereichert." />
<meta property="og:url" content="https://www.septembremusical.ch/de/programm/aleksey-igudesman-irina-pak-ekaterina-shelehova/" />
<meta property="og:site_name" content="Septembre Musical" />
<meta property="article:publisher" content="https://www.facebook.com/septmus/" />
<meta property="article:modified_time" content="2026-02-17T13:17:28+00:00" />
<meta name="twitter:card" content="summary_large_image" />
<meta name="twitter:title" content="ALEKSEY IGUDESMAN &amp; IRINA PAK &amp; EKATERINA SHELEHOVA" />
<script type="application/ld+json" class="yoast-schema-graph">{"@context":"https:\/\/schema.org","@graph":[{"@type":"WebPage","@id":"https:\/\/www.septembremusical.ch\/de\/programm\/aleksey-igudesman-irina-pak-ekaterina-shelehova\/","url":"https:\/\/www.septembremusical.ch\/de\/programm\/aleksey-igudesman-irina-pak-ekaterina-shelehova\/","name":"Igudesman, Pak & Shelehova Live Konzert - Septembre Musical","isPartOf":{"@id":"https:\/\/www.septembremusical.ch\/de\/#website"},"datePublished":"2026-02-04T09:06:19+00:00","dateModified":"2026-02-17T13:17:28+00:00","description":"Schweizer Premiere mit Aleksey Igudesman! Virtuose Geigenkunst trifft auf Humor und packende Erzählungen. Mit Irina Pak & Ekaterina Shelehova.","breadcrumb":{"@id":"https:\/\/www.septembremusical.ch\/de\/programm\/aleksey-igudesman-irina-pak-ekaterina-shelehova\/#breadcrumb"},"inLanguage":"de","potentialAction":[{"@type":"ReadAction","target":["https:\/\/www.septembremusical.ch\/de\/programm\/aleksey-igudesman-irina-pak-ekaterina-shelehova\/"]}]},{"@type":"BreadcrumbList","@id":"https:\/\/www.septembremusical.ch\/de\/programm\/aleksey-igudesman-irina-pak-ekaterina-shelehova\/#breadcrumb","itemListElement":[{"@type":"ListItem","position":1,"name":"Accueil","item":"https:\/\/www.septembremusical.ch\/de\/"},{"@type":"ListItem","position":2,"name":"ALEKSEY IGUDESMAN &#038; IRINA PAK &#038; EKATERINA SHELEHOVA"}]},{"@type":"WebSite","@id":"https:\/\/www.septembremusical.ch\/de\/#website","url":"https:\/\/www.septembremusical.ch\/de\/","name":"Septembre Musical - Festival de musique classique en Suisse","description":"","publisher":{"@id":"https:\/\/www.septembremusical.ch\/de\/#organization"},"potentialAction":[{"@type":"SearchAction","target":{"@type":"EntryPoint","urlTemplate":"https:\/\/www.septembremusical.ch\/de\/?s={search_term_string}"},"query-input":{"@type":"PropertyValueSpecification","valueRequired":true,"valueName":"search_term_string"}}],"inLanguage":"de"},{"@type":"Organization","@id":"https:\/\/www.septembremusical.ch\/de\/#organization","name":"Septembre Musical","url":"https:\/\/www.septembremusical.ch\/de\/","logo":{"@type":"ImageObject","inLanguage":"de","@id":"https:\/\/www.septembremusical.ch\/de\/#\/schema\/logo\/image\/","url":"https:\/\/www.septembremusical.ch\/wp-content\/uploads\/2025\/12\/logo.svg","contentUrl":"https:\/\/www.septembremusical.ch\/wp-content\/uploads\/2025\/12\/logo.svg","caption":"Septembre Musical"},"image":{"@id":"https:\/\/www.septembremusical.ch\/de\/#\/schema\/logo\/image\/"},"sameAs":["https:\/\/www.facebook.com\/septmus\/","https:\/\/www.instagram.com\/septembremusical\/","https:\/\/www.linkedin.com\/company\/septembre-musical\/","https:\/\/www.youtube.com\/channel\/UCIMYgBp7KIFi-6TytkeiLEg"],"legalName":"Fondation Septembre Musical Montreux-Vevey","contactPoint":[{"@type":"ContactPoint","contactType":"customer service","telephone":"+41 21 962 80 00","email":"info@septembremusical.ch","availableLanguage":["French","English","German"]},{"@type":"ContactPoint","contactType":"reservations","telephone":"+41 21 962 80 05","email":"billetterie@septembremusical.ch","availableLanguage":["French","English","German"]}],"address":{"@type":"PostalAddress","addressCountry":"CH","addressRegion":"VD"}}]}</script>
<!-- / Yoast SEO Premium plugin. -->

Schweizer Premiere mit Aleksey Igudesman! Virtuose Geigenkunst trifft auf Humor und packende Erzählungen. Mit Irina Pak & Ekaterina Shelehova.

Schnallen Sie sich an für eine abgefahrene musikalische Reise! Virtuosität, Humor und packende Erzählungen in einem kühnen Programm. Klassische Musik, die Seele und Geist bereichert.
