{"id":3497,"date":"2026-02-04T10:27:19","date_gmt":"2026-02-04T09:27:19","guid":{"rendered":"https:\/\/www.septembremusical.ch\/programme\/igudesman-joo-ekaterina-shelehova-leo-rondon-trio\/"},"modified":"2026-02-17T14:15:52","modified_gmt":"2026-02-17T13:15:52","slug":"igudesman-joo-ekaterina-shelehova-leo-rondon-trio","status":"publish","type":"concert","link":"https:\/\/www.septembremusical.ch\/de\/programm\/igudesman-joo-ekaterina-shelehova-leo-rondon-trio\/","title":{"rendered":"IGUDESMAN &#038; JOO, EKATERINA SHELEHOVA &#038; LEO RONDON TRIO"},"content":{"rendered":"<div class=\"the-content\"><p>Was passiert, wenn man eine S\u00e4ngerin aus einer anderen Galaxie mit einem wilden Trio aus Maracas, Gitarre, Bass und dann noch mit dem illustren Duo Igudesman &amp; Joo zusammenbringt? Eine verr\u00fcckte Show, die sich unm\u00f6glich einordnen l\u00e4sst, eine musikalische Odyssee durch Stile und Epochen. Und nat\u00fcrlich erklingt irgendwann auch\u00a0<em>B\u00e9same mucho<\/em>\u00a0\u2013 aber so, als h\u00e4tte Mozart h\u00f6chstpers\u00f6nlich es komponiert. Lassen Sie sich also von Kopf bis Fuss verf\u00fchren \u2013 von wundervollen Kl\u00e4ngen!<\/p>\n<p>Abendkasse und Akkreditierungen: 1 Stunde vor Konzertbeginn.<br>\nDauer des Konzerts: ca. 1,5 Stunden.<br>\nKeine Pause.<\/p>\n<p><strong>PREISE (CHF)<\/strong><br>\nKat. A: 69.\u2013 | Kat. B: 59.\u2013<br>\nJugendliche\/Studierende\/Lernende: 10.\u2013<\/p>\n<\/div>","protected":false},"template":"","edition":[74],"class_list":["post-3497","concert","type-concert","status-publish","hentry","edition-74"],"acf":[],"yoast_head":"<!-- This site is optimized with the Yoast SEO Premium plugin v28.4 (Yoast SEO v28.4) - https:\/\/yoast.com\/product\/yoast-seo-premium-wordpress\/ -->\n<title>Igudesman &amp; Joo meets Shelehova Konzert - Septembre Musical<\/title>\n<meta name=\"description\" content=\"Verr\u00fcckte Show mit Igudesman &amp; Joo, Ekaterina Shelehova &amp; Leo Rondon Trio. Musikalische Odyssee durch Stile und Epochen - Mozart trifft B\u00e9same mucho!\" \/>\n<meta name=\"robots\" content=\"index, follow, max-snippet:-1, max-image-preview:large, max-video-preview:-1\" \/>\n<link rel=\"canonical\" href=\"https:\/\/www.septembremusical.ch\/de\/programm\/igudesman-joo-ekaterina-shelehova-leo-rondon-trio\/\" \/>\n<meta property=\"og:locale\" content=\"de_CH\" \/>\n<meta property=\"og:type\" content=\"article\" \/>\n<meta property=\"og:title\" content=\"Igudesman &amp; Joo meets Ekaterina Shelehova &amp; Leo Rondon Trio - Verr\u00fcckte Show!\" \/>\n<meta property=\"og:description\" content=\"Was passiert, wenn eine S\u00e4ngerin aus einer anderen Galaxie auf das illustre Duo Igudesman &amp; Joo trifft? Eine unm\u00f6gliche Show voller \u00dcberraschungen - Mozart meets B\u00e9same mucho!\" \/>\n<meta property=\"og:url\" content=\"https:\/\/www.septembremusical.ch\/de\/programm\/igudesman-joo-ekaterina-shelehova-leo-rondon-trio\/\" \/>\n<meta property=\"og:site_name\" content=\"Septembre Musical\" \/>\n<meta property=\"article:publisher\" content=\"https:\/\/www.facebook.com\/septmus\/\" \/>\n<meta property=\"article:modified_time\" content=\"2026-02-17T13:15:52+00:00\" \/>\n<meta name=\"twitter:card\" content=\"summary_large_image\" \/>\n<meta name=\"twitter:title\" content=\"IGUDESMAN &amp; JOO, EKATERINA SHELEHOVA &amp; LEO RONDON TRIO\" \/>\n<script type=\"application\/ld+json\" class=\"yoast-schema-graph\">{\"@context\":\"https:\\\/\\\/schema.org\",\"@graph\":[{\"@type\":\"WebPage\",\"@id\":\"https:\\\/\\\/www.septembremusical.ch\\\/de\\\/programm\\\/igudesman-joo-ekaterina-shelehova-leo-rondon-trio\\\/\",\"url\":\"https:\\\/\\\/www.septembremusical.ch\\\/de\\\/programm\\\/igudesman-joo-ekaterina-shelehova-leo-rondon-trio\\\/\",\"name\":\"Igudesman & Joo meets Shelehova Konzert - Septembre Musical\",\"isPartOf\":{\"@id\":\"https:\\\/\\\/www.septembremusical.ch\\\/de\\\/#website\"},\"datePublished\":\"2026-02-04T09:27:19+00:00\",\"dateModified\":\"2026-02-17T13:15:52+00:00\",\"description\":\"Verr\u00fcckte Show mit Igudesman & Joo, Ekaterina Shelehova & Leo Rondon Trio. Musikalische Odyssee durch Stile und Epochen - Mozart trifft B\u00e9same mucho!\",\"breadcrumb\":{\"@id\":\"https:\\\/\\\/www.septembremusical.ch\\\/de\\\/programm\\\/igudesman-joo-ekaterina-shelehova-leo-rondon-trio\\\/#breadcrumb\"},\"inLanguage\":\"de\",\"potentialAction\":[{\"@type\":\"ReadAction\",\"target\":[\"https:\\\/\\\/www.septembremusical.ch\\\/de\\\/programm\\\/igudesman-joo-ekaterina-shelehova-leo-rondon-trio\\\/\"]}]},{\"@type\":\"BreadcrumbList\",\"@id\":\"https:\\\/\\\/www.septembremusical.ch\\\/de\\\/programm\\\/igudesman-joo-ekaterina-shelehova-leo-rondon-trio\\\/#breadcrumb\",\"itemListElement\":[{\"@type\":\"ListItem\",\"position\":1,\"name\":\"Accueil\",\"item\":\"https:\\\/\\\/www.septembremusical.ch\\\/de\\\/\"},{\"@type\":\"ListItem\",\"position\":2,\"name\":\"IGUDESMAN &#038; JOO, EKATERINA SHELEHOVA &#038; LEO RONDON TRIO\"}]},{\"@type\":\"WebSite\",\"@id\":\"https:\\\/\\\/www.septembremusical.ch\\\/de\\\/#website\",\"url\":\"https:\\\/\\\/www.septembremusical.ch\\\/de\\\/\",\"name\":\"Septembre Musical - Festival de musique classique en Suisse\",\"description\":\"\",\"publisher\":{\"@id\":\"https:\\\/\\\/www.septembremusical.ch\\\/de\\\/#organization\"},\"potentialAction\":[{\"@type\":\"SearchAction\",\"target\":{\"@type\":\"EntryPoint\",\"urlTemplate\":\"https:\\\/\\\/www.septembremusical.ch\\\/de\\\/?s={search_term_string}\"},\"query-input\":{\"@type\":\"PropertyValueSpecification\",\"valueRequired\":true,\"valueName\":\"search_term_string\"}}],\"inLanguage\":\"de\"},{\"@type\":\"Organization\",\"@id\":\"https:\\\/\\\/www.septembremusical.ch\\\/de\\\/#organization\",\"name\":\"Septembre Musical\",\"url\":\"https:\\\/\\\/www.septembremusical.ch\\\/de\\\/\",\"logo\":{\"@type\":\"ImageObject\",\"inLanguage\":\"de\",\"@id\":\"https:\\\/\\\/www.septembremusical.ch\\\/de\\\/#\\\/schema\\\/logo\\\/image\\\/\",\"url\":\"https:\\\/\\\/www.septembremusical.ch\\\/wp-content\\\/uploads\\\/2025\\\/12\\\/logo.svg\",\"contentUrl\":\"https:\\\/\\\/www.septembremusical.ch\\\/wp-content\\\/uploads\\\/2025\\\/12\\\/logo.svg\",\"caption\":\"Septembre Musical\"},\"image\":{\"@id\":\"https:\\\/\\\/www.septembremusical.ch\\\/de\\\/#\\\/schema\\\/logo\\\/image\\\/\"},\"sameAs\":[\"https:\\\/\\\/www.facebook.com\\\/septmus\\\/\",\"https:\\\/\\\/www.instagram.com\\\/septembremusical\\\/\",\"https:\\\/\\\/www.linkedin.com\\\/company\\\/septembre-musical\\\/\",\"https:\\\/\\\/www.youtube.com\\\/channel\\\/UCIMYgBp7KIFi-6TytkeiLEg\"],\"legalName\":\"Fondation Septembre Musical Montreux-Vevey\",\"contactPoint\":[{\"@type\":\"ContactPoint\",\"contactType\":\"customer service\",\"telephone\":\"+41 21 962 80 00\",\"email\":\"info@septembremusical.ch\",\"availableLanguage\":[\"French\",\"English\",\"German\"]},{\"@type\":\"ContactPoint\",\"contactType\":\"reservations\",\"telephone\":\"+41 21 962 80 05\",\"email\":\"billetterie@septembremusical.ch\",\"availableLanguage\":[\"French\",\"English\",\"German\"]}],\"address\":{\"@type\":\"PostalAddress\",\"addressCountry\":\"CH\",\"addressRegion\":\"VD\"}}]}<\/script>\n<meta property=\"og:video\" content=\"https:\/\/www.youtube.com\/embed\/VRfP8zxLF_0\" \/>\n<meta property=\"og:video:type\" content=\"text\/html\" \/>\n<meta property=\"og:video:duration\" content=\"16\" \/>\n<meta property=\"og:video:width\" content=\"480\" \/>\n<meta property=\"og:video:height\" content=\"270\" \/>\n<meta property=\"ya:ovs:adult\" content=\"false\" \/>\n<meta property=\"ya:ovs:upload_date\" content=\"2026-02-04T09:27:19+00:00\" \/>\n<meta property=\"ya:ovs:allow_embed\" content=\"true\" \/>\n<!-- \/ Yoast SEO Premium plugin. -->","yoast_head_json":{"title":"Igudesman & Joo meets Shelehova Konzert - Septembre Musical","description":"Verr\u00fcckte Show mit Igudesman & Joo, Ekaterina Shelehova & Leo Rondon Trio. Musikalische Odyssee durch Stile und Epochen - Mozart trifft B\u00e9same mucho!","robots":{"index":"index","follow":"follow","max-snippet":"max-snippet:-1","max-image-preview":"max-image-preview:large","max-video-preview":"max-video-preview:-1"},"canonical":"https:\/\/www.septembremusical.ch\/de\/programm\/igudesman-joo-ekaterina-shelehova-leo-rondon-trio\/","og_locale":"de_CH","og_type":"article","og_title":"Igudesman & Joo meets Ekaterina Shelehova & Leo Rondon Trio - Verr\u00fcckte Show!","og_description":"Was passiert, wenn eine S\u00e4ngerin aus einer anderen Galaxie auf das illustre Duo Igudesman & Joo trifft? Eine unm\u00f6gliche Show voller \u00dcberraschungen - Mozart meets B\u00e9same mucho!","og_url":"https:\/\/www.septembremusical.ch\/de\/programm\/igudesman-joo-ekaterina-shelehova-leo-rondon-trio\/","og_site_name":"Septembre Musical","article_publisher":"https:\/\/www.facebook.com\/septmus\/","article_modified_time":"2026-02-17T13:15:52+00:00","twitter_card":"summary_large_image","twitter_title":"IGUDESMAN & JOO, EKATERINA SHELEHOVA & LEO RONDON TRIO","schema":{"@context":"https:\/\/schema.org","@graph":[{"@type":"WebPage","@id":"https:\/\/www.septembremusical.ch\/de\/programm\/igudesman-joo-ekaterina-shelehova-leo-rondon-trio\/","url":"https:\/\/www.septembremusical.ch\/de\/programm\/igudesman-joo-ekaterina-shelehova-leo-rondon-trio\/","name":"Igudesman & Joo meets Shelehova Konzert - Septembre Musical","isPartOf":{"@id":"https:\/\/www.septembremusical.ch\/de\/#website"},"datePublished":"2026-02-04T09:27:19+00:00","dateModified":"2026-02-17T13:15:52+00:00","description":"Verr\u00fcckte Show mit Igudesman & Joo, Ekaterina Shelehova & Leo Rondon Trio. Musikalische Odyssee durch Stile und Epochen - Mozart trifft B\u00e9same mucho!","breadcrumb":{"@id":"https:\/\/www.septembremusical.ch\/de\/programm\/igudesman-joo-ekaterina-shelehova-leo-rondon-trio\/#breadcrumb"},"inLanguage":"de","potentialAction":[{"@type":"ReadAction","target":["https:\/\/www.septembremusical.ch\/de\/programm\/igudesman-joo-ekaterina-shelehova-leo-rondon-trio\/"]}]},{"@type":"BreadcrumbList","@id":"https:\/\/www.septembremusical.ch\/de\/programm\/igudesman-joo-ekaterina-shelehova-leo-rondon-trio\/#breadcrumb","itemListElement":[{"@type":"ListItem","position":1,"name":"Accueil","item":"https:\/\/www.septembremusical.ch\/de\/"},{"@type":"ListItem","position":2,"name":"IGUDESMAN &#038; JOO, EKATERINA SHELEHOVA &#038; LEO RONDON TRIO"}]},{"@type":"WebSite","@id":"https:\/\/www.septembremusical.ch\/de\/#website","url":"https:\/\/www.septembremusical.ch\/de\/","name":"Septembre Musical - Festival de musique classique en Suisse","description":"","publisher":{"@id":"https:\/\/www.septembremusical.ch\/de\/#organization"},"potentialAction":[{"@type":"SearchAction","target":{"@type":"EntryPoint","urlTemplate":"https:\/\/www.septembremusical.ch\/de\/?s={search_term_string}"},"query-input":{"@type":"PropertyValueSpecification","valueRequired":true,"valueName":"search_term_string"}}],"inLanguage":"de"},{"@type":"Organization","@id":"https:\/\/www.septembremusical.ch\/de\/#organization","name":"Septembre Musical","url":"https:\/\/www.septembremusical.ch\/de\/","logo":{"@type":"ImageObject","inLanguage":"de","@id":"https:\/\/www.septembremusical.ch\/de\/#\/schema\/logo\/image\/","url":"https:\/\/www.septembremusical.ch\/wp-content\/uploads\/2025\/12\/logo.svg","contentUrl":"https:\/\/www.septembremusical.ch\/wp-content\/uploads\/2025\/12\/logo.svg","caption":"Septembre Musical"},"image":{"@id":"https:\/\/www.septembremusical.ch\/de\/#\/schema\/logo\/image\/"},"sameAs":["https:\/\/www.facebook.com\/septmus\/","https:\/\/www.instagram.com\/septembremusical\/","https:\/\/www.linkedin.com\/company\/septembre-musical\/","https:\/\/www.youtube.com\/channel\/UCIMYgBp7KIFi-6TytkeiLEg"],"legalName":"Fondation Septembre Musical Montreux-Vevey","contactPoint":[{"@type":"ContactPoint","contactType":"customer service","telephone":"+41 21 962 80 00","email":"info@septembremusical.ch","availableLanguage":["French","English","German"]},{"@type":"ContactPoint","contactType":"reservations","telephone":"+41 21 962 80 05","email":"billetterie@septembremusical.ch","availableLanguage":["French","English","German"]}],"address":{"@type":"PostalAddress","addressCountry":"CH","addressRegion":"VD"}}]},"og_video":"https:\/\/www.youtube.com\/embed\/VRfP8zxLF_0","og_video_type":"text\/html","og_video_duration":"16","og_video_width":"480","og_video_height":"270","ya_ovs_adult":"false","ya_ovs_upload_date":"2026-02-04T09:27:19+00:00","ya_ovs_allow_embed":"true"},"_links":{"self":[{"href":"https:\/\/www.septembremusical.ch\/de\/wp-json\/wp\/v2\/concerts\/3497","targetHints":{"allow":["GET"]}}],"collection":[{"href":"https:\/\/www.septembremusical.ch\/de\/wp-json\/wp\/v2\/concerts"}],"about":[{"href":"https:\/\/www.septembremusical.ch\/de\/wp-json\/wp\/v2\/types\/concert"}],"version-history":[{"count":0,"href":"https:\/\/www.septembremusical.ch\/de\/wp-json\/wp\/v2\/concerts\/3497\/revisions"}],"wp:attachment":[{"href":"https:\/\/www.septembremusical.ch\/de\/wp-json\/wp\/v2\/media?parent=3497"}],"wp:term":[{"taxonomy":"edition","embeddable":true,"href":"https:\/\/www.septembremusical.ch\/de\/wp-json\/wp\/v2\/edition?post=3497"}],"curies":[{"name":"wp","href":"https:\/\/api.w.org\/{rel}","templated":true}]}}

<div class="the-content"><p>Was passiert, wenn man eine Sängerin aus einer anderen Galaxie mit einem wilden Trio aus Maracas, Gitarre, Bass und dann noch mit dem illustren Duo Igudesman &amp; Joo zusammenbringt? Eine verrückte Show, die sich unmöglich einordnen lässt, eine musikalische Odyssee durch Stile und Epochen. Und natürlich erklingt irgendwann auch <em>Bésame mucho</em> – aber so, als hätte Mozart höchstpersönlich es komponiert. Lassen Sie sich also von Kopf bis Fuss verführen – von wundervollen Klängen!</p>
<p>Abendkasse und Akkreditierungen: 1 Stunde vor Konzertbeginn.<br>
Dauer des Konzerts: ca. 1,5 Stunden.<br>
Keine Pause.</p>
<p><strong>PREISE (CHF)</strong><br>
Kat. A: 69.– | Kat. B: 59.–<br>
Jugendliche/Studierende/Lernende: 10.–</p>
</div>

<!-- This site is optimized with the Yoast SEO Premium plugin v28.4 (Yoast SEO v28.4) - https://yoast.com/product/yoast-seo-premium-wordpress/ -->
<title>Igudesman &amp; Joo meets Shelehova Konzert - Septembre Musical</title>
<meta name="description" content="Verrückte Show mit Igudesman &amp; Joo, Ekaterina Shelehova &amp; Leo Rondon Trio. Musikalische Odyssee durch Stile und Epochen - Mozart trifft Bésame mucho!" />
<meta name="robots" content="index, follow, max-snippet:-1, max-image-preview:large, max-video-preview:-1" />
<link rel="canonical" href="https://www.septembremusical.ch/de/programm/igudesman-joo-ekaterina-shelehova-leo-rondon-trio/" />
<meta property="og:locale" content="de_CH" />
<meta property="og:type" content="article" />
<meta property="og:title" content="Igudesman &amp; Joo meets Ekaterina Shelehova &amp; Leo Rondon Trio - Verrückte Show!" />
<meta property="og:description" content="Was passiert, wenn eine Sängerin aus einer anderen Galaxie auf das illustre Duo Igudesman &amp; Joo trifft? Eine unmögliche Show voller Überraschungen - Mozart meets Bésame mucho!" />
<meta property="og:url" content="https://www.septembremusical.ch/de/programm/igudesman-joo-ekaterina-shelehova-leo-rondon-trio/" />
<meta property="og:site_name" content="Septembre Musical" />
<meta property="article:publisher" content="https://www.facebook.com/septmus/" />
<meta property="article:modified_time" content="2026-02-17T13:15:52+00:00" />
<meta name="twitter:card" content="summary_large_image" />
<meta name="twitter:title" content="IGUDESMAN &amp; JOO, EKATERINA SHELEHOVA &amp; LEO RONDON TRIO" />
<script type="application/ld+json" class="yoast-schema-graph">{"@context":"https:\/\/schema.org","@graph":[{"@type":"WebPage","@id":"https:\/\/www.septembremusical.ch\/de\/programm\/igudesman-joo-ekaterina-shelehova-leo-rondon-trio\/","url":"https:\/\/www.septembremusical.ch\/de\/programm\/igudesman-joo-ekaterina-shelehova-leo-rondon-trio\/","name":"Igudesman & Joo meets Shelehova Konzert - Septembre Musical","isPartOf":{"@id":"https:\/\/www.septembremusical.ch\/de\/#website"},"datePublished":"2026-02-04T09:27:19+00:00","dateModified":"2026-02-17T13:15:52+00:00","description":"Verrückte Show mit Igudesman & Joo, Ekaterina Shelehova & Leo Rondon Trio. Musikalische Odyssee durch Stile und Epochen - Mozart trifft Bésame mucho!","breadcrumb":{"@id":"https:\/\/www.septembremusical.ch\/de\/programm\/igudesman-joo-ekaterina-shelehova-leo-rondon-trio\/#breadcrumb"},"inLanguage":"de","potentialAction":[{"@type":"ReadAction","target":["https:\/\/www.septembremusical.ch\/de\/programm\/igudesman-joo-ekaterina-shelehova-leo-rondon-trio\/"]}]},{"@type":"BreadcrumbList","@id":"https:\/\/www.septembremusical.ch\/de\/programm\/igudesman-joo-ekaterina-shelehova-leo-rondon-trio\/#breadcrumb","itemListElement":[{"@type":"ListItem","position":1,"name":"Accueil","item":"https:\/\/www.septembremusical.ch\/de\/"},{"@type":"ListItem","position":2,"name":"IGUDESMAN &#038; JOO, EKATERINA SHELEHOVA &#038; LEO RONDON TRIO"}]},{"@type":"WebSite","@id":"https:\/\/www.septembremusical.ch\/de\/#website","url":"https:\/\/www.septembremusical.ch\/de\/","name":"Septembre Musical - Festival de musique classique en Suisse","description":"","publisher":{"@id":"https:\/\/www.septembremusical.ch\/de\/#organization"},"potentialAction":[{"@type":"SearchAction","target":{"@type":"EntryPoint","urlTemplate":"https:\/\/www.septembremusical.ch\/de\/?s={search_term_string}"},"query-input":{"@type":"PropertyValueSpecification","valueRequired":true,"valueName":"search_term_string"}}],"inLanguage":"de"},{"@type":"Organization","@id":"https:\/\/www.septembremusical.ch\/de\/#organization","name":"Septembre Musical","url":"https:\/\/www.septembremusical.ch\/de\/","logo":{"@type":"ImageObject","inLanguage":"de","@id":"https:\/\/www.septembremusical.ch\/de\/#\/schema\/logo\/image\/","url":"https:\/\/www.septembremusical.ch\/wp-content\/uploads\/2025\/12\/logo.svg","contentUrl":"https:\/\/www.septembremusical.ch\/wp-content\/uploads\/2025\/12\/logo.svg","caption":"Septembre Musical"},"image":{"@id":"https:\/\/www.septembremusical.ch\/de\/#\/schema\/logo\/image\/"},"sameAs":["https:\/\/www.facebook.com\/septmus\/","https:\/\/www.instagram.com\/septembremusical\/","https:\/\/www.linkedin.com\/company\/septembre-musical\/","https:\/\/www.youtube.com\/channel\/UCIMYgBp7KIFi-6TytkeiLEg"],"legalName":"Fondation Septembre Musical Montreux-Vevey","contactPoint":[{"@type":"ContactPoint","contactType":"customer service","telephone":"+41 21 962 80 00","email":"info@septembremusical.ch","availableLanguage":["French","English","German"]},{"@type":"ContactPoint","contactType":"reservations","telephone":"+41 21 962 80 05","email":"billetterie@septembremusical.ch","availableLanguage":["French","English","German"]}],"address":{"@type":"PostalAddress","addressCountry":"CH","addressRegion":"VD"}}]}</script>
<meta property="og:video" content="https://www.youtube.com/embed/VRfP8zxLF_0" />
<meta property="og:video:type" content="text/html" />
<meta property="og:video:duration" content="16" />
<meta property="og:video:width" content="480" />
<meta property="og:video:height" content="270" />
<meta property="ya:ovs:adult" content="false" />
<meta property="ya:ovs:upload_date" content="2026-02-04T09:27:19+00:00" />
<meta property="ya:ovs:allow_embed" content="true" />
<!-- / Yoast SEO Premium plugin. -->

Verrückte Show mit Igudesman & Joo, Ekaterina Shelehova & Leo Rondon Trio. Musikalische Odyssee durch Stile und Epochen - Mozart trifft Bésame mucho!

Igudesman & Joo meets Ekaterina Shelehova & Leo Rondon Trio - Verrückte Show!

Was passiert, wenn eine Sängerin aus einer anderen Galaxie auf das illustre Duo Igudesman & Joo trifft? Eine unmögliche Show voller Überraschungen - Mozart meets Bésame mucho!
