{"id":3496,"date":"2026-02-04T10:31:23","date_gmt":"2026-02-04T09:31:23","guid":{"rendered":"https:\/\/www.septembremusical.ch\/programme\/gautier-capucon-jerome-ducros\/"},"modified":"2026-02-17T14:12:38","modified_gmt":"2026-02-17T13:12:38","slug":"gautier-capucon-jerome-ducros","status":"publish","type":"concert","link":"https:\/\/www.septembremusical.ch\/de\/programm\/gautier-capucon-jerome-ducros\/","title":{"rendered":"GAUTIER CAPU\u00c7ON &#038; J\u00c9R\u00d4ME DUCROS"},"content":{"rendered":"<div class=\"the-content\"><p>Gautier Capu\u00e7on, ein Grossmeister des Violoncellos, tut sich mit dem begabten J\u00e9r\u00f4me Ducros f\u00fcr ein aussergew\u00f6hnliches Programm zusammen. Einm\u00fctig erwecken sie Rachmaninows meisterhafte\u00a0<em>Sonate f\u00fcr Violoncello und Klavier<\/em>\u00a0zum Leben, welche die Sch\u00f6nheit und Ausdruckskraft der Instrumente voll zur Geltung bringt. Darauf folgt Piazzollas kraftvoller\u00a0<em>Grand Tango<\/em>, bei dem das Cello zum T\u00e4nzer wird. Ein konzentrierter Abend zwischen bezaubernder Lyrik und z\u00fcgellosen Rhythmen, getragen von zwei Musikern auf dem H\u00f6hepunkt ihrer Kunst.<\/p>\n<p>Abendkasse und Akkreditierungen: 1 Stunde vor Konzertbeginn.<br>\nDauer des Konzerts: ca. 1,5 Stunden.<br>\nKeine Pause.<\/p>\n<p><strong>PREISE (CHF)<\/strong><br>\nKat. A: 69.\u2013 | Kat. B: 59.\u2013 | Kat. C: 49.\u2013<br>\nJugendliche\/Studierende\/Lernende: 10.\u2013<\/p>\n<\/div>","protected":false},"template":"","edition":[74],"class_list":["post-3496","concert","type-concert","status-publish","hentry","edition-74"],"acf":[],"yoast_head":"<!-- This site is optimized with the Yoast SEO Premium plugin v28.4 (Yoast SEO v28.4) - https:\/\/yoast.com\/product\/yoast-seo-premium-wordpress\/ -->\n<title>Gautier Capu\u00e7on &amp; J\u00e9r\u00f4me Ducros Konzert - Septembre Musical<\/title>\n<meta name=\"description\" content=\"Erleben Sie Gautier Capu\u00e7on und J\u00e9r\u00f4me Ducros mit Rachmaninows Cellosonate und Piazzollas Grand Tango. Ein unvergesslicher Abend voller Lyrik.\" \/>\n<meta name=\"robots\" content=\"index, follow, max-snippet:-1, max-image-preview:large, max-video-preview:-1\" \/>\n<link rel=\"canonical\" href=\"https:\/\/www.septembremusical.ch\/de\/programm\/gautier-capucon-jerome-ducros\/\" \/>\n<meta property=\"og:locale\" content=\"de_CH\" \/>\n<meta property=\"og:type\" content=\"article\" \/>\n<meta property=\"og:title\" content=\"Gautier Capu\u00e7on &amp; J\u00e9r\u00f4me Ducros - Meisterhafte Cello-Piano Gala\" \/>\n<meta property=\"og:description\" content=\"Zwei Virtuosen, ein magischer Abend: Gautier Capu\u00e7on am Cello und J\u00e9r\u00f4me Ducros am Klavier interpretieren Rachmaninow und Piazzolla. Tickets ab 49 CHF!\" \/>\n<meta property=\"og:url\" content=\"https:\/\/www.septembremusical.ch\/de\/programm\/gautier-capucon-jerome-ducros\/\" \/>\n<meta property=\"og:site_name\" content=\"Septembre Musical\" \/>\n<meta property=\"article:publisher\" content=\"https:\/\/www.facebook.com\/septmus\/\" \/>\n<meta property=\"article:modified_time\" content=\"2026-02-17T13:12:38+00:00\" \/>\n<meta name=\"twitter:card\" content=\"summary_large_image\" \/>\n<meta name=\"twitter:title\" content=\"GAUTIER CAPU\u00c7ON &amp; J\u00c9R\u00d4ME DUCROS\" \/>\n<script type=\"application\/ld+json\" class=\"yoast-schema-graph\">{\"@context\":\"https:\\\/\\\/schema.org\",\"@graph\":[{\"@type\":\"WebPage\",\"@id\":\"https:\\\/\\\/www.septembremusical.ch\\\/de\\\/programm\\\/gautier-capucon-jerome-ducros\\\/\",\"url\":\"https:\\\/\\\/www.septembremusical.ch\\\/de\\\/programm\\\/gautier-capucon-jerome-ducros\\\/\",\"name\":\"Gautier Capu\u00e7on & J\u00e9r\u00f4me Ducros Konzert - Septembre Musical\",\"isPartOf\":{\"@id\":\"https:\\\/\\\/www.septembremusical.ch\\\/de\\\/#website\"},\"datePublished\":\"2026-02-04T09:31:23+00:00\",\"dateModified\":\"2026-02-17T13:12:38+00:00\",\"description\":\"Erleben Sie Gautier Capu\u00e7on und J\u00e9r\u00f4me Ducros mit Rachmaninows Cellosonate und Piazzollas Grand Tango. Ein unvergesslicher Abend voller Lyrik.\",\"breadcrumb\":{\"@id\":\"https:\\\/\\\/www.septembremusical.ch\\\/de\\\/programm\\\/gautier-capucon-jerome-ducros\\\/#breadcrumb\"},\"inLanguage\":\"de\",\"potentialAction\":[{\"@type\":\"ReadAction\",\"target\":[\"https:\\\/\\\/www.septembremusical.ch\\\/de\\\/programm\\\/gautier-capucon-jerome-ducros\\\/\"]}]},{\"@type\":\"BreadcrumbList\",\"@id\":\"https:\\\/\\\/www.septembremusical.ch\\\/de\\\/programm\\\/gautier-capucon-jerome-ducros\\\/#breadcrumb\",\"itemListElement\":[{\"@type\":\"ListItem\",\"position\":1,\"name\":\"Accueil\",\"item\":\"https:\\\/\\\/www.septembremusical.ch\\\/de\\\/\"},{\"@type\":\"ListItem\",\"position\":2,\"name\":\"GAUTIER CAPU\u00c7ON &#038; J\u00c9R\u00d4ME DUCROS\"}]},{\"@type\":\"WebSite\",\"@id\":\"https:\\\/\\\/www.septembremusical.ch\\\/de\\\/#website\",\"url\":\"https:\\\/\\\/www.septembremusical.ch\\\/de\\\/\",\"name\":\"Septembre Musical - Festival de musique classique en Suisse\",\"description\":\"\",\"publisher\":{\"@id\":\"https:\\\/\\\/www.septembremusical.ch\\\/de\\\/#organization\"},\"potentialAction\":[{\"@type\":\"SearchAction\",\"target\":{\"@type\":\"EntryPoint\",\"urlTemplate\":\"https:\\\/\\\/www.septembremusical.ch\\\/de\\\/?s={search_term_string}\"},\"query-input\":{\"@type\":\"PropertyValueSpecification\",\"valueRequired\":true,\"valueName\":\"search_term_string\"}}],\"inLanguage\":\"de\"},{\"@type\":\"Organization\",\"@id\":\"https:\\\/\\\/www.septembremusical.ch\\\/de\\\/#organization\",\"name\":\"Septembre Musical\",\"url\":\"https:\\\/\\\/www.septembremusical.ch\\\/de\\\/\",\"logo\":{\"@type\":\"ImageObject\",\"inLanguage\":\"de\",\"@id\":\"https:\\\/\\\/www.septembremusical.ch\\\/de\\\/#\\\/schema\\\/logo\\\/image\\\/\",\"url\":\"https:\\\/\\\/www.septembremusical.ch\\\/wp-content\\\/uploads\\\/2025\\\/12\\\/logo.svg\",\"contentUrl\":\"https:\\\/\\\/www.septembremusical.ch\\\/wp-content\\\/uploads\\\/2025\\\/12\\\/logo.svg\",\"caption\":\"Septembre Musical\"},\"image\":{\"@id\":\"https:\\\/\\\/www.septembremusical.ch\\\/de\\\/#\\\/schema\\\/logo\\\/image\\\/\"},\"sameAs\":[\"https:\\\/\\\/www.facebook.com\\\/septmus\\\/\",\"https:\\\/\\\/www.instagram.com\\\/septembremusical\\\/\",\"https:\\\/\\\/www.linkedin.com\\\/company\\\/septembre-musical\\\/\",\"https:\\\/\\\/www.youtube.com\\\/channel\\\/UCIMYgBp7KIFi-6TytkeiLEg\"],\"legalName\":\"Fondation Septembre Musical Montreux-Vevey\",\"contactPoint\":[{\"@type\":\"ContactPoint\",\"contactType\":\"customer service\",\"telephone\":\"+41 21 962 80 00\",\"email\":\"info@septembremusical.ch\",\"availableLanguage\":[\"French\",\"English\",\"German\"]},{\"@type\":\"ContactPoint\",\"contactType\":\"reservations\",\"telephone\":\"+41 21 962 80 05\",\"email\":\"billetterie@septembremusical.ch\",\"availableLanguage\":[\"French\",\"English\",\"German\"]}],\"address\":{\"@type\":\"PostalAddress\",\"addressCountry\":\"CH\",\"addressRegion\":\"VD\"}}]}<\/script>\n<meta property=\"og:video\" content=\"https:\/\/www.youtube.com\/embed\/YsHXme3tS0s\" \/>\n<meta property=\"og:video:type\" content=\"text\/html\" \/>\n<meta property=\"og:video:duration\" content=\"16\" \/>\n<meta property=\"og:video:width\" content=\"480\" \/>\n<meta property=\"og:video:height\" content=\"270\" \/>\n<meta property=\"ya:ovs:adult\" content=\"false\" \/>\n<meta property=\"ya:ovs:upload_date\" content=\"2026-02-04T09:31:23+00:00\" \/>\n<meta property=\"ya:ovs:allow_embed\" content=\"true\" \/>\n<!-- \/ Yoast SEO Premium plugin. -->","yoast_head_json":{"title":"Gautier Capu\u00e7on & J\u00e9r\u00f4me Ducros Konzert - Septembre Musical","description":"Erleben Sie Gautier Capu\u00e7on und J\u00e9r\u00f4me Ducros mit Rachmaninows Cellosonate und Piazzollas Grand Tango. Ein unvergesslicher Abend voller Lyrik.","robots":{"index":"index","follow":"follow","max-snippet":"max-snippet:-1","max-image-preview":"max-image-preview:large","max-video-preview":"max-video-preview:-1"},"canonical":"https:\/\/www.septembremusical.ch\/de\/programm\/gautier-capucon-jerome-ducros\/","og_locale":"de_CH","og_type":"article","og_title":"Gautier Capu\u00e7on & J\u00e9r\u00f4me Ducros - Meisterhafte Cello-Piano Gala","og_description":"Zwei Virtuosen, ein magischer Abend: Gautier Capu\u00e7on am Cello und J\u00e9r\u00f4me Ducros am Klavier interpretieren Rachmaninow und Piazzolla. Tickets ab 49 CHF!","og_url":"https:\/\/www.septembremusical.ch\/de\/programm\/gautier-capucon-jerome-ducros\/","og_site_name":"Septembre Musical","article_publisher":"https:\/\/www.facebook.com\/septmus\/","article_modified_time":"2026-02-17T13:12:38+00:00","twitter_card":"summary_large_image","twitter_title":"GAUTIER CAPU\u00c7ON & J\u00c9R\u00d4ME DUCROS","schema":{"@context":"https:\/\/schema.org","@graph":[{"@type":"WebPage","@id":"https:\/\/www.septembremusical.ch\/de\/programm\/gautier-capucon-jerome-ducros\/","url":"https:\/\/www.septembremusical.ch\/de\/programm\/gautier-capucon-jerome-ducros\/","name":"Gautier Capu\u00e7on & J\u00e9r\u00f4me Ducros Konzert - Septembre Musical","isPartOf":{"@id":"https:\/\/www.septembremusical.ch\/de\/#website"},"datePublished":"2026-02-04T09:31:23+00:00","dateModified":"2026-02-17T13:12:38+00:00","description":"Erleben Sie Gautier Capu\u00e7on und J\u00e9r\u00f4me Ducros mit Rachmaninows Cellosonate und Piazzollas Grand Tango. Ein unvergesslicher Abend voller Lyrik.","breadcrumb":{"@id":"https:\/\/www.septembremusical.ch\/de\/programm\/gautier-capucon-jerome-ducros\/#breadcrumb"},"inLanguage":"de","potentialAction":[{"@type":"ReadAction","target":["https:\/\/www.septembremusical.ch\/de\/programm\/gautier-capucon-jerome-ducros\/"]}]},{"@type":"BreadcrumbList","@id":"https:\/\/www.septembremusical.ch\/de\/programm\/gautier-capucon-jerome-ducros\/#breadcrumb","itemListElement":[{"@type":"ListItem","position":1,"name":"Accueil","item":"https:\/\/www.septembremusical.ch\/de\/"},{"@type":"ListItem","position":2,"name":"GAUTIER CAPU\u00c7ON &#038; J\u00c9R\u00d4ME DUCROS"}]},{"@type":"WebSite","@id":"https:\/\/www.septembremusical.ch\/de\/#website","url":"https:\/\/www.septembremusical.ch\/de\/","name":"Septembre Musical - Festival de musique classique en Suisse","description":"","publisher":{"@id":"https:\/\/www.septembremusical.ch\/de\/#organization"},"potentialAction":[{"@type":"SearchAction","target":{"@type":"EntryPoint","urlTemplate":"https:\/\/www.septembremusical.ch\/de\/?s={search_term_string}"},"query-input":{"@type":"PropertyValueSpecification","valueRequired":true,"valueName":"search_term_string"}}],"inLanguage":"de"},{"@type":"Organization","@id":"https:\/\/www.septembremusical.ch\/de\/#organization","name":"Septembre Musical","url":"https:\/\/www.septembremusical.ch\/de\/","logo":{"@type":"ImageObject","inLanguage":"de","@id":"https:\/\/www.septembremusical.ch\/de\/#\/schema\/logo\/image\/","url":"https:\/\/www.septembremusical.ch\/wp-content\/uploads\/2025\/12\/logo.svg","contentUrl":"https:\/\/www.septembremusical.ch\/wp-content\/uploads\/2025\/12\/logo.svg","caption":"Septembre Musical"},"image":{"@id":"https:\/\/www.septembremusical.ch\/de\/#\/schema\/logo\/image\/"},"sameAs":["https:\/\/www.facebook.com\/septmus\/","https:\/\/www.instagram.com\/septembremusical\/","https:\/\/www.linkedin.com\/company\/septembre-musical\/","https:\/\/www.youtube.com\/channel\/UCIMYgBp7KIFi-6TytkeiLEg"],"legalName":"Fondation Septembre Musical Montreux-Vevey","contactPoint":[{"@type":"ContactPoint","contactType":"customer service","telephone":"+41 21 962 80 00","email":"info@septembremusical.ch","availableLanguage":["French","English","German"]},{"@type":"ContactPoint","contactType":"reservations","telephone":"+41 21 962 80 05","email":"billetterie@septembremusical.ch","availableLanguage":["French","English","German"]}],"address":{"@type":"PostalAddress","addressCountry":"CH","addressRegion":"VD"}}]},"og_video":"https:\/\/www.youtube.com\/embed\/YsHXme3tS0s","og_video_type":"text\/html","og_video_duration":"16","og_video_width":"480","og_video_height":"270","ya_ovs_adult":"false","ya_ovs_upload_date":"2026-02-04T09:31:23+00:00","ya_ovs_allow_embed":"true"},"_links":{"self":[{"href":"https:\/\/www.septembremusical.ch\/de\/wp-json\/wp\/v2\/concerts\/3496","targetHints":{"allow":["GET"]}}],"collection":[{"href":"https:\/\/www.septembremusical.ch\/de\/wp-json\/wp\/v2\/concerts"}],"about":[{"href":"https:\/\/www.septembremusical.ch\/de\/wp-json\/wp\/v2\/types\/concert"}],"version-history":[{"count":0,"href":"https:\/\/www.septembremusical.ch\/de\/wp-json\/wp\/v2\/concerts\/3496\/revisions"}],"wp:attachment":[{"href":"https:\/\/www.septembremusical.ch\/de\/wp-json\/wp\/v2\/media?parent=3496"}],"wp:term":[{"taxonomy":"edition","embeddable":true,"href":"https:\/\/www.septembremusical.ch\/de\/wp-json\/wp\/v2\/edition?post=3496"}],"curies":[{"name":"wp","href":"https:\/\/api.w.org\/{rel}","templated":true}]}}

GAUTIER CAPUÇON &#038; JÉRÔME DUCROS

<div class="the-content"><p>Gautier Capuçon, ein Grossmeister des Violoncellos, tut sich mit dem begabten Jérôme Ducros für ein aussergewöhnliches Programm zusammen. Einmütig erwecken sie Rachmaninows meisterhafte <em>Sonate für Violoncello und Klavier</em> zum Leben, welche die Schönheit und Ausdruckskraft der Instrumente voll zur Geltung bringt. Darauf folgt Piazzollas kraftvoller <em>Grand Tango</em>, bei dem das Cello zum Tänzer wird. Ein konzentrierter Abend zwischen bezaubernder Lyrik und zügellosen Rhythmen, getragen von zwei Musikern auf dem Höhepunkt ihrer Kunst.</p>
<p>Abendkasse und Akkreditierungen: 1 Stunde vor Konzertbeginn.<br>
Dauer des Konzerts: ca. 1,5 Stunden.<br>
Keine Pause.</p>
<p><strong>PREISE (CHF)</strong><br>
Kat. A: 69.– | Kat. B: 59.– | Kat. C: 49.–<br>
Jugendliche/Studierende/Lernende: 10.–</p>
</div>

<!-- This site is optimized with the Yoast SEO Premium plugin v28.4 (Yoast SEO v28.4) - https://yoast.com/product/yoast-seo-premium-wordpress/ -->
<title>Gautier Capuçon &amp; Jérôme Ducros Konzert - Septembre Musical</title>
<meta name="description" content="Erleben Sie Gautier Capuçon und Jérôme Ducros mit Rachmaninows Cellosonate und Piazzollas Grand Tango. Ein unvergesslicher Abend voller Lyrik." />
<meta name="robots" content="index, follow, max-snippet:-1, max-image-preview:large, max-video-preview:-1" />
<link rel="canonical" href="https://www.septembremusical.ch/de/programm/gautier-capucon-jerome-ducros/" />
<meta property="og:locale" content="de_CH" />
<meta property="og:type" content="article" />
<meta property="og:title" content="Gautier Capuçon &amp; Jérôme Ducros - Meisterhafte Cello-Piano Gala" />
<meta property="og:description" content="Zwei Virtuosen, ein magischer Abend: Gautier Capuçon am Cello und Jérôme Ducros am Klavier interpretieren Rachmaninow und Piazzolla. Tickets ab 49 CHF!" />
<meta property="og:url" content="https://www.septembremusical.ch/de/programm/gautier-capucon-jerome-ducros/" />
<meta property="og:site_name" content="Septembre Musical" />
<meta property="article:publisher" content="https://www.facebook.com/septmus/" />
<meta property="article:modified_time" content="2026-02-17T13:12:38+00:00" />
<meta name="twitter:card" content="summary_large_image" />
<meta name="twitter:title" content="GAUTIER CAPUÇON &amp; JÉRÔME DUCROS" />
<script type="application/ld+json" class="yoast-schema-graph">{"@context":"https:\/\/schema.org","@graph":[{"@type":"WebPage","@id":"https:\/\/www.septembremusical.ch\/de\/programm\/gautier-capucon-jerome-ducros\/","url":"https:\/\/www.septembremusical.ch\/de\/programm\/gautier-capucon-jerome-ducros\/","name":"Gautier Capuçon & Jérôme Ducros Konzert - Septembre Musical","isPartOf":{"@id":"https:\/\/www.septembremusical.ch\/de\/#website"},"datePublished":"2026-02-04T09:31:23+00:00","dateModified":"2026-02-17T13:12:38+00:00","description":"Erleben Sie Gautier Capuçon und Jérôme Ducros mit Rachmaninows Cellosonate und Piazzollas Grand Tango. Ein unvergesslicher Abend voller Lyrik.","breadcrumb":{"@id":"https:\/\/www.septembremusical.ch\/de\/programm\/gautier-capucon-jerome-ducros\/#breadcrumb"},"inLanguage":"de","potentialAction":[{"@type":"ReadAction","target":["https:\/\/www.septembremusical.ch\/de\/programm\/gautier-capucon-jerome-ducros\/"]}]},{"@type":"BreadcrumbList","@id":"https:\/\/www.septembremusical.ch\/de\/programm\/gautier-capucon-jerome-ducros\/#breadcrumb","itemListElement":[{"@type":"ListItem","position":1,"name":"Accueil","item":"https:\/\/www.septembremusical.ch\/de\/"},{"@type":"ListItem","position":2,"name":"GAUTIER CAPUÇON &#038; JÉRÔME DUCROS"}]},{"@type":"WebSite","@id":"https:\/\/www.septembremusical.ch\/de\/#website","url":"https:\/\/www.septembremusical.ch\/de\/","name":"Septembre Musical - Festival de musique classique en Suisse","description":"","publisher":{"@id":"https:\/\/www.septembremusical.ch\/de\/#organization"},"potentialAction":[{"@type":"SearchAction","target":{"@type":"EntryPoint","urlTemplate":"https:\/\/www.septembremusical.ch\/de\/?s={search_term_string}"},"query-input":{"@type":"PropertyValueSpecification","valueRequired":true,"valueName":"search_term_string"}}],"inLanguage":"de"},{"@type":"Organization","@id":"https:\/\/www.septembremusical.ch\/de\/#organization","name":"Septembre Musical","url":"https:\/\/www.septembremusical.ch\/de\/","logo":{"@type":"ImageObject","inLanguage":"de","@id":"https:\/\/www.septembremusical.ch\/de\/#\/schema\/logo\/image\/","url":"https:\/\/www.septembremusical.ch\/wp-content\/uploads\/2025\/12\/logo.svg","contentUrl":"https:\/\/www.septembremusical.ch\/wp-content\/uploads\/2025\/12\/logo.svg","caption":"Septembre Musical"},"image":{"@id":"https:\/\/www.septembremusical.ch\/de\/#\/schema\/logo\/image\/"},"sameAs":["https:\/\/www.facebook.com\/septmus\/","https:\/\/www.instagram.com\/septembremusical\/","https:\/\/www.linkedin.com\/company\/septembre-musical\/","https:\/\/www.youtube.com\/channel\/UCIMYgBp7KIFi-6TytkeiLEg"],"legalName":"Fondation Septembre Musical Montreux-Vevey","contactPoint":[{"@type":"ContactPoint","contactType":"customer service","telephone":"+41 21 962 80 00","email":"info@septembremusical.ch","availableLanguage":["French","English","German"]},{"@type":"ContactPoint","contactType":"reservations","telephone":"+41 21 962 80 05","email":"billetterie@septembremusical.ch","availableLanguage":["French","English","German"]}],"address":{"@type":"PostalAddress","addressCountry":"CH","addressRegion":"VD"}}]}</script>
<meta property="og:video" content="https://www.youtube.com/embed/YsHXme3tS0s" />
<meta property="og:video:type" content="text/html" />
<meta property="og:video:duration" content="16" />
<meta property="og:video:width" content="480" />
<meta property="og:video:height" content="270" />
<meta property="ya:ovs:adult" content="false" />
<meta property="ya:ovs:upload_date" content="2026-02-04T09:31:23+00:00" />
<meta property="ya:ovs:allow_embed" content="true" />
<!-- / Yoast SEO Premium plugin. -->

Gautier Capuçon & Jérôme Ducros Konzert - Septembre Musical

Erleben Sie Gautier Capuçon und Jérôme Ducros mit Rachmaninows Cellosonate und Piazzollas Grand Tango. Ein unvergesslicher Abend voller Lyrik.

Gautier Capuçon & Jérôme Ducros - Meisterhafte Cello-Piano Gala

Zwei Virtuosen, ein magischer Abend: Gautier Capuçon am Cello und Jérôme Ducros am Klavier interpretieren Rachmaninow und Piazzolla. Tickets ab 49 CHF!

GAUTIER CAPUÇON & JÉRÔME DUCROS
