{"id":3495,"date":"2026-02-04T10:43:45","date_gmt":"2026-02-04T09:43:45","guid":{"rendered":"https:\/\/www.septembremusical.ch\/programme\/aurora-orchestra-london\/"},"modified":"2026-02-17T14:11:24","modified_gmt":"2026-02-17T13:11:24","slug":"aurora-orchestra-london","status":"publish","type":"concert","link":"https:\/\/www.septembremusical.ch\/de\/programm\/aurora-orchestra-london\/","title":{"rendered":"AURORA ORCHESTRA LONDON"},"content":{"rendered":"<div class=\"the-content\"><p>Das Aurora Orchestra setzt Saint-Sa\u00ebns\u2019\u00a0<em>Karneval der Tiere<\/em>\u00a0in einem ebenso verr\u00fcckten wie originellen musikalischen und visuellen Spektakel neu in Szene. Die erstmals in der Schweiz aufgef\u00fchrte Inszenierung des Theaterensembles Frantic Assembly verbindet ohne Noten gespielte Musik, Bewegung, B\u00fchnenbild und Licht mit einem neuen Text in franz\u00f6sischer Sprache. Die Musiker sind Gefangene von Dr. Frompou, doch sie rebellieren und verwandeln jedes Instrument in einen Schauspieler. Eine beeindruckende und atemberaubende Performance \u2013 ein Erlebnis f\u00fcr die ganze Familie.<\/p>\n<p><strong>Camille Saint-Sa\u00ebns<\/strong>\u00a0(1835\u20131921)<br>\n<em>Karneval der Tiere<\/em><\/p>\n<p><strong>Richard Ayres<\/strong>\u00a0(*1965)<br>\n<em>Dr Frompou\u2019s Anatomical Study of an Orchestra<\/em><\/p>\n<p>Altersempfehlung: ab 7 Jahren<br>\nAbendkasse und Akkreditierungen: 1 Stunde vor Konzertbeginn.<br>\nKonzertdauer: ca. 75 Minuten<br>\nKeine Pause.<\/p>\n<p><strong>PREISE (CHF)<\/strong><br>\nKat. A: 69.\u2013 | Kat. B: 59.\u2013 | Kat. C: 49.-<br>\nJugendliche\/Studierende\/Lernende: 10.\u2013<\/p>\n<\/div>","protected":false},"template":"","edition":[74],"class_list":["post-3495","concert","type-concert","status-publish","hentry","edition-74"],"acf":[],"yoast_head":"<!-- This site is optimized with the Yoast SEO Premium plugin v28.4 (Yoast SEO v28.4) - https:\/\/yoast.com\/product\/yoast-seo-premium-wordpress\/ -->\n<title>Aurora Orchestra: Karneval der Tiere - Septembre Musical<\/title>\n<meta name=\"description\" content=\"Das Aurora Orchestra pr\u00e4sentiert Saint-Sa\u00ebns&#039; Karneval der Tiere als spektakul\u00e4res Musical mit Frantic Assembly. Ein Familienerlebnis ab 7 Jahren.\" \/>\n<meta name=\"robots\" content=\"index, follow, max-snippet:-1, max-image-preview:large, max-video-preview:-1\" \/>\n<link rel=\"canonical\" href=\"https:\/\/www.septembremusical.ch\/de\/programm\/aurora-orchestra-london\/\" \/>\n<meta property=\"og:locale\" content=\"de_CH\" \/>\n<meta property=\"og:type\" content=\"article\" \/>\n<meta property=\"og:title\" content=\"Aurora Orchestra London: Karneval der Tiere - Musiktheater f\u00fcr die ganze Familie\" \/>\n<meta property=\"og:description\" content=\"Erleben Sie Saint-Sa\u00ebns&#039; Karneval der Tiere wie nie zuvor! Das Aurora Orchestra verwandelt das klassische Werk in ein verr\u00fccktes Musical-Spektakel mit Bewegung, Licht und Theater. Perfect f\u00fcr Familien ab 7 Jahren.\" \/>\n<meta property=\"og:url\" content=\"https:\/\/www.septembremusical.ch\/de\/programm\/aurora-orchestra-london\/\" \/>\n<meta property=\"og:site_name\" content=\"Septembre Musical\" \/>\n<meta property=\"article:publisher\" content=\"https:\/\/www.facebook.com\/septmus\/\" \/>\n<meta property=\"article:modified_time\" content=\"2026-02-17T13:11:24+00:00\" \/>\n<meta name=\"twitter:card\" content=\"summary_large_image\" \/>\n<meta name=\"twitter:title\" content=\"AURORA ORCHESTRA LONDON\" \/>\n<script type=\"application\/ld+json\" class=\"yoast-schema-graph\">{\"@context\":\"https:\\\/\\\/schema.org\",\"@graph\":[{\"@type\":\"WebPage\",\"@id\":\"https:\\\/\\\/www.septembremusical.ch\\\/de\\\/programm\\\/aurora-orchestra-london\\\/\",\"url\":\"https:\\\/\\\/www.septembremusical.ch\\\/de\\\/programm\\\/aurora-orchestra-london\\\/\",\"name\":\"Aurora Orchestra: Karneval der Tiere - Septembre Musical\",\"isPartOf\":{\"@id\":\"https:\\\/\\\/www.septembremusical.ch\\\/de\\\/#website\"},\"datePublished\":\"2026-02-04T09:43:45+00:00\",\"dateModified\":\"2026-02-17T13:11:24+00:00\",\"description\":\"Das Aurora Orchestra pr\u00e4sentiert Saint-Sa\u00ebns' Karneval der Tiere als spektakul\u00e4res Musical mit Frantic Assembly. Ein Familienerlebnis ab 7 Jahren.\",\"breadcrumb\":{\"@id\":\"https:\\\/\\\/www.septembremusical.ch\\\/de\\\/programm\\\/aurora-orchestra-london\\\/#breadcrumb\"},\"inLanguage\":\"de\",\"potentialAction\":[{\"@type\":\"ReadAction\",\"target\":[\"https:\\\/\\\/www.septembremusical.ch\\\/de\\\/programm\\\/aurora-orchestra-london\\\/\"]}]},{\"@type\":\"BreadcrumbList\",\"@id\":\"https:\\\/\\\/www.septembremusical.ch\\\/de\\\/programm\\\/aurora-orchestra-london\\\/#breadcrumb\",\"itemListElement\":[{\"@type\":\"ListItem\",\"position\":1,\"name\":\"Accueil\",\"item\":\"https:\\\/\\\/www.septembremusical.ch\\\/de\\\/\"},{\"@type\":\"ListItem\",\"position\":2,\"name\":\"AURORA ORCHESTRA LONDON\"}]},{\"@type\":\"WebSite\",\"@id\":\"https:\\\/\\\/www.septembremusical.ch\\\/de\\\/#website\",\"url\":\"https:\\\/\\\/www.septembremusical.ch\\\/de\\\/\",\"name\":\"Septembre Musical - Festival de musique classique en Suisse\",\"description\":\"\",\"publisher\":{\"@id\":\"https:\\\/\\\/www.septembremusical.ch\\\/de\\\/#organization\"},\"potentialAction\":[{\"@type\":\"SearchAction\",\"target\":{\"@type\":\"EntryPoint\",\"urlTemplate\":\"https:\\\/\\\/www.septembremusical.ch\\\/de\\\/?s={search_term_string}\"},\"query-input\":{\"@type\":\"PropertyValueSpecification\",\"valueRequired\":true,\"valueName\":\"search_term_string\"}}],\"inLanguage\":\"de\"},{\"@type\":\"Organization\",\"@id\":\"https:\\\/\\\/www.septembremusical.ch\\\/de\\\/#organization\",\"name\":\"Septembre Musical\",\"url\":\"https:\\\/\\\/www.septembremusical.ch\\\/de\\\/\",\"logo\":{\"@type\":\"ImageObject\",\"inLanguage\":\"de\",\"@id\":\"https:\\\/\\\/www.septembremusical.ch\\\/de\\\/#\\\/schema\\\/logo\\\/image\\\/\",\"url\":\"https:\\\/\\\/www.septembremusical.ch\\\/wp-content\\\/uploads\\\/2025\\\/12\\\/logo.svg\",\"contentUrl\":\"https:\\\/\\\/www.septembremusical.ch\\\/wp-content\\\/uploads\\\/2025\\\/12\\\/logo.svg\",\"caption\":\"Septembre Musical\"},\"image\":{\"@id\":\"https:\\\/\\\/www.septembremusical.ch\\\/de\\\/#\\\/schema\\\/logo\\\/image\\\/\"},\"sameAs\":[\"https:\\\/\\\/www.facebook.com\\\/septmus\\\/\",\"https:\\\/\\\/www.instagram.com\\\/septembremusical\\\/\",\"https:\\\/\\\/www.linkedin.com\\\/company\\\/septembre-musical\\\/\",\"https:\\\/\\\/www.youtube.com\\\/channel\\\/UCIMYgBp7KIFi-6TytkeiLEg\"],\"legalName\":\"Fondation Septembre Musical Montreux-Vevey\",\"contactPoint\":[{\"@type\":\"ContactPoint\",\"contactType\":\"customer service\",\"telephone\":\"+41 21 962 80 00\",\"email\":\"info@septembremusical.ch\",\"availableLanguage\":[\"French\",\"English\",\"German\"]},{\"@type\":\"ContactPoint\",\"contactType\":\"reservations\",\"telephone\":\"+41 21 962 80 05\",\"email\":\"billetterie@septembremusical.ch\",\"availableLanguage\":[\"French\",\"English\",\"German\"]}],\"address\":{\"@type\":\"PostalAddress\",\"addressCountry\":\"CH\",\"addressRegion\":\"VD\"}}]}<\/script>\n<meta property=\"og:video\" content=\"https:\/\/www.youtube.com\/embed\/mQLBRKfTrwI\" \/>\n<meta property=\"og:video:type\" content=\"text\/html\" \/>\n<meta property=\"og:video:duration\" content=\"15\" \/>\n<meta property=\"og:video:width\" content=\"480\" \/>\n<meta property=\"og:video:height\" content=\"270\" \/>\n<meta property=\"ya:ovs:adult\" content=\"false\" \/>\n<meta property=\"ya:ovs:upload_date\" content=\"2026-02-04T09:43:45+00:00\" \/>\n<meta property=\"ya:ovs:allow_embed\" content=\"true\" \/>\n<!-- \/ Yoast SEO Premium plugin. -->","yoast_head_json":{"title":"Aurora Orchestra: Karneval der Tiere - Septembre Musical","description":"Das Aurora Orchestra pr\u00e4sentiert Saint-Sa\u00ebns' Karneval der Tiere als spektakul\u00e4res Musical mit Frantic Assembly. Ein Familienerlebnis ab 7 Jahren.","robots":{"index":"index","follow":"follow","max-snippet":"max-snippet:-1","max-image-preview":"max-image-preview:large","max-video-preview":"max-video-preview:-1"},"canonical":"https:\/\/www.septembremusical.ch\/de\/programm\/aurora-orchestra-london\/","og_locale":"de_CH","og_type":"article","og_title":"Aurora Orchestra London: Karneval der Tiere - Musiktheater f\u00fcr die ganze Familie","og_description":"Erleben Sie Saint-Sa\u00ebns' Karneval der Tiere wie nie zuvor! Das Aurora Orchestra verwandelt das klassische Werk in ein verr\u00fccktes Musical-Spektakel mit Bewegung, Licht und Theater. Perfect f\u00fcr Familien ab 7 Jahren.","og_url":"https:\/\/www.septembremusical.ch\/de\/programm\/aurora-orchestra-london\/","og_site_name":"Septembre Musical","article_publisher":"https:\/\/www.facebook.com\/septmus\/","article_modified_time":"2026-02-17T13:11:24+00:00","twitter_card":"summary_large_image","twitter_title":"AURORA ORCHESTRA LONDON","schema":{"@context":"https:\/\/schema.org","@graph":[{"@type":"WebPage","@id":"https:\/\/www.septembremusical.ch\/de\/programm\/aurora-orchestra-london\/","url":"https:\/\/www.septembremusical.ch\/de\/programm\/aurora-orchestra-london\/","name":"Aurora Orchestra: Karneval der Tiere - Septembre Musical","isPartOf":{"@id":"https:\/\/www.septembremusical.ch\/de\/#website"},"datePublished":"2026-02-04T09:43:45+00:00","dateModified":"2026-02-17T13:11:24+00:00","description":"Das Aurora Orchestra pr\u00e4sentiert Saint-Sa\u00ebns' Karneval der Tiere als spektakul\u00e4res Musical mit Frantic Assembly. Ein Familienerlebnis ab 7 Jahren.","breadcrumb":{"@id":"https:\/\/www.septembremusical.ch\/de\/programm\/aurora-orchestra-london\/#breadcrumb"},"inLanguage":"de","potentialAction":[{"@type":"ReadAction","target":["https:\/\/www.septembremusical.ch\/de\/programm\/aurora-orchestra-london\/"]}]},{"@type":"BreadcrumbList","@id":"https:\/\/www.septembremusical.ch\/de\/programm\/aurora-orchestra-london\/#breadcrumb","itemListElement":[{"@type":"ListItem","position":1,"name":"Accueil","item":"https:\/\/www.septembremusical.ch\/de\/"},{"@type":"ListItem","position":2,"name":"AURORA ORCHESTRA LONDON"}]},{"@type":"WebSite","@id":"https:\/\/www.septembremusical.ch\/de\/#website","url":"https:\/\/www.septembremusical.ch\/de\/","name":"Septembre Musical - Festival de musique classique en Suisse","description":"","publisher":{"@id":"https:\/\/www.septembremusical.ch\/de\/#organization"},"potentialAction":[{"@type":"SearchAction","target":{"@type":"EntryPoint","urlTemplate":"https:\/\/www.septembremusical.ch\/de\/?s={search_term_string}"},"query-input":{"@type":"PropertyValueSpecification","valueRequired":true,"valueName":"search_term_string"}}],"inLanguage":"de"},{"@type":"Organization","@id":"https:\/\/www.septembremusical.ch\/de\/#organization","name":"Septembre Musical","url":"https:\/\/www.septembremusical.ch\/de\/","logo":{"@type":"ImageObject","inLanguage":"de","@id":"https:\/\/www.septembremusical.ch\/de\/#\/schema\/logo\/image\/","url":"https:\/\/www.septembremusical.ch\/wp-content\/uploads\/2025\/12\/logo.svg","contentUrl":"https:\/\/www.septembremusical.ch\/wp-content\/uploads\/2025\/12\/logo.svg","caption":"Septembre Musical"},"image":{"@id":"https:\/\/www.septembremusical.ch\/de\/#\/schema\/logo\/image\/"},"sameAs":["https:\/\/www.facebook.com\/septmus\/","https:\/\/www.instagram.com\/septembremusical\/","https:\/\/www.linkedin.com\/company\/septembre-musical\/","https:\/\/www.youtube.com\/channel\/UCIMYgBp7KIFi-6TytkeiLEg"],"legalName":"Fondation Septembre Musical Montreux-Vevey","contactPoint":[{"@type":"ContactPoint","contactType":"customer service","telephone":"+41 21 962 80 00","email":"info@septembremusical.ch","availableLanguage":["French","English","German"]},{"@type":"ContactPoint","contactType":"reservations","telephone":"+41 21 962 80 05","email":"billetterie@septembremusical.ch","availableLanguage":["French","English","German"]}],"address":{"@type":"PostalAddress","addressCountry":"CH","addressRegion":"VD"}}]},"og_video":"https:\/\/www.youtube.com\/embed\/mQLBRKfTrwI","og_video_type":"text\/html","og_video_duration":"15","og_video_width":"480","og_video_height":"270","ya_ovs_adult":"false","ya_ovs_upload_date":"2026-02-04T09:43:45+00:00","ya_ovs_allow_embed":"true"},"_links":{"self":[{"href":"https:\/\/www.septembremusical.ch\/de\/wp-json\/wp\/v2\/concerts\/3495","targetHints":{"allow":["GET"]}}],"collection":[{"href":"https:\/\/www.septembremusical.ch\/de\/wp-json\/wp\/v2\/concerts"}],"about":[{"href":"https:\/\/www.septembremusical.ch\/de\/wp-json\/wp\/v2\/types\/concert"}],"version-history":[{"count":0,"href":"https:\/\/www.septembremusical.ch\/de\/wp-json\/wp\/v2\/concerts\/3495\/revisions"}],"wp:attachment":[{"href":"https:\/\/www.septembremusical.ch\/de\/wp-json\/wp\/v2\/media?parent=3495"}],"wp:term":[{"taxonomy":"edition","embeddable":true,"href":"https:\/\/www.septembremusical.ch\/de\/wp-json\/wp\/v2\/edition?post=3495"}],"curies":[{"name":"wp","href":"https:\/\/api.w.org\/{rel}","templated":true}]}}

<div class="the-content"><p>Das Aurora Orchestra setzt Saint-Saëns’ <em>Karneval der Tiere</em> in einem ebenso verrückten wie originellen musikalischen und visuellen Spektakel neu in Szene. Die erstmals in der Schweiz aufgeführte Inszenierung des Theaterensembles Frantic Assembly verbindet ohne Noten gespielte Musik, Bewegung, Bühnenbild und Licht mit einem neuen Text in französischer Sprache. Die Musiker sind Gefangene von Dr. Frompou, doch sie rebellieren und verwandeln jedes Instrument in einen Schauspieler. Eine beeindruckende und atemberaubende Performance – ein Erlebnis für die ganze Familie.</p>
<p><strong>Camille Saint-Saëns</strong> (1835–1921)<br>
<em>Karneval der Tiere</em></p>
<p><strong>Richard Ayres</strong> (*1965)<br>
<em>Dr Frompou’s Anatomical Study of an Orchestra</em></p>
<p>Altersempfehlung: ab 7 Jahren<br>
Abendkasse und Akkreditierungen: 1 Stunde vor Konzertbeginn.<br>
Konzertdauer: ca. 75 Minuten<br>
Keine Pause.</p>
<p><strong>PREISE (CHF)</strong><br>
Kat. A: 69.– | Kat. B: 59.– | Kat. C: 49.-<br>
Jugendliche/Studierende/Lernende: 10.–</p>
</div>

<!-- This site is optimized with the Yoast SEO Premium plugin v28.4 (Yoast SEO v28.4) - https://yoast.com/product/yoast-seo-premium-wordpress/ -->
<title>Aurora Orchestra: Karneval der Tiere - Septembre Musical</title>
<meta name="description" content="Das Aurora Orchestra präsentiert Saint-Saëns&#039; Karneval der Tiere als spektakuläres Musical mit Frantic Assembly. Ein Familienerlebnis ab 7 Jahren." />
<meta name="robots" content="index, follow, max-snippet:-1, max-image-preview:large, max-video-preview:-1" />
<link rel="canonical" href="https://www.septembremusical.ch/de/programm/aurora-orchestra-london/" />
<meta property="og:locale" content="de_CH" />
<meta property="og:type" content="article" />
<meta property="og:title" content="Aurora Orchestra London: Karneval der Tiere - Musiktheater für die ganze Familie" />
<meta property="og:description" content="Erleben Sie Saint-Saëns&#039; Karneval der Tiere wie nie zuvor! Das Aurora Orchestra verwandelt das klassische Werk in ein verrücktes Musical-Spektakel mit Bewegung, Licht und Theater. Perfect für Familien ab 7 Jahren." />
<meta property="og:url" content="https://www.septembremusical.ch/de/programm/aurora-orchestra-london/" />
<meta property="og:site_name" content="Septembre Musical" />
<meta property="article:publisher" content="https://www.facebook.com/septmus/" />
<meta property="article:modified_time" content="2026-02-17T13:11:24+00:00" />
<meta name="twitter:card" content="summary_large_image" />
<meta name="twitter:title" content="AURORA ORCHESTRA LONDON" />
<script type="application/ld+json" class="yoast-schema-graph">{"@context":"https:\/\/schema.org","@graph":[{"@type":"WebPage","@id":"https:\/\/www.septembremusical.ch\/de\/programm\/aurora-orchestra-london\/","url":"https:\/\/www.septembremusical.ch\/de\/programm\/aurora-orchestra-london\/","name":"Aurora Orchestra: Karneval der Tiere - Septembre Musical","isPartOf":{"@id":"https:\/\/www.septembremusical.ch\/de\/#website"},"datePublished":"2026-02-04T09:43:45+00:00","dateModified":"2026-02-17T13:11:24+00:00","description":"Das Aurora Orchestra präsentiert Saint-Saëns' Karneval der Tiere als spektakuläres Musical mit Frantic Assembly. Ein Familienerlebnis ab 7 Jahren.","breadcrumb":{"@id":"https:\/\/www.septembremusical.ch\/de\/programm\/aurora-orchestra-london\/#breadcrumb"},"inLanguage":"de","potentialAction":[{"@type":"ReadAction","target":["https:\/\/www.septembremusical.ch\/de\/programm\/aurora-orchestra-london\/"]}]},{"@type":"BreadcrumbList","@id":"https:\/\/www.septembremusical.ch\/de\/programm\/aurora-orchestra-london\/#breadcrumb","itemListElement":[{"@type":"ListItem","position":1,"name":"Accueil","item":"https:\/\/www.septembremusical.ch\/de\/"},{"@type":"ListItem","position":2,"name":"AURORA ORCHESTRA LONDON"}]},{"@type":"WebSite","@id":"https:\/\/www.septembremusical.ch\/de\/#website","url":"https:\/\/www.septembremusical.ch\/de\/","name":"Septembre Musical - Festival de musique classique en Suisse","description":"","publisher":{"@id":"https:\/\/www.septembremusical.ch\/de\/#organization"},"potentialAction":[{"@type":"SearchAction","target":{"@type":"EntryPoint","urlTemplate":"https:\/\/www.septembremusical.ch\/de\/?s={search_term_string}"},"query-input":{"@type":"PropertyValueSpecification","valueRequired":true,"valueName":"search_term_string"}}],"inLanguage":"de"},{"@type":"Organization","@id":"https:\/\/www.septembremusical.ch\/de\/#organization","name":"Septembre Musical","url":"https:\/\/www.septembremusical.ch\/de\/","logo":{"@type":"ImageObject","inLanguage":"de","@id":"https:\/\/www.septembremusical.ch\/de\/#\/schema\/logo\/image\/","url":"https:\/\/www.septembremusical.ch\/wp-content\/uploads\/2025\/12\/logo.svg","contentUrl":"https:\/\/www.septembremusical.ch\/wp-content\/uploads\/2025\/12\/logo.svg","caption":"Septembre Musical"},"image":{"@id":"https:\/\/www.septembremusical.ch\/de\/#\/schema\/logo\/image\/"},"sameAs":["https:\/\/www.facebook.com\/septmus\/","https:\/\/www.instagram.com\/septembremusical\/","https:\/\/www.linkedin.com\/company\/septembre-musical\/","https:\/\/www.youtube.com\/channel\/UCIMYgBp7KIFi-6TytkeiLEg"],"legalName":"Fondation Septembre Musical Montreux-Vevey","contactPoint":[{"@type":"ContactPoint","contactType":"customer service","telephone":"+41 21 962 80 00","email":"info@septembremusical.ch","availableLanguage":["French","English","German"]},{"@type":"ContactPoint","contactType":"reservations","telephone":"+41 21 962 80 05","email":"billetterie@septembremusical.ch","availableLanguage":["French","English","German"]}],"address":{"@type":"PostalAddress","addressCountry":"CH","addressRegion":"VD"}}]}</script>
<meta property="og:video" content="https://www.youtube.com/embed/mQLBRKfTrwI" />
<meta property="og:video:type" content="text/html" />
<meta property="og:video:duration" content="15" />
<meta property="og:video:width" content="480" />
<meta property="og:video:height" content="270" />
<meta property="ya:ovs:adult" content="false" />
<meta property="ya:ovs:upload_date" content="2026-02-04T09:43:45+00:00" />
<meta property="ya:ovs:allow_embed" content="true" />
<!-- / Yoast SEO Premium plugin. -->

Das Aurora Orchestra präsentiert Saint-Saëns' Karneval der Tiere als spektakuläres Musical mit Frantic Assembly. Ein Familienerlebnis ab 7 Jahren.

Aurora Orchestra London: Karneval der Tiere - Musiktheater für die ganze Familie

Erleben Sie Saint-Saëns' Karneval der Tiere wie nie zuvor! Das Aurora Orchestra verwandelt das klassische Werk in ein verrücktes Musical-Spektakel mit Bewegung, Licht und Theater. Perfect für Familien ab 7 Jahren.
