{"id":3490,"date":"2026-02-04T11:21:23","date_gmt":"2026-02-04T10:21:23","guid":{"rendered":"https:\/\/www.septembremusical.ch\/programme\/jaemin-han-alexander-malofeev\/"},"modified":"2026-02-17T13:59:41","modified_gmt":"2026-02-17T12:59:41","slug":"jaemin-han-alexander-malofeev","status":"publish","type":"concert","link":"https:\/\/www.septembremusical.ch\/de\/programm\/jaemin-han-alexander-malofeev\/","title":{"rendered":"JAEMIN HAN &#038; ALEXANDER MALOFEEV"},"content":{"rendered":"<div class=\"the-content\"><p>Im eleganten Rahmen des Grand H\u00f4tel du Lac in Vevey empf\u00e4ngt das Septembre Musical zwei neue Sterne am Firmament der klassischen Musik: Jaemin Han, Cello-Wunderkind und j\u00fcngster Preistr\u00e4ger des George-Enescu-Wettbewerbs, und Alexander Malofeev, einer der bekanntesten Pianisten seiner Generation. Jugendliches Genie zollt hier dem Repertoire der Grossen Tribut und spielt Meisterwerke von Franck, Glasunow und Prokofjew.<\/p>\n<p><strong>C\u00e9sar Franck<\/strong>\u00a0(1822\u20131890)<br>\nSonate f\u00fcr Violine und Klavier A-Dur FWV 8 (Fassung f\u00fcr Violoncello und Klavier)<br>\n<strong>Alexander Glasunow<\/strong>\u00a0(1865\u20131936)<br>\n<em>Chant du m\u00e9nestrel<\/em>, op. 71<br>\n<strong>Sergej Prokofjew<\/strong>\u00a0(1891\u20131953)<br>\nSonate f\u00fcr Violoncello und Klavier in c-Moll, op. 119<\/p>\n<p>Abendkasse und Akkreditierungen: 1 Stunde vor Konzertbeginn.<br>\nDauer des Konzerts: ca. 1,5 Stunden.<br>\nKeine Pause.<\/p>\n<p><strong>PREISE (CHF)<\/strong><br>\nEinzelkategorie: 59.-<br>\nJugendliche\/Studierende\/Lernende: 10.\u2013<br>\nFreie Platzwahl<\/p>\n<\/div>","protected":false},"template":"","edition":[74],"class_list":["post-3490","concert","type-concert","status-publish","hentry","edition-74"],"acf":[],"yoast_head":"<!-- This site is optimized with the Yoast SEO Premium plugin v28.4 (Yoast SEO v28.4) - https:\/\/yoast.com\/product\/yoast-seo-premium-wordpress\/ -->\n<title>Jaemin Han &amp; Alexander Malofeev Konzert - Septembre Musical<\/title>\n<meta name=\"description\" content=\"Erleben Sie Cello-Wunderkind Jaemin Han und Star-Pianist Alexander Malofeev im Grand H\u00f4tel du Lac Vevey mit Werken von Franck, Glasunow und Prokofjew.\" \/>\n<meta name=\"robots\" content=\"index, follow, max-snippet:-1, max-image-preview:large, max-video-preview:-1\" \/>\n<link rel=\"canonical\" href=\"https:\/\/www.septembremusical.ch\/de\/programm\/jaemin-han-alexander-malofeev\/\" \/>\n<meta property=\"og:locale\" content=\"de_CH\" \/>\n<meta property=\"og:type\" content=\"article\" \/>\n<meta property=\"og:title\" content=\"Zwei Musikgenies live: Jaemin Han &amp; Alexander Malofeev in Vevey\" \/>\n<meta property=\"og:description\" content=\"Das Cello-Wunderkind Jaemin Han und der renommierte Pianist Alexander Malofeev verzaubern mit Meisterwerken von Franck, Glasunow und Prokofjew im eleganten Ambiente des Grand H\u00f4tel du Lac.\" \/>\n<meta property=\"og:url\" content=\"https:\/\/www.septembremusical.ch\/de\/programm\/jaemin-han-alexander-malofeev\/\" \/>\n<meta property=\"og:site_name\" content=\"Septembre Musical\" \/>\n<meta property=\"article:publisher\" content=\"https:\/\/www.facebook.com\/septmus\/\" \/>\n<meta property=\"article:modified_time\" content=\"2026-02-17T12:59:41+00:00\" \/>\n<meta name=\"twitter:card\" content=\"summary_large_image\" \/>\n<meta name=\"twitter:title\" content=\"JAEMIN HAN &amp; ALEXANDER MALOFEEV\" \/>\n<script type=\"application\/ld+json\" class=\"yoast-schema-graph\">{\"@context\":\"https:\\\/\\\/schema.org\",\"@graph\":[{\"@type\":\"WebPage\",\"@id\":\"https:\\\/\\\/www.septembremusical.ch\\\/de\\\/programm\\\/jaemin-han-alexander-malofeev\\\/\",\"url\":\"https:\\\/\\\/www.septembremusical.ch\\\/de\\\/programm\\\/jaemin-han-alexander-malofeev\\\/\",\"name\":\"Jaemin Han & Alexander Malofeev Konzert - Septembre Musical\",\"isPartOf\":{\"@id\":\"https:\\\/\\\/www.septembremusical.ch\\\/de\\\/#website\"},\"datePublished\":\"2026-02-04T10:21:23+00:00\",\"dateModified\":\"2026-02-17T12:59:41+00:00\",\"description\":\"Erleben Sie Cello-Wunderkind Jaemin Han und Star-Pianist Alexander Malofeev im Grand H\u00f4tel du Lac Vevey mit Werken von Franck, Glasunow und Prokofjew.\",\"breadcrumb\":{\"@id\":\"https:\\\/\\\/www.septembremusical.ch\\\/de\\\/programm\\\/jaemin-han-alexander-malofeev\\\/#breadcrumb\"},\"inLanguage\":\"de\",\"potentialAction\":[{\"@type\":\"ReadAction\",\"target\":[\"https:\\\/\\\/www.septembremusical.ch\\\/de\\\/programm\\\/jaemin-han-alexander-malofeev\\\/\"]}]},{\"@type\":\"BreadcrumbList\",\"@id\":\"https:\\\/\\\/www.septembremusical.ch\\\/de\\\/programm\\\/jaemin-han-alexander-malofeev\\\/#breadcrumb\",\"itemListElement\":[{\"@type\":\"ListItem\",\"position\":1,\"name\":\"Accueil\",\"item\":\"https:\\\/\\\/www.septembremusical.ch\\\/de\\\/\"},{\"@type\":\"ListItem\",\"position\":2,\"name\":\"JAEMIN HAN &#038; ALEXANDER MALOFEEV\"}]},{\"@type\":\"WebSite\",\"@id\":\"https:\\\/\\\/www.septembremusical.ch\\\/de\\\/#website\",\"url\":\"https:\\\/\\\/www.septembremusical.ch\\\/de\\\/\",\"name\":\"Septembre Musical - Festival de musique classique en Suisse\",\"description\":\"\",\"publisher\":{\"@id\":\"https:\\\/\\\/www.septembremusical.ch\\\/de\\\/#organization\"},\"potentialAction\":[{\"@type\":\"SearchAction\",\"target\":{\"@type\":\"EntryPoint\",\"urlTemplate\":\"https:\\\/\\\/www.septembremusical.ch\\\/de\\\/?s={search_term_string}\"},\"query-input\":{\"@type\":\"PropertyValueSpecification\",\"valueRequired\":true,\"valueName\":\"search_term_string\"}}],\"inLanguage\":\"de\"},{\"@type\":\"Organization\",\"@id\":\"https:\\\/\\\/www.septembremusical.ch\\\/de\\\/#organization\",\"name\":\"Septembre Musical\",\"url\":\"https:\\\/\\\/www.septembremusical.ch\\\/de\\\/\",\"logo\":{\"@type\":\"ImageObject\",\"inLanguage\":\"de\",\"@id\":\"https:\\\/\\\/www.septembremusical.ch\\\/de\\\/#\\\/schema\\\/logo\\\/image\\\/\",\"url\":\"https:\\\/\\\/www.septembremusical.ch\\\/wp-content\\\/uploads\\\/2025\\\/12\\\/logo.svg\",\"contentUrl\":\"https:\\\/\\\/www.septembremusical.ch\\\/wp-content\\\/uploads\\\/2025\\\/12\\\/logo.svg\",\"caption\":\"Septembre Musical\"},\"image\":{\"@id\":\"https:\\\/\\\/www.septembremusical.ch\\\/de\\\/#\\\/schema\\\/logo\\\/image\\\/\"},\"sameAs\":[\"https:\\\/\\\/www.facebook.com\\\/septmus\\\/\",\"https:\\\/\\\/www.instagram.com\\\/septembremusical\\\/\",\"https:\\\/\\\/www.linkedin.com\\\/company\\\/septembre-musical\\\/\",\"https:\\\/\\\/www.youtube.com\\\/channel\\\/UCIMYgBp7KIFi-6TytkeiLEg\"],\"legalName\":\"Fondation Septembre Musical Montreux-Vevey\",\"contactPoint\":[{\"@type\":\"ContactPoint\",\"contactType\":\"customer service\",\"telephone\":\"+41 21 962 80 00\",\"email\":\"info@septembremusical.ch\",\"availableLanguage\":[\"French\",\"English\",\"German\"]},{\"@type\":\"ContactPoint\",\"contactType\":\"reservations\",\"telephone\":\"+41 21 962 80 05\",\"email\":\"billetterie@septembremusical.ch\",\"availableLanguage\":[\"French\",\"English\",\"German\"]}],\"address\":{\"@type\":\"PostalAddress\",\"addressCountry\":\"CH\",\"addressRegion\":\"VD\"}}]}<\/script>\n<meta property=\"og:video\" content=\"https:\/\/www.youtube.com\/embed\/abYceVJHt3E\" \/>\n<meta property=\"og:video:type\" content=\"text\/html\" \/>\n<meta property=\"og:video:duration\" content=\"16\" \/>\n<meta property=\"og:video:width\" content=\"480\" \/>\n<meta property=\"og:video:height\" content=\"270\" \/>\n<meta property=\"ya:ovs:adult\" content=\"false\" \/>\n<meta property=\"ya:ovs:upload_date\" content=\"2026-02-04T10:21:23+00:00\" \/>\n<meta property=\"ya:ovs:allow_embed\" content=\"true\" \/>\n<!-- \/ Yoast SEO Premium plugin. -->","yoast_head_json":{"title":"Jaemin Han & Alexander Malofeev Konzert - Septembre Musical","description":"Erleben Sie Cello-Wunderkind Jaemin Han und Star-Pianist Alexander Malofeev im Grand H\u00f4tel du Lac Vevey mit Werken von Franck, Glasunow und Prokofjew.","robots":{"index":"index","follow":"follow","max-snippet":"max-snippet:-1","max-image-preview":"max-image-preview:large","max-video-preview":"max-video-preview:-1"},"canonical":"https:\/\/www.septembremusical.ch\/de\/programm\/jaemin-han-alexander-malofeev\/","og_locale":"de_CH","og_type":"article","og_title":"Zwei Musikgenies live: Jaemin Han & Alexander Malofeev in Vevey","og_description":"Das Cello-Wunderkind Jaemin Han und der renommierte Pianist Alexander Malofeev verzaubern mit Meisterwerken von Franck, Glasunow und Prokofjew im eleganten Ambiente des Grand H\u00f4tel du Lac.","og_url":"https:\/\/www.septembremusical.ch\/de\/programm\/jaemin-han-alexander-malofeev\/","og_site_name":"Septembre Musical","article_publisher":"https:\/\/www.facebook.com\/septmus\/","article_modified_time":"2026-02-17T12:59:41+00:00","twitter_card":"summary_large_image","twitter_title":"JAEMIN HAN & ALEXANDER MALOFEEV","schema":{"@context":"https:\/\/schema.org","@graph":[{"@type":"WebPage","@id":"https:\/\/www.septembremusical.ch\/de\/programm\/jaemin-han-alexander-malofeev\/","url":"https:\/\/www.septembremusical.ch\/de\/programm\/jaemin-han-alexander-malofeev\/","name":"Jaemin Han & Alexander Malofeev Konzert - Septembre Musical","isPartOf":{"@id":"https:\/\/www.septembremusical.ch\/de\/#website"},"datePublished":"2026-02-04T10:21:23+00:00","dateModified":"2026-02-17T12:59:41+00:00","description":"Erleben Sie Cello-Wunderkind Jaemin Han und Star-Pianist Alexander Malofeev im Grand H\u00f4tel du Lac Vevey mit Werken von Franck, Glasunow und Prokofjew.","breadcrumb":{"@id":"https:\/\/www.septembremusical.ch\/de\/programm\/jaemin-han-alexander-malofeev\/#breadcrumb"},"inLanguage":"de","potentialAction":[{"@type":"ReadAction","target":["https:\/\/www.septembremusical.ch\/de\/programm\/jaemin-han-alexander-malofeev\/"]}]},{"@type":"BreadcrumbList","@id":"https:\/\/www.septembremusical.ch\/de\/programm\/jaemin-han-alexander-malofeev\/#breadcrumb","itemListElement":[{"@type":"ListItem","position":1,"name":"Accueil","item":"https:\/\/www.septembremusical.ch\/de\/"},{"@type":"ListItem","position":2,"name":"JAEMIN HAN &#038; ALEXANDER MALOFEEV"}]},{"@type":"WebSite","@id":"https:\/\/www.septembremusical.ch\/de\/#website","url":"https:\/\/www.septembremusical.ch\/de\/","name":"Septembre Musical - Festival de musique classique en Suisse","description":"","publisher":{"@id":"https:\/\/www.septembremusical.ch\/de\/#organization"},"potentialAction":[{"@type":"SearchAction","target":{"@type":"EntryPoint","urlTemplate":"https:\/\/www.septembremusical.ch\/de\/?s={search_term_string}"},"query-input":{"@type":"PropertyValueSpecification","valueRequired":true,"valueName":"search_term_string"}}],"inLanguage":"de"},{"@type":"Organization","@id":"https:\/\/www.septembremusical.ch\/de\/#organization","name":"Septembre Musical","url":"https:\/\/www.septembremusical.ch\/de\/","logo":{"@type":"ImageObject","inLanguage":"de","@id":"https:\/\/www.septembremusical.ch\/de\/#\/schema\/logo\/image\/","url":"https:\/\/www.septembremusical.ch\/wp-content\/uploads\/2025\/12\/logo.svg","contentUrl":"https:\/\/www.septembremusical.ch\/wp-content\/uploads\/2025\/12\/logo.svg","caption":"Septembre Musical"},"image":{"@id":"https:\/\/www.septembremusical.ch\/de\/#\/schema\/logo\/image\/"},"sameAs":["https:\/\/www.facebook.com\/septmus\/","https:\/\/www.instagram.com\/septembremusical\/","https:\/\/www.linkedin.com\/company\/septembre-musical\/","https:\/\/www.youtube.com\/channel\/UCIMYgBp7KIFi-6TytkeiLEg"],"legalName":"Fondation Septembre Musical Montreux-Vevey","contactPoint":[{"@type":"ContactPoint","contactType":"customer service","telephone":"+41 21 962 80 00","email":"info@septembremusical.ch","availableLanguage":["French","English","German"]},{"@type":"ContactPoint","contactType":"reservations","telephone":"+41 21 962 80 05","email":"billetterie@septembremusical.ch","availableLanguage":["French","English","German"]}],"address":{"@type":"PostalAddress","addressCountry":"CH","addressRegion":"VD"}}]},"og_video":"https:\/\/www.youtube.com\/embed\/abYceVJHt3E","og_video_type":"text\/html","og_video_duration":"16","og_video_width":"480","og_video_height":"270","ya_ovs_adult":"false","ya_ovs_upload_date":"2026-02-04T10:21:23+00:00","ya_ovs_allow_embed":"true"},"_links":{"self":[{"href":"https:\/\/www.septembremusical.ch\/de\/wp-json\/wp\/v2\/concerts\/3490","targetHints":{"allow":["GET"]}}],"collection":[{"href":"https:\/\/www.septembremusical.ch\/de\/wp-json\/wp\/v2\/concerts"}],"about":[{"href":"https:\/\/www.septembremusical.ch\/de\/wp-json\/wp\/v2\/types\/concert"}],"version-history":[{"count":0,"href":"https:\/\/www.septembremusical.ch\/de\/wp-json\/wp\/v2\/concerts\/3490\/revisions"}],"wp:attachment":[{"href":"https:\/\/www.septembremusical.ch\/de\/wp-json\/wp\/v2\/media?parent=3490"}],"wp:term":[{"taxonomy":"edition","embeddable":true,"href":"https:\/\/www.septembremusical.ch\/de\/wp-json\/wp\/v2\/edition?post=3490"}],"curies":[{"name":"wp","href":"https:\/\/api.w.org\/{rel}","templated":true}]}}

<div class="the-content"><p>Im eleganten Rahmen des Grand Hôtel du Lac in Vevey empfängt das Septembre Musical zwei neue Sterne am Firmament der klassischen Musik: Jaemin Han, Cello-Wunderkind und jüngster Preisträger des George-Enescu-Wettbewerbs, und Alexander Malofeev, einer der bekanntesten Pianisten seiner Generation. Jugendliches Genie zollt hier dem Repertoire der Grossen Tribut und spielt Meisterwerke von Franck, Glasunow und Prokofjew.</p>
<p><strong>César Franck</strong> (1822–1890)<br>
Sonate für Violine und Klavier A-Dur FWV 8 (Fassung für Violoncello und Klavier)<br>
<strong>Alexander Glasunow</strong> (1865–1936)<br>
<em>Chant du ménestrel</em>, op. 71<br>
<strong>Sergej Prokofjew</strong> (1891–1953)<br>
Sonate für Violoncello und Klavier in c-Moll, op. 119</p>
<p>Abendkasse und Akkreditierungen: 1 Stunde vor Konzertbeginn.<br>
Dauer des Konzerts: ca. 1,5 Stunden.<br>
Keine Pause.</p>
<p><strong>PREISE (CHF)</strong><br>
Einzelkategorie: 59.-<br>
Jugendliche/Studierende/Lernende: 10.–<br>
Freie Platzwahl</p>
</div>

<!-- This site is optimized with the Yoast SEO Premium plugin v28.4 (Yoast SEO v28.4) - https://yoast.com/product/yoast-seo-premium-wordpress/ -->
<title>Jaemin Han &amp; Alexander Malofeev Konzert - Septembre Musical</title>
<meta name="description" content="Erleben Sie Cello-Wunderkind Jaemin Han und Star-Pianist Alexander Malofeev im Grand Hôtel du Lac Vevey mit Werken von Franck, Glasunow und Prokofjew." />
<meta name="robots" content="index, follow, max-snippet:-1, max-image-preview:large, max-video-preview:-1" />
<link rel="canonical" href="https://www.septembremusical.ch/de/programm/jaemin-han-alexander-malofeev/" />
<meta property="og:locale" content="de_CH" />
<meta property="og:type" content="article" />
<meta property="og:title" content="Zwei Musikgenies live: Jaemin Han &amp; Alexander Malofeev in Vevey" />
<meta property="og:description" content="Das Cello-Wunderkind Jaemin Han und der renommierte Pianist Alexander Malofeev verzaubern mit Meisterwerken von Franck, Glasunow und Prokofjew im eleganten Ambiente des Grand Hôtel du Lac." />
<meta property="og:url" content="https://www.septembremusical.ch/de/programm/jaemin-han-alexander-malofeev/" />
<meta property="og:site_name" content="Septembre Musical" />
<meta property="article:publisher" content="https://www.facebook.com/septmus/" />
<meta property="article:modified_time" content="2026-02-17T12:59:41+00:00" />
<meta name="twitter:card" content="summary_large_image" />
<meta name="twitter:title" content="JAEMIN HAN &amp; ALEXANDER MALOFEEV" />
<script type="application/ld+json" class="yoast-schema-graph">{"@context":"https:\/\/schema.org","@graph":[{"@type":"WebPage","@id":"https:\/\/www.septembremusical.ch\/de\/programm\/jaemin-han-alexander-malofeev\/","url":"https:\/\/www.septembremusical.ch\/de\/programm\/jaemin-han-alexander-malofeev\/","name":"Jaemin Han & Alexander Malofeev Konzert - Septembre Musical","isPartOf":{"@id":"https:\/\/www.septembremusical.ch\/de\/#website"},"datePublished":"2026-02-04T10:21:23+00:00","dateModified":"2026-02-17T12:59:41+00:00","description":"Erleben Sie Cello-Wunderkind Jaemin Han und Star-Pianist Alexander Malofeev im Grand Hôtel du Lac Vevey mit Werken von Franck, Glasunow und Prokofjew.","breadcrumb":{"@id":"https:\/\/www.septembremusical.ch\/de\/programm\/jaemin-han-alexander-malofeev\/#breadcrumb"},"inLanguage":"de","potentialAction":[{"@type":"ReadAction","target":["https:\/\/www.septembremusical.ch\/de\/programm\/jaemin-han-alexander-malofeev\/"]}]},{"@type":"BreadcrumbList","@id":"https:\/\/www.septembremusical.ch\/de\/programm\/jaemin-han-alexander-malofeev\/#breadcrumb","itemListElement":[{"@type":"ListItem","position":1,"name":"Accueil","item":"https:\/\/www.septembremusical.ch\/de\/"},{"@type":"ListItem","position":2,"name":"JAEMIN HAN &#038; ALEXANDER MALOFEEV"}]},{"@type":"WebSite","@id":"https:\/\/www.septembremusical.ch\/de\/#website","url":"https:\/\/www.septembremusical.ch\/de\/","name":"Septembre Musical - Festival de musique classique en Suisse","description":"","publisher":{"@id":"https:\/\/www.septembremusical.ch\/de\/#organization"},"potentialAction":[{"@type":"SearchAction","target":{"@type":"EntryPoint","urlTemplate":"https:\/\/www.septembremusical.ch\/de\/?s={search_term_string}"},"query-input":{"@type":"PropertyValueSpecification","valueRequired":true,"valueName":"search_term_string"}}],"inLanguage":"de"},{"@type":"Organization","@id":"https:\/\/www.septembremusical.ch\/de\/#organization","name":"Septembre Musical","url":"https:\/\/www.septembremusical.ch\/de\/","logo":{"@type":"ImageObject","inLanguage":"de","@id":"https:\/\/www.septembremusical.ch\/de\/#\/schema\/logo\/image\/","url":"https:\/\/www.septembremusical.ch\/wp-content\/uploads\/2025\/12\/logo.svg","contentUrl":"https:\/\/www.septembremusical.ch\/wp-content\/uploads\/2025\/12\/logo.svg","caption":"Septembre Musical"},"image":{"@id":"https:\/\/www.septembremusical.ch\/de\/#\/schema\/logo\/image\/"},"sameAs":["https:\/\/www.facebook.com\/septmus\/","https:\/\/www.instagram.com\/septembremusical\/","https:\/\/www.linkedin.com\/company\/septembre-musical\/","https:\/\/www.youtube.com\/channel\/UCIMYgBp7KIFi-6TytkeiLEg"],"legalName":"Fondation Septembre Musical Montreux-Vevey","contactPoint":[{"@type":"ContactPoint","contactType":"customer service","telephone":"+41 21 962 80 00","email":"info@septembremusical.ch","availableLanguage":["French","English","German"]},{"@type":"ContactPoint","contactType":"reservations","telephone":"+41 21 962 80 05","email":"billetterie@septembremusical.ch","availableLanguage":["French","English","German"]}],"address":{"@type":"PostalAddress","addressCountry":"CH","addressRegion":"VD"}}]}</script>
<meta property="og:video" content="https://www.youtube.com/embed/abYceVJHt3E" />
<meta property="og:video:type" content="text/html" />
<meta property="og:video:duration" content="16" />
<meta property="og:video:width" content="480" />
<meta property="og:video:height" content="270" />
<meta property="ya:ovs:adult" content="false" />
<meta property="ya:ovs:upload_date" content="2026-02-04T10:21:23+00:00" />
<meta property="ya:ovs:allow_embed" content="true" />
<!-- / Yoast SEO Premium plugin. -->

Erleben Sie Cello-Wunderkind Jaemin Han und Star-Pianist Alexander Malofeev im Grand Hôtel du Lac Vevey mit Werken von Franck, Glasunow und Prokofjew.

Das Cello-Wunderkind Jaemin Han und der renommierte Pianist Alexander Malofeev verzaubern mit Meisterwerken von Franck, Glasunow und Prokofjew im eleganten Ambiente des Grand Hôtel du Lac.
